{"id":711748,"date":"2025-08-27T16:49:00","date_gmt":"2025-08-27T13:49:00","guid":{"rendered":"https:\/\/roveyayinevi.com.tr\/index.php\/urun\/camur-ter-ve-gozyasi\/"},"modified":"2026-04-16T02:20:30","modified_gmt":"2026-04-15T23:20:30","slug":"camur-ter-ve-gozyasi","status":"publish","type":"product","link":"https:\/\/roveyayinevi.com.tr\/index.php\/urun\/camur-ter-ve-gozyasi\/","title":{"rendered":"\u00c7amur Ter ve G\u00f6zya\u015f\u0131"},"content":{"rendered":"<p>Efsane maceraperest Bear Grylls\u2019in d\u00fcnya \u00e7ap\u0131nda #1 numaral\u0131 Bestseller Otobiyografisi nihayet T\u00fcrk\u00e7ede!Bear Grylls\u2019in esrarengiz hayat hik\u00e2yesi elbette bir tesad\u00fcften ibaret de\u011fildi.\u00dcniversiteden ayr\u0131ld\u0131ktan sonra orduya kat\u0131lmak i\u00e7in Himalayalar\u2019da aylarca zorlu y\u00fcr\u00fcy\u00fc\u015fler yapt\u0131. \u0130ngiltere\u2019ye d\u00f6n\u00fcp \u00d6zel Kuvvetler\u2019e se\u00e7ilmeyi akl\u0131na koydu\u011fundaysa \u00e7etin s\u0131navlardan, pes etmenin e\u015fi\u011fine gelmelerden sonra ekibe d\u00e2hil olarak burada \u00fc\u00e7 y\u0131l hizmet etti. Ta ki serbest atlama yapt\u0131\u011f\u0131 bir g\u00fcn para\u015f\u00fct\u00fcyle yere \u00e7ak\u0131lana kadar\u2026 S\u0131rt\u0131n\u0131n \u00e7e\u015fitli yerlerinde pek \u00e7ok k\u0131r\u0131k vard\u0131. Hayat\u0131n\u0131n bundan sonraki k\u0131sm\u0131nda y\u00fcr\u00fcyebilece\u011fine bile imk\u00e2ns\u0131z g\u00f6z\u00fcyle bak\u0131l\u0131yordu.Ama onu cesaretlenen bir hayali her zaman vard\u0131. Bu sefer de \u00e7ocukluk hayali Everest\u2019e t\u0131rmanma d\u00fc\u015f\u00fcncesiyle yan\u0131p tutu\u015farak uzun bir rehabilitasyon s\u00fcrecinden sonra imk\u00e2ns\u0131z\u0131 ba\u015fard\u0131. 26 May\u0131s 1998\u2019de saat 7.22\u2019de Bear, Everest\u2019e ba\u015far\u0131yla t\u0131rman\u0131p hayatta kalm\u0131\u015f en gen\u00e7 Britanyal\u0131 olarak Guinness Rekorlar Kitab\u0131\u2019na girdi. Yaln\u0131zca yirmi \u00fc\u00e7 ya\u015f\u0131ndayd\u0131 ve bu, onun a\u015f\u0131r\u0131 maceraperest hayat\u0131n\u0131n sadece ba\u015flang\u0131c\u0131yd\u0131.\u00c7amur, Ter ve G\u00f6zya\u015f\u0131; s\u0131radan bir insanken d\u00fcnyaca \u00fcnl\u00fc bir macerapereste ve kitaplar\u0131 29 dile \u00e7evrilen, \u00e7ok satan bir yazara d\u00f6n\u00fc\u015fen hayat\u0131n\u0131n aksiyon dolu hik\u00e2yesi&#8230; Adrenalin ba\u011f\u0131ml\u0131lar\u0131n\u0131n mutlaka okumas\u0131 gereken bir kitap\u2026\u201cD\u00fcnyaca \u00fcnl\u00fc maceraperest Bear Grylls hayat hik\u00e2yesini anlatmaktan ka\u00e7\u0131n\u0131yordu -ta ki bug\u00fcne kadar! Ak\u0131c\u0131 \u00fcslubu, tamamen ki\u015fisel detaylarla bezeli merak uyand\u0131ran anekdotlar\u0131, tempolu ak\u0131\u015f\u0131 ve ku\u015fkusuz t\u00fcm b\u00fcy\u00fcleyicili\u011fiyle tam bir okuma keyfi&#8230;\u201d-Daily Telegraph- <\/p>\n","protected":false},"excerpt":{"rendered":"<p>Efsane maceraperest Bear Grylls\u2019in d\u00fcnya \u00e7ap\u0131nda #1 numaral\u0131 Bestseller Otobiyografisi nihayet T\u00fcrk\u00e7ede!Bear Grylls\u2019in esrarengiz hayat hik\u00e2yesi elbette bir tesad\u00fcften ibaret de\u011fildi.\u00dcniversiteden ayr\u0131ld\u0131ktan sonra orduya kat\u0131lmak i\u00e7in<span class=\"excerpt-hellip\"> [\u2026]<\/span><\/p>\n","protected":false},"featured_media":0,"template":"","meta":{"_monsterinsights_skip_tracking":false,"_monsterinsights_sitenote_active":false,"_monsterinsights_sitenote_note":"","_monsterinsights_sitenote_category":0},"product_brand":[],"product_cat":[14009,12291],"product_tag":[],"class_list":{"0":"post-711748","1":"product","2":"type-product","3":"status-publish","5":"product_cat-biyografi-otobiyografi-edebiyat","6":"product_cat-edebiyat","7":"pa_cilt-ciltsiz","8":"pa_tur-kitap","9":"pa_yayinevi-portakal-kitap","10":"pa_yazar-bear-grylls","12":"first","13":"instock","14":"sale","15":"shipping-taxable","16":"purchasable","17":"product-type-simple"},"_links":{"self":[{"href":"https:\/\/roveyayinevi.com.tr\/index.php\/wp-json\/wp\/v2\/product\/711748","targetHints":{"allow":["GET"]}}],"collection":[{"href":"https:\/\/roveyayinevi.com.tr\/index.php\/wp-json\/wp\/v2\/product"}],"about":[{"href":"https:\/\/roveyayinevi.com.tr\/index.php\/wp-json\/wp\/v2\/types\/product"}],"wp:attachment":[{"href":"https:\/\/roveyayinevi.com.tr\/index.php\/wp-json\/wp\/v2\/media?parent=711748"}],"wp:term":[{"taxonomy":"product_brand","embeddable":true,"href":"https:\/\/roveyayinevi.com.tr\/index.php\/wp-json\/wp\/v2\/product_brand?post=711748"},{"taxonomy":"product_cat","embeddable":true,"href":"https:\/\/roveyayinevi.com.tr\/index.php\/wp-json\/wp\/v2\/product_cat?post=711748"},{"taxonomy":"product_tag","embeddable":true,"href":"https:\/\/roveyayinevi.com.tr\/index.php\/wp-json\/wp\/v2\/product_tag?post=711748"}],"curies":[{"name":"wp","href":"https:\/\/api.w.org\/{rel}","templated":true}]}}