{"id":711739,"date":"2025-08-27T16:48:55","date_gmt":"2025-08-27T13:48:55","guid":{"rendered":"https:\/\/roveyayinevi.com.tr\/index.php\/urun\/atin-su-gazeteciyi-disari\/"},"modified":"2026-04-16T02:20:30","modified_gmt":"2026-04-15T23:20:30","slug":"atin-su-gazeteciyi-disari","status":"publish","type":"product","link":"https:\/\/roveyayinevi.com.tr\/index.php\/urun\/atin-su-gazeteciyi-disari\/","title":{"rendered":"At\u0131n \u015eu Gazeteciyi D\u0131\u015far\u0131"},"content":{"rendered":"<p>Gazetecilik baz\u0131 insanlar i\u00e7in sadece bir meslek de\u011fildir! Ger\u00e7e\u011fi bulmak ve duyurmak mesle\u011fin \u015fifresi olsa da bu s\u0131rada ya\u015fanan s\u00fcre\u00e7, belli bir noktadan sonra ya\u015fam tarz\u0131n\u0131z olur. Mesle\u011finizin ya\u015fam tarz\u0131 olmas\u0131 ve onunla \u00e2deta b\u00fct\u00fcnle\u015fmeniz de zaman zaman, d\u0131\u015far\u0131dan garip g\u00f6r\u00fcnebilen tav\u0131rlar ortaya koyman\u0131za neden olabilir. Bu durumda asl\u0131nda siz, kendisine bir meslek se\u00e7mi\u015f ki\u015fi de\u011fil, bir mesle\u011fin se\u00e7ti\u011fi ki\u015fi olursunuz. \u0130\u015fte Tu\u011frul Sar\u0131ta\u015f da gazetecili\u011fin kendine se\u00e7ti\u011fi isimlerden biri. Bu meslek, onun ruhunu \u00f6yle sarm\u0131\u015f ki g\u00f6z\u00fc haberden, foto\u011fraftan ba\u015fka hi\u00e7bir \u015fey g\u00f6rmez.   Daha do\u011frusu g\u00f6rmez idi\u2026   \u00c7\u00fcnk\u00fc bir g\u00fcn geldi ve o bu mesle\u011fin se\u00e7ilmi\u015flerinden biri de olsa geri \u00e7ekilmeyi tercih etti. \u201cK\u00fcst\u00fc!\u201d diyelim k\u0131saca\u2026 Peki, neden ve nas\u0131l? \u0130\u015fte bu sorunun yan\u0131tlar\u0131 bu kitapta\u2026 Biraz g\u00fclerek, biraz d\u00fc\u015f\u00fcnerek, biraz k\u0131zarak ama daha \u00e7ok da anlayarak okuyaca\u011f\u0131n\u0131z bu kitapta\u2026 <\/p>\n","protected":false},"excerpt":{"rendered":"<p>Gazetecilik baz\u0131 insanlar i\u00e7in sadece bir meslek de\u011fildir! Ger\u00e7e\u011fi bulmak ve duyurmak mesle\u011fin \u015fifresi olsa da bu s\u0131rada ya\u015fanan s\u00fcre\u00e7, belli bir noktadan sonra ya\u015fam tarz\u0131n\u0131z<span class=\"excerpt-hellip\"> [\u2026]<\/span><\/p>\n","protected":false},"featured_media":0,"template":"","meta":{"_monsterinsights_skip_tracking":false,"_monsterinsights_sitenote_active":false,"_monsterinsights_sitenote_note":"","_monsterinsights_sitenote_category":0},"product_brand":[],"product_cat":[12291,14825],"product_tag":[],"class_list":{"0":"post-711739","1":"product","2":"type-product","3":"status-publish","5":"product_cat-edebiyat","6":"product_cat-mizah","7":"pa_cilt-ciltsiz","8":"pa_tur-kitap","9":"pa_yayinevi-yade-yayinlari","10":"pa_yazar-tugrul-saritas","12":"first","13":"instock","14":"sale","15":"shipping-taxable","16":"purchasable","17":"product-type-simple"},"_links":{"self":[{"href":"https:\/\/roveyayinevi.com.tr\/index.php\/wp-json\/wp\/v2\/product\/711739","targetHints":{"allow":["GET"]}}],"collection":[{"href":"https:\/\/roveyayinevi.com.tr\/index.php\/wp-json\/wp\/v2\/product"}],"about":[{"href":"https:\/\/roveyayinevi.com.tr\/index.php\/wp-json\/wp\/v2\/types\/product"}],"wp:attachment":[{"href":"https:\/\/roveyayinevi.com.tr\/index.php\/wp-json\/wp\/v2\/media?parent=711739"}],"wp:term":[{"taxonomy":"product_brand","embeddable":true,"href":"https:\/\/roveyayinevi.com.tr\/index.php\/wp-json\/wp\/v2\/product_brand?post=711739"},{"taxonomy":"product_cat","embeddable":true,"href":"https:\/\/roveyayinevi.com.tr\/index.php\/wp-json\/wp\/v2\/product_cat?post=711739"},{"taxonomy":"product_tag","embeddable":true,"href":"https:\/\/roveyayinevi.com.tr\/index.php\/wp-json\/wp\/v2\/product_tag?post=711739"}],"curies":[{"name":"wp","href":"https:\/\/api.w.org\/{rel}","templated":true}]}}