{"id":711725,"date":"2025-08-27T16:48:48","date_gmt":"2025-08-27T13:48:48","guid":{"rendered":"https:\/\/roveyayinevi.com.tr\/index.php\/urun\/mesture\/"},"modified":"2026-04-16T02:20:30","modified_gmt":"2026-04-15T23:20:30","slug":"mesture","status":"publish","type":"product","link":"https:\/\/roveyayinevi.com.tr\/index.php\/urun\/mesture\/","title":{"rendered":"Mesture"},"content":{"rendered":"<p>Yazar \u015eahin Ciner; \u00d6rt\u00fcl\u00fc \u00f6denek (mesture) kavram\u0131n\u0131n, d\u00fcnya siyasi tarihine casusluk harcamalar\u0131nda kullan\u0131lmak \u00fczere giri\u015finden itibaren siyasilerce kendi \u00e7\u0131karlar\u0131 do\u011frultusunda nas\u0131l kullan\u0131ld\u0131\u011f\u0131n\u0131, \u00fclkemizin siyasi tarihinin d\u00f6n\u00fcm noktalar\u0131ndaki izlerini s\u00fcrerek anlat\u0131yor.\u00dclkemizin kurucular\u0131n\u0131n bu araca tek bir kez bile ba\u015fvurmad\u0131\u011f\u0131na dikkat \u00e7eken Ciner, onlar siyaset sahnesinden \u00e7ekildikten sonra ya\u015fananlara odaklan\u0131yor. Durmadan artan b\u00fct\u00e7eleri, sorgulanamazl\u0131\u011f\u0131 ve s\u00fcrekli g\u00f6zlerden ka\u00e7\u0131r\u0131lmas\u0131yla bile dikkat \u00e7ekmesi gereken b\u00fcy\u00fck miktarlardaki paran\u0131n; ihtirasl\u0131, g\u00f6z\u00fc d\u00f6nm\u00fc\u015f, iktidarlar\u0131n\u0131n s\u00fcrmesi i\u00e7in her \u015feyi yapmaya haz\u0131r politikac\u0131lar elinde nas\u0131l bir silah olabilece\u011fi hat\u0131rlat\u0131l\u0131yor.\u015eahin Ciner, \u00d6rt\u00fcl\u00fc \u00f6denek harcamalar\u0131n\u0131 \u00f6rterek gizlemek ve \u00f6denek maskesi z\u0131rh\u0131yla siyasileri sorumluluktan kurtarmak, o \u00fclkenin yok olmas\u0131na \u00e7anak tutmak demek\u2019tir diyor. Ard\u0131ndan da \u00e7ok \u00f6nemli bir ayr\u0131nt\u0131y\u0131 bize g\u00f6steriyor: Siyasi tarihimizde \u00f6rt\u00fcl\u00fc \u00f6dene\u011fin sak\u0131ncalar\u0131, tehlikeleri, yozla\u015ft\u0131rmadaki etkisi bu kadar \u00e7ok a\u00e7\u0131\u011fa \u00e7\u0131km\u0131\u015fken neden hi\u00e7 \u00f6nlem al\u0131nmad\u0131, al\u0131nm\u0131yor.\u201d <\/p>\n","protected":false},"excerpt":{"rendered":"<p>Yazar \u015eahin Ciner; \u00d6rt\u00fcl\u00fc \u00f6denek (mesture) kavram\u0131n\u0131n, d\u00fcnya siyasi tarihine casusluk harcamalar\u0131nda kullan\u0131lmak \u00fczere giri\u015finden itibaren siyasilerce kendi \u00e7\u0131karlar\u0131 do\u011frultusunda nas\u0131l kullan\u0131ld\u0131\u011f\u0131n\u0131, \u00fclkemizin siyasi tarihinin d\u00f6n\u00fcm<span class=\"excerpt-hellip\"> [\u2026]<\/span><\/p>\n","protected":false},"featured_media":0,"template":"","meta":{"_monsterinsights_skip_tracking":false,"_monsterinsights_sitenote_active":false,"_monsterinsights_sitenote_note":"","_monsterinsights_sitenote_category":0},"product_brand":[],"product_cat":[13590,12337],"product_tag":[],"class_list":{"0":"post-711725","1":"product","2":"type-product","3":"status-publish","5":"product_cat-arastirma-inceleme-politika-siyaset","6":"product_cat-politika-siyaset","7":"pa_cilt-ciltsiz","8":"pa_tur-kitap","9":"pa_yayinevi-asi-kitap","10":"pa_yazar-sahin-ciner","12":"first","13":"instock","14":"sale","15":"shipping-taxable","16":"purchasable","17":"product-type-simple"},"_links":{"self":[{"href":"https:\/\/roveyayinevi.com.tr\/index.php\/wp-json\/wp\/v2\/product\/711725","targetHints":{"allow":["GET"]}}],"collection":[{"href":"https:\/\/roveyayinevi.com.tr\/index.php\/wp-json\/wp\/v2\/product"}],"about":[{"href":"https:\/\/roveyayinevi.com.tr\/index.php\/wp-json\/wp\/v2\/types\/product"}],"wp:attachment":[{"href":"https:\/\/roveyayinevi.com.tr\/index.php\/wp-json\/wp\/v2\/media?parent=711725"}],"wp:term":[{"taxonomy":"product_brand","embeddable":true,"href":"https:\/\/roveyayinevi.com.tr\/index.php\/wp-json\/wp\/v2\/product_brand?post=711725"},{"taxonomy":"product_cat","embeddable":true,"href":"https:\/\/roveyayinevi.com.tr\/index.php\/wp-json\/wp\/v2\/product_cat?post=711725"},{"taxonomy":"product_tag","embeddable":true,"href":"https:\/\/roveyayinevi.com.tr\/index.php\/wp-json\/wp\/v2\/product_tag?post=711725"}],"curies":[{"name":"wp","href":"https:\/\/api.w.org\/{rel}","templated":true}]}}