{"id":711720,"date":"2025-08-27T16:48:45","date_gmt":"2025-08-27T13:48:45","guid":{"rendered":"https:\/\/roveyayinevi.com.tr\/index.php\/urun\/toplu-oyunlar-1-butun-yapitlari-2\/"},"modified":"2026-04-16T02:20:30","modified_gmt":"2026-04-15T23:20:30","slug":"toplu-oyunlar-1-butun-yapitlari-2","status":"publish","type":"product","link":"https:\/\/roveyayinevi.com.tr\/index.php\/urun\/toplu-oyunlar-1-butun-yapitlari-2\/","title":{"rendered":"Toplu Oyunlar 1 &#8211; B\u00fct\u00fcn Yap\u0131tlar\u0131 2"},"content":{"rendered":"<p>Usta oyuncu, y\u00f6netmen ve e\u011fitmen M\u00fcjdat Gezen\u2019in B\u00fct\u00fcn Yap\u0131tlar\u0131 kapsam\u0131nda, Gezen\u2019in 1982\u2019den bug\u00fcne yazd\u0131\u011f\u0131 oyunlar\u0131 tarihsel bir s\u0131ra izleyerek derledi\u011fimiz Toplu Oyunlar\u2019\u0131n ilk cildini yay\u0131ml\u0131yoruz. Kitapta yer alan oyunlar:   \u2022 G\u0131rg\u0131riye: Sulukule M\u00fczikali \u2022 Beyo\u011flu Beyo\u011flu \u2022 Hamlet Efendi \u2022 \u0130stanbul M\u00fczikali \u2022 Sa*lak O\u011flum \u2022 Babam \u2022 Adalet Pantolonun Kemeridir \u2022 Artiz Mektebi \u2022 S\u0131n\u0131f Bunad\u0131 <\/p>\n","protected":false},"excerpt":{"rendered":"<p>Usta oyuncu, y\u00f6netmen ve e\u011fitmen M\u00fcjdat Gezen\u2019in B\u00fct\u00fcn Yap\u0131tlar\u0131 kapsam\u0131nda, Gezen\u2019in 1982\u2019den bug\u00fcne yazd\u0131\u011f\u0131 oyunlar\u0131 tarihsel bir s\u0131ra izleyerek derledi\u011fimiz Toplu Oyunlar\u2019\u0131n ilk cildini yay\u0131ml\u0131yoruz. Kitapta<span class=\"excerpt-hellip\"> [\u2026]<\/span><\/p>\n","protected":false},"featured_media":0,"template":"","meta":{"_monsterinsights_skip_tracking":false,"_monsterinsights_sitenote_active":false,"_monsterinsights_sitenote_note":"","_monsterinsights_sitenote_category":0},"product_brand":[],"product_cat":[12291,14272],"product_tag":[],"class_list":{"0":"post-711720","1":"product","2":"type-product","3":"status-publish","5":"product_cat-edebiyat","6":"product_cat-tiyatro","7":"pa_cilt-ciltsiz","8":"pa_tur-kitap","9":"pa_yayinevi-kirmizi-kedi-yayinevi","10":"pa_yazar-mujdat-gezen","12":"first","13":"instock","14":"sale","15":"shipping-taxable","16":"purchasable","17":"product-type-simple"},"_links":{"self":[{"href":"https:\/\/roveyayinevi.com.tr\/index.php\/wp-json\/wp\/v2\/product\/711720","targetHints":{"allow":["GET"]}}],"collection":[{"href":"https:\/\/roveyayinevi.com.tr\/index.php\/wp-json\/wp\/v2\/product"}],"about":[{"href":"https:\/\/roveyayinevi.com.tr\/index.php\/wp-json\/wp\/v2\/types\/product"}],"wp:attachment":[{"href":"https:\/\/roveyayinevi.com.tr\/index.php\/wp-json\/wp\/v2\/media?parent=711720"}],"wp:term":[{"taxonomy":"product_brand","embeddable":true,"href":"https:\/\/roveyayinevi.com.tr\/index.php\/wp-json\/wp\/v2\/product_brand?post=711720"},{"taxonomy":"product_cat","embeddable":true,"href":"https:\/\/roveyayinevi.com.tr\/index.php\/wp-json\/wp\/v2\/product_cat?post=711720"},{"taxonomy":"product_tag","embeddable":true,"href":"https:\/\/roveyayinevi.com.tr\/index.php\/wp-json\/wp\/v2\/product_tag?post=711720"}],"curies":[{"name":"wp","href":"https:\/\/api.w.org\/{rel}","templated":true}]}}