{"id":711716,"date":"2025-08-27T16:48:43","date_gmt":"2025-08-27T13:48:43","guid":{"rendered":"https:\/\/roveyayinevi.com.tr\/index.php\/urun\/dost-eller-sakin-ol-ve-acele-etme\/"},"modified":"2026-04-16T02:20:30","modified_gmt":"2026-04-15T23:20:30","slug":"dost-eller-sakin-ol-ve-acele-etme","status":"publish","type":"product","link":"https:\/\/roveyayinevi.com.tr\/index.php\/urun\/dost-eller-sakin-ol-ve-acele-etme\/","title":{"rendered":"Dost Eller &#8211; Sakin Ol ve Acele Etme"},"content":{"rendered":"<p>Sakin Ol ve Acele Etme   Bir \u015feyi yapmak i\u00e7in acele ederken her \u015feyin ters gitti\u011fi oldu mu hi\u00e7? Belki bir \u015feyi nas\u0131l yapaca\u011f\u0131n\u0131 bildi\u011fini san\u0131yordun ama do\u011fru bildi\u011finden emin olmak yerine gidip yap\u0131verdin&#8230; Bu hepimizin ba\u015f\u0131na gelmi\u015ftir. B\u00f6yle zamanlarda sakin olmam\u0131z ve acele etmememiz gerekti\u011fini hat\u0131rlamal\u0131y\u0131z.     Pozitif ili\u015fkiler kurma, tak\u0131m \u00e7al\u0131\u015fmas\u0131 ve ihtiya\u00e7 duyan bir ki\u015fiye yard\u0131m etmenin \u00f6nemine vurgu yapan Dost Eller dizisindeki her kitap, yard\u0131mseverlik kavram\u0131n\u0131n farkl\u0131 bir y\u00f6n\u00fcn\u00fc ele al\u0131yor. Ayr\u0131ca ebeveynlere ve e\u011fitimcilere \u00e7ocuklar\u0131n \u00f6zdenetimlerini geli\u015ftirme, \u00e7evrelerine kar\u015f\u0131 duyarl\u0131 ve yard\u0131msever bireyler h\u00e2line gelmelerini te\u015fvik etme, g\u00fcven ve aileye aidiyet duygusu kazanmalar\u0131n\u0131 ve ba\u015fkalar\u0131yla birlikte \u00e7al\u0131\u015fma becerisi edinmelerini sa\u011flama konusunda ipu\u00e7lar\u0131 ve \u00f6neriler sunuluyor. <\/p>\n","protected":false},"excerpt":{"rendered":"<p>Sakin Ol ve Acele Etme Bir \u015feyi yapmak i\u00e7in acele ederken her \u015feyin ters gitti\u011fi oldu mu hi\u00e7? Belki bir \u015feyi nas\u0131l yapaca\u011f\u0131n\u0131 bildi\u011fini san\u0131yordun ama<span class=\"excerpt-hellip\"> [\u2026]<\/span><\/p>\n","protected":false},"featured_media":0,"template":"","meta":{"_monsterinsights_skip_tracking":false,"_monsterinsights_sitenote_active":false,"_monsterinsights_sitenote_note":"","_monsterinsights_sitenote_category":0},"product_brand":[],"product_cat":[12274,12284],"product_tag":[],"class_list":{"0":"post-711716","1":"product","2":"type-product","3":"status-publish","5":"product_cat-cocuk-ve-genclik-kitaplari","6":"product_cat-hikayeler","7":"pa_cilt-ciltsiz","8":"pa_tur-kitap","9":"pa_yayinevi-1001-cicek-kitaplar","10":"pa_yazar-jennifer-moore-mallinos","12":"first","13":"instock","14":"sale","15":"shipping-taxable","16":"purchasable","17":"product-type-simple"},"_links":{"self":[{"href":"https:\/\/roveyayinevi.com.tr\/index.php\/wp-json\/wp\/v2\/product\/711716","targetHints":{"allow":["GET"]}}],"collection":[{"href":"https:\/\/roveyayinevi.com.tr\/index.php\/wp-json\/wp\/v2\/product"}],"about":[{"href":"https:\/\/roveyayinevi.com.tr\/index.php\/wp-json\/wp\/v2\/types\/product"}],"wp:attachment":[{"href":"https:\/\/roveyayinevi.com.tr\/index.php\/wp-json\/wp\/v2\/media?parent=711716"}],"wp:term":[{"taxonomy":"product_brand","embeddable":true,"href":"https:\/\/roveyayinevi.com.tr\/index.php\/wp-json\/wp\/v2\/product_brand?post=711716"},{"taxonomy":"product_cat","embeddable":true,"href":"https:\/\/roveyayinevi.com.tr\/index.php\/wp-json\/wp\/v2\/product_cat?post=711716"},{"taxonomy":"product_tag","embeddable":true,"href":"https:\/\/roveyayinevi.com.tr\/index.php\/wp-json\/wp\/v2\/product_tag?post=711716"}],"curies":[{"name":"wp","href":"https:\/\/api.w.org\/{rel}","templated":true}]}}