{"id":711707,"date":"2025-08-27T16:48:37","date_gmt":"2025-08-27T13:48:37","guid":{"rendered":"https:\/\/roveyayinevi.com.tr\/index.php\/urun\/miliasin-yok-halleri\/"},"modified":"2026-04-16T02:20:29","modified_gmt":"2026-04-15T23:20:29","slug":"miliasin-yok-halleri","status":"publish","type":"product","link":"https:\/\/roveyayinevi.com.tr\/index.php\/urun\/miliasin-yok-halleri\/","title":{"rendered":"Milias&#8217;\u0131n Yok Halleri"},"content":{"rendered":"<p>\u00d6zer Eltugay, Milias\u2019\u0131n Yok Halleri\u2019nde m\u00fcbadelenin ard\u0131ndan sadece iki ya\u015fl\u0131ya ev sahipli\u011fi yapan, sonras\u0131nda onlarca insana yuva olmu\u015f eski bir Rum k\u00f6y\u00fcn\u00fcn hik\u00e2yesini anlat\u0131yor.S\u00fcr\u00fclmekten saklanarak kurtulan Nikos ve Lena, a\u00e7\u0131k kalan son kap\u0131y\u0131 kapatmamak i\u00e7in direnir. Lena\u2019n\u0131n \u00f6l\u00fcm\u00fcn\u00fcn ard\u0131ndan tek ba\u015f\u0131na kalan Nikos, bir sabah kar\u015f\u0131s\u0131nda iki bebekle bir asker ka\u00e7a\u011f\u0131n\u0131 g\u00f6r\u00fcnce ya\u015fam tekrar k\u0131v\u0131lc\u0131mlan\u0131r. Milias\u2019\u0131n Yok Halleri bir avu\u00e7 insan\u0131n ku\u015faklar boyu s\u00fcren trajedisini anlat\u0131rken, yak\u0131n d\u00f6nemin ac\u0131lar\u0131na da tan\u0131kl\u0131k ediyor. <\/p>\n","protected":false},"excerpt":{"rendered":"<p>\u00d6zer Eltugay, Milias\u2019\u0131n Yok Halleri\u2019nde m\u00fcbadelenin ard\u0131ndan sadece iki ya\u015fl\u0131ya ev sahipli\u011fi yapan, sonras\u0131nda onlarca insana yuva olmu\u015f eski bir Rum k\u00f6y\u00fcn\u00fcn hik\u00e2yesini anlat\u0131yor.S\u00fcr\u00fclmekten saklanarak kurtulan<span class=\"excerpt-hellip\"> [\u2026]<\/span><\/p>\n","protected":false},"featured_media":0,"template":"","meta":{"_monsterinsights_skip_tracking":false,"_monsterinsights_sitenote_active":false,"_monsterinsights_sitenote_note":"","_monsterinsights_sitenote_category":0},"product_brand":[],"product_cat":[12291,12711],"product_tag":[],"class_list":{"0":"post-711707","1":"product","2":"type-product","3":"status-publish","5":"product_cat-edebiyat","6":"product_cat-roman-oyku","7":"pa_cilt-ciltsiz","8":"pa_tur-kitap","9":"pa_yayinevi-cinar-yayinlari","10":"pa_yazar-ozer-eltugay","12":"first","13":"instock","14":"sale","15":"shipping-taxable","16":"purchasable","17":"product-type-simple"},"_links":{"self":[{"href":"https:\/\/roveyayinevi.com.tr\/index.php\/wp-json\/wp\/v2\/product\/711707","targetHints":{"allow":["GET"]}}],"collection":[{"href":"https:\/\/roveyayinevi.com.tr\/index.php\/wp-json\/wp\/v2\/product"}],"about":[{"href":"https:\/\/roveyayinevi.com.tr\/index.php\/wp-json\/wp\/v2\/types\/product"}],"wp:attachment":[{"href":"https:\/\/roveyayinevi.com.tr\/index.php\/wp-json\/wp\/v2\/media?parent=711707"}],"wp:term":[{"taxonomy":"product_brand","embeddable":true,"href":"https:\/\/roveyayinevi.com.tr\/index.php\/wp-json\/wp\/v2\/product_brand?post=711707"},{"taxonomy":"product_cat","embeddable":true,"href":"https:\/\/roveyayinevi.com.tr\/index.php\/wp-json\/wp\/v2\/product_cat?post=711707"},{"taxonomy":"product_tag","embeddable":true,"href":"https:\/\/roveyayinevi.com.tr\/index.php\/wp-json\/wp\/v2\/product_tag?post=711707"}],"curies":[{"name":"wp","href":"https:\/\/api.w.org\/{rel}","templated":true}]}}