{"id":711675,"date":"2025-08-27T16:48:20","date_gmt":"2025-08-27T13:48:20","guid":{"rendered":"https:\/\/roveyayinevi.com.tr\/index.php\/urun\/dunyaya-ve-kendimize-dair\/"},"modified":"2026-04-16T02:20:29","modified_gmt":"2026-04-15T23:20:29","slug":"dunyaya-ve-kendimize-dair","status":"publish","type":"product","link":"https:\/\/roveyayinevi.com.tr\/index.php\/urun\/dunyaya-ve-kendimize-dair\/","title":{"rendered":"D\u00fcnyaya Ve Kendimize Dair"},"content":{"rendered":"<p>Zygmunt Bauman ve Stanislaw Obirek, du\u0308nyaya ve kendilerine dair bu sohbetlerinde par\u00e7alanm\u0131\u015f, bireyselle\u015fmi\u015f bir toplumun sakinlerinin yu\u0308zyu\u0308ze kald\u0131\u011f\u0131 sorulara, sorunlara ve kar\u015f\u0131la\u015fmalara kendi ki\u015fisel tarihlerinden dev\u015firdikleri bilgelik ve deneyimle, u\u0308stelik bu kar\u015f\u0131la\u015fmalar\u0131n nas\u0131l d\u00f6nu\u0308\u015ftu\u0308ru\u0308cu\u0308 olabilece\u011finin ipu\u00e7lar\u0131n\u0131 da vererek bak\u0131yor. Yola farkl\u0131 yerlerden \u00e7\u0131ksalar da belki de asl\u0131nda tam da bu nedenle- ikisinin de rotas\u0131n\u0131 \u00e7izen, sorular\u0131na ve cevaplar\u0131na \u0131\u015f\u0131k tutan hep ayn\u0131 kayg\u0131: Sahici bir diyalog kurabilmenin yollar\u0131n\u0131 ararken, bu diyalogu halihaz\u0131rda, burada ve \u015fimdi, kendi sohbetlerinde hayata ge\u00e7irebilmek. Bauman ve Obirek\u2019e g\u00f6re, dola\u015f\u0131mda olan kelimelerin her ge\u00e7en gu\u0308n bir bo\u015f g\u00f6sterene d\u00f6nu\u0308\u015ftu\u0308\u011fu\u0308, dijital \u00e7a\u011f\u0131n bireyi tu\u0308rlu\u0308 ekranlar kar\u015f\u0131s\u0131nda kelimelere bo\u011farak ve her gu\u0308n, her an bu birbiri u\u0308zerine y\u0131\u011f\u0131lan sesler korosuna kat\u0131lmaya \u00e7a\u011f\u0131rarak \u201ckonfor adac\u0131klar\u0131\u201d olu\u015fturdu\u011fu gu\u0308nlerde ya\u015f\u0131yoruz. Bauman ve Obirek, bu kitab\u0131n i\u00e7eri\u011fini olu\u015fturan nehir sohbetlerinde iyi ve k\u00f6tu\u0308yu\u0308 nas\u0131l tan\u0131mlad\u0131\u011f\u0131m\u0131z\u0131, se\u00e7imlerimizin sorumlulu\u011fuyla nas\u0131l ya\u015fad\u0131\u011f\u0131m\u0131z ve yu\u0308zle\u015fti\u011fimizi, insan haysiyetini\/sayg\u0131nl\u0131\u011f\u0131n\u0131 hangi de\u011ferleri g\u00f6zeterek tan\u0131mlayabilece\u011fimizi, arkada\u015fl\u0131k, bellek, vicdan gibi meselelerde pusulam\u0131z\u0131 hangi y\u00f6ne \u00e7evirece\u011fimizi gerek du\u0308nyaya gerekse kendilerine bakarak sorguluyorlar. Bu sorgulama serisi s\u0131ras\u0131nda kendilerini salt biyografik arka planlar\u0131ndan beklenecek \u015fekilde birer teolog ve sosyolog olarak konumland\u0131rmaktansa, birbirlerine y\u00f6nelttikleri sorulara ve takdim ettikleri \u00f6\u011fretilerden al\u0131nt\u0131lad\u0131klar\u0131 anekdot ve argu\u0308manlara odaklan\u0131yor, okurlar\u0131n\u0131 da bu sohbet ve sorgulamalar\u0131n birer tan\u0131\u011f\u0131 k\u0131l\u0131yorlar. <\/p>\n","protected":false},"excerpt":{"rendered":"<p>Zygmunt Bauman ve Stanislaw Obirek, du\u0308nyaya ve kendilerine dair bu sohbetlerinde par\u00e7alanm\u0131\u015f, bireyselle\u015fmi\u015f bir toplumun sakinlerinin yu\u0308zyu\u0308ze kald\u0131\u011f\u0131 sorulara, sorunlara ve kar\u015f\u0131la\u015fmalara kendi ki\u015fisel tarihlerinden dev\u015firdikleri<span class=\"excerpt-hellip\"> [\u2026]<\/span><\/p>\n","protected":false},"featured_media":0,"template":"","meta":{"_monsterinsights_skip_tracking":false,"_monsterinsights_sitenote_active":false,"_monsterinsights_sitenote_note":"","_monsterinsights_sitenote_category":0},"product_brand":[],"product_cat":[13590,12337],"product_tag":[],"class_list":{"0":"post-711675","1":"product","2":"type-product","3":"status-publish","5":"product_cat-arastirma-inceleme-politika-siyaset","6":"product_cat-politika-siyaset","7":"pa_cilt-ciltsiz","8":"pa_tur-kitap","9":"pa_yayinevi-ayrinti-yayinlari","10":"pa_yazar-zygmunt-bauman-stanislaw-obirek","12":"first","13":"instock","14":"sale","15":"shipping-taxable","16":"purchasable","17":"product-type-simple"},"_links":{"self":[{"href":"https:\/\/roveyayinevi.com.tr\/index.php\/wp-json\/wp\/v2\/product\/711675","targetHints":{"allow":["GET"]}}],"collection":[{"href":"https:\/\/roveyayinevi.com.tr\/index.php\/wp-json\/wp\/v2\/product"}],"about":[{"href":"https:\/\/roveyayinevi.com.tr\/index.php\/wp-json\/wp\/v2\/types\/product"}],"wp:attachment":[{"href":"https:\/\/roveyayinevi.com.tr\/index.php\/wp-json\/wp\/v2\/media?parent=711675"}],"wp:term":[{"taxonomy":"product_brand","embeddable":true,"href":"https:\/\/roveyayinevi.com.tr\/index.php\/wp-json\/wp\/v2\/product_brand?post=711675"},{"taxonomy":"product_cat","embeddable":true,"href":"https:\/\/roveyayinevi.com.tr\/index.php\/wp-json\/wp\/v2\/product_cat?post=711675"},{"taxonomy":"product_tag","embeddable":true,"href":"https:\/\/roveyayinevi.com.tr\/index.php\/wp-json\/wp\/v2\/product_tag?post=711675"}],"curies":[{"name":"wp","href":"https:\/\/api.w.org\/{rel}","templated":true}]}}