{"id":711673,"date":"2025-08-27T16:48:19","date_gmt":"2025-08-27T13:48:19","guid":{"rendered":"https:\/\/roveyayinevi.com.tr\/index.php\/urun\/arkadasim-robot\/"},"modified":"2026-04-16T02:20:29","modified_gmt":"2026-04-15T23:20:29","slug":"arkadasim-robot","status":"publish","type":"product","link":"https:\/\/roveyayinevi.com.tr\/index.php\/urun\/arkadasim-robot\/","title":{"rendered":"Arkada\u015f\u0131m Robot"},"content":{"rendered":"<p>Utku, annesiyle birlikte yak\u0131n arkada\u015f\u0131 Meri\u00e7&#8217;e do\u011fum g\u00fcn\u00fc hediyesi almak i\u00e7in oyuncak\u00e7\u0131ya gitti. Utku reyonlar\u0131 tek tek dola\u015fmaya ba\u015flad\u0131. \u0130stedi\u011fi gibi bir oyuncak bulam\u0131yordu. Robotlar\u0131n bulundu\u011fu reyona geldi. Robotlara bakt\u0131ktan sonra ayr\u0131l\u0131rken arkas\u0131ndan, &#8220;Pi\u015fttt, baksana!&#8221; diye bir ses duydu. D\u00f6n\u00fcp bakt\u0131. Ortal\u0131kta kimsecikler yoktu. Tekrar arkadas\u0131n\u0131 d\u00f6n\u00fcp giderken ayn\u0131 sesi yine duydu. Ses, k\u0131rm\u0131z\u0131 renkli robottan geliyordu.Utku, \u015fa\u015fk\u0131nl\u0131k i\u00e7inde k\u0131rm\u0131z\u0131 renkli robota do\u011fru yakla\u015ft\u0131 ve onunla konu\u015ftu. K\u0131rm\u0131z\u0131 renkli robot, arkada\u015f\u0131 mavi robot i\u00e7in Utku&#8217;dan yard\u0131m istiyordu. K\u0131rm\u0131z\u0131 renkli robot, Utku&#8217;dan nas\u0131l bir yard\u0131m istiyor? Utku, k\u0131rm\u0131z\u0131 renkli robota yard\u0131mc\u0131 olabilicek mi? <\/p>\n","protected":false},"excerpt":{"rendered":"<p>Utku, annesiyle birlikte yak\u0131n arkada\u015f\u0131 Meri\u00e7&#8217;e do\u011fum g\u00fcn\u00fc hediyesi almak i\u00e7in oyuncak\u00e7\u0131ya gitti. Utku reyonlar\u0131 tek tek dola\u015fmaya ba\u015flad\u0131. \u0130stedi\u011fi gibi bir oyuncak bulam\u0131yordu. Robotlar\u0131n bulundu\u011fu<span class=\"excerpt-hellip\"> [\u2026]<\/span><\/p>\n","protected":false},"featured_media":0,"template":"","meta":{"_monsterinsights_skip_tracking":false,"_monsterinsights_sitenote_active":false,"_monsterinsights_sitenote_note":"","_monsterinsights_sitenote_category":0},"product_brand":[],"product_cat":[12274,12284],"product_tag":[],"class_list":{"0":"post-711673","1":"product","2":"type-product","3":"status-publish","5":"product_cat-cocuk-ve-genclik-kitaplari","6":"product_cat-hikayeler","7":"pa_cilt-ciltsiz","8":"pa_tur-kitap","9":"pa_yayinevi-egiten-kitap","10":"pa_yazar-mahmut-yilmaz","12":"first","13":"instock","14":"sale","15":"shipping-taxable","16":"purchasable","17":"product-type-simple"},"_links":{"self":[{"href":"https:\/\/roveyayinevi.com.tr\/index.php\/wp-json\/wp\/v2\/product\/711673","targetHints":{"allow":["GET"]}}],"collection":[{"href":"https:\/\/roveyayinevi.com.tr\/index.php\/wp-json\/wp\/v2\/product"}],"about":[{"href":"https:\/\/roveyayinevi.com.tr\/index.php\/wp-json\/wp\/v2\/types\/product"}],"wp:attachment":[{"href":"https:\/\/roveyayinevi.com.tr\/index.php\/wp-json\/wp\/v2\/media?parent=711673"}],"wp:term":[{"taxonomy":"product_brand","embeddable":true,"href":"https:\/\/roveyayinevi.com.tr\/index.php\/wp-json\/wp\/v2\/product_brand?post=711673"},{"taxonomy":"product_cat","embeddable":true,"href":"https:\/\/roveyayinevi.com.tr\/index.php\/wp-json\/wp\/v2\/product_cat?post=711673"},{"taxonomy":"product_tag","embeddable":true,"href":"https:\/\/roveyayinevi.com.tr\/index.php\/wp-json\/wp\/v2\/product_tag?post=711673"}],"curies":[{"name":"wp","href":"https:\/\/api.w.org\/{rel}","templated":true}]}}