{"id":711671,"date":"2025-08-27T16:48:18","date_gmt":"2025-08-27T13:48:18","guid":{"rendered":"https:\/\/roveyayinevi.com.tr\/index.php\/urun\/aceleci-cocuk\/"},"modified":"2026-04-16T02:20:29","modified_gmt":"2026-04-15T23:20:29","slug":"aceleci-cocuk","status":"publish","type":"product","link":"https:\/\/roveyayinevi.com.tr\/index.php\/urun\/aceleci-cocuk\/","title":{"rendered":"Aceleci \u00c7ocuk"},"content":{"rendered":"<p>Utkui kuzenleri Arda ve Melis&#8217;le doyas\u0131ya oynayaca\u011f\u0131 bir g\u00fcne uyand\u0131. Mutfaktan \u00e7\u0131rp\u0131c\u0131n\u0131n sesi geliyordu. Mutfa\u011fa gitti\u011finde annesinin kek yapt\u0131\u011f\u0131n\u0131 g\u00f6rd\u00fc. Annesiyle konu\u015furken kuzenleri geldi. Onlarla birlikte bah\u00e7eye \u00e7\u0131kt\u0131.Birlikte saklamba\u00e7 oynamaya karar verdiler. Saklamba\u00e7 oynamaya ba\u015flad\u0131klar\u0131nda sakland\u0131klar\u0131 yerden, &#8220;Sizi g\u00f6r\u00fcyorum!&#8221; diye yabanc\u0131 bir ses duydular. Sakland\u0131klar\u0131 yerden \u00e7\u0131k\u0131p yabanc\u0131 sesin sahibini arad\u0131lar. Yabanc\u0131 ses kime aitti?Oyun oynarken kar\u0131nlar\u0131 ac\u0131kt\u0131. F\u0131r\u0131ndaki kekin kokusu bah\u00e7eye kadar da gelmi\u015fti. Hep birlikte i\u00e7eriye girdiler. Arda \u00e7ok ac\u0131km\u0131\u015ft\u0131. F\u0131r\u0131ndaki kekin so\u011fumas\u0131n\u0131 beklyemedi. Gizlice f\u0131r\u0131n\u0131n kapa\u011f\u0131n\u0131 a\u00e7\u0131p tepsiyi \u00e7\u0131plak elleriyle tuttu. Arda, \u00e7\u0131plak elleriyle tepsiyi tutunca ne oldu? Keki yiyebildi mi? <\/p>\n","protected":false},"excerpt":{"rendered":"<p>Utkui kuzenleri Arda ve Melis&#8217;le doyas\u0131ya oynayaca\u011f\u0131 bir g\u00fcne uyand\u0131. Mutfaktan \u00e7\u0131rp\u0131c\u0131n\u0131n sesi geliyordu. Mutfa\u011fa gitti\u011finde annesinin kek yapt\u0131\u011f\u0131n\u0131 g\u00f6rd\u00fc. Annesiyle konu\u015furken kuzenleri geldi. Onlarla birlikte<span class=\"excerpt-hellip\"> [\u2026]<\/span><\/p>\n","protected":false},"featured_media":0,"template":"","meta":{"_monsterinsights_skip_tracking":false,"_monsterinsights_sitenote_active":false,"_monsterinsights_sitenote_note":"","_monsterinsights_sitenote_category":0},"product_brand":[],"product_cat":[12274,12284],"product_tag":[],"class_list":{"0":"post-711671","1":"product","2":"type-product","3":"status-publish","5":"product_cat-cocuk-ve-genclik-kitaplari","6":"product_cat-hikayeler","7":"pa_cilt-ciltsiz","8":"pa_tur-kitap","9":"pa_yayinevi-egiten-kitap","10":"pa_yazar-mahmut-yilmaz","12":"first","13":"instock","14":"sale","15":"shipping-taxable","16":"purchasable","17":"product-type-simple"},"_links":{"self":[{"href":"https:\/\/roveyayinevi.com.tr\/index.php\/wp-json\/wp\/v2\/product\/711671","targetHints":{"allow":["GET"]}}],"collection":[{"href":"https:\/\/roveyayinevi.com.tr\/index.php\/wp-json\/wp\/v2\/product"}],"about":[{"href":"https:\/\/roveyayinevi.com.tr\/index.php\/wp-json\/wp\/v2\/types\/product"}],"wp:attachment":[{"href":"https:\/\/roveyayinevi.com.tr\/index.php\/wp-json\/wp\/v2\/media?parent=711671"}],"wp:term":[{"taxonomy":"product_brand","embeddable":true,"href":"https:\/\/roveyayinevi.com.tr\/index.php\/wp-json\/wp\/v2\/product_brand?post=711671"},{"taxonomy":"product_cat","embeddable":true,"href":"https:\/\/roveyayinevi.com.tr\/index.php\/wp-json\/wp\/v2\/product_cat?post=711671"},{"taxonomy":"product_tag","embeddable":true,"href":"https:\/\/roveyayinevi.com.tr\/index.php\/wp-json\/wp\/v2\/product_tag?post=711671"}],"curies":[{"name":"wp","href":"https:\/\/api.w.org\/{rel}","templated":true}]}}