{"id":711654,"date":"2025-08-27T16:48:08","date_gmt":"2025-08-27T13:48:08","guid":{"rendered":"https:\/\/roveyayinevi.com.tr\/index.php\/urun\/kirim-atesi-bir-isgalin-anatomisi\/"},"modified":"2026-04-16T02:20:29","modified_gmt":"2026-04-15T23:20:29","slug":"kirim-atesi-bir-isgalin-anatomisi","status":"publish","type":"product","link":"https:\/\/roveyayinevi.com.tr\/index.php\/urun\/kirim-atesi-bir-isgalin-anatomisi\/","title":{"rendered":"K\u0131r\u0131m Ate\u015fi Bir \u0130\u015fgalin Anatomisi"},"content":{"rendered":"<p>K\u0131r\u0131m Tatarlar\u0131, Sovyet diktat\u00f6rl\u00fc\u011f\u00fcn\u00fcn gasp etti\u011fi vatanlar\u0131na, bu insanl\u0131k d\u00fc\u015fman\u0131 rejimin \u00e7\u00f6k\u00fc\u015f\u00fcyle yar\u0131m as\u0131r sonra d\u00f6nebilmi\u015flerken, \u015fimdi de o rejimin territoryal n\u00fcfuz ve etki alan\u0131na v\u00e2ris olma i\u015ftah\u0131yla Karadeniz\u2019in incisine pen\u00e7esini ge\u00e7iren yeni Rus emellerinin kurban\u0131 olmu\u015flard\u0131r. B\u00f6ylece K\u0131r\u0131m Tatarlar\u0131\u2019n\u0131n \u00f6z yurdu, b\u00fct\u00fcn d\u00fcnyan\u0131n g\u00f6z\u00fc \u00f6n\u00fcnde iki y\u00fczl\u00fc ve hukuksuz yeni Rus \u015fovenizminin pervas\u0131z cinayetlerinin, Kremlin kuklalar\u0131 taraf\u0131ndan yarat\u0131lan siyas\u00ee istikrars\u0131zl\u0131k ve karars\u0131zl\u0131klardan beslenen sald\u0131rgan m\u00fcdahalelerinin \u00f6znesine d\u00f6n\u00fc\u015fm\u00fc\u015f, K\u0131r\u0131m Tatarlar\u0131 \u00f6z topraklar\u0131nda bu defa da esir durumuna d\u00fc\u015fm\u00fc\u015flerdir. \u00c7al\u0131\u015fma alan\u0131 eski Sovyet co\u011frafyas\u0131 olan G\u00f6n\u00fcl \u015eamilk\u0131z\u0131, uzun zamand\u0131r yerinde takip etti\u011fi bu b\u00f6lgedeki \u00e7at\u0131\u015fma ve krizleri, K\u0131r\u0131m\u2019\u0131n i\u015fgaline varan s\u00fcrecin birincil tan\u0131\u011f\u0131 olmu\u015f bir gazeteci kimli\u011fiyle, okuyucuyu i\u00e7ine \u00e7ekecek sars\u0131c\u0131 bir yal\u0131nl\u0131k ve anla\u015f\u0131l\u0131r bir ku\u015fat\u0131c\u0131l\u0131kla ele alm\u0131\u015f, okurken, i\u00e7inde bulundu\u011fumuz b\u00f6lgenin b\u00fcy\u00fck politik akt\u00f6rlerinden birinin, tarih taraf\u0131ndan kendisine verilen itimats\u0131zl\u0131k berat\u0131n\u0131 nas\u0131l bir \u201cliyakat\u201dle ta\u015f\u0131d\u0131\u011f\u0131n\u0131 daha iyi anlayaca\u011f\u0131m\u0131z \u00e7a\u011fda\u015f bir kronik meydana getirmi\u015ftir. <\/p>\n","protected":false},"excerpt":{"rendered":"<p>K\u0131r\u0131m Tatarlar\u0131, Sovyet diktat\u00f6rl\u00fc\u011f\u00fcn\u00fcn gasp etti\u011fi vatanlar\u0131na, bu insanl\u0131k d\u00fc\u015fman\u0131 rejimin \u00e7\u00f6k\u00fc\u015f\u00fcyle yar\u0131m as\u0131r sonra d\u00f6nebilmi\u015flerken, \u015fimdi de o rejimin territoryal n\u00fcfuz ve etki alan\u0131na v\u00e2ris<span class=\"excerpt-hellip\"> [\u2026]<\/span><\/p>\n","protected":false},"featured_media":0,"template":"","meta":{"_monsterinsights_skip_tracking":false,"_monsterinsights_sitenote_active":false,"_monsterinsights_sitenote_note":"","_monsterinsights_sitenote_category":0},"product_brand":[],"product_cat":[12305,12304],"product_tag":[],"class_list":{"0":"post-711654","1":"product","2":"type-product","3":"status-publish","5":"product_cat-dunya-tarihi","6":"product_cat-tarih","7":"pa_cilt-ciltsiz","8":"pa_tur-kitap","9":"pa_yayinevi-otuken-nesriyat","10":"pa_yazar-gonul-samilkizi","12":"first","13":"instock","14":"sale","15":"shipping-taxable","16":"purchasable","17":"product-type-simple"},"_links":{"self":[{"href":"https:\/\/roveyayinevi.com.tr\/index.php\/wp-json\/wp\/v2\/product\/711654","targetHints":{"allow":["GET"]}}],"collection":[{"href":"https:\/\/roveyayinevi.com.tr\/index.php\/wp-json\/wp\/v2\/product"}],"about":[{"href":"https:\/\/roveyayinevi.com.tr\/index.php\/wp-json\/wp\/v2\/types\/product"}],"wp:attachment":[{"href":"https:\/\/roveyayinevi.com.tr\/index.php\/wp-json\/wp\/v2\/media?parent=711654"}],"wp:term":[{"taxonomy":"product_brand","embeddable":true,"href":"https:\/\/roveyayinevi.com.tr\/index.php\/wp-json\/wp\/v2\/product_brand?post=711654"},{"taxonomy":"product_cat","embeddable":true,"href":"https:\/\/roveyayinevi.com.tr\/index.php\/wp-json\/wp\/v2\/product_cat?post=711654"},{"taxonomy":"product_tag","embeddable":true,"href":"https:\/\/roveyayinevi.com.tr\/index.php\/wp-json\/wp\/v2\/product_tag?post=711654"}],"curies":[{"name":"wp","href":"https:\/\/api.w.org\/{rel}","templated":true}]}}