{"id":711648,"date":"2025-08-27T16:48:05","date_gmt":"2025-08-27T13:48:05","guid":{"rendered":"https:\/\/roveyayinevi.com.tr\/index.php\/urun\/mintika\/"},"modified":"2026-04-16T02:20:28","modified_gmt":"2026-04-15T23:20:28","slug":"mintika","status":"publish","type":"product","link":"https:\/\/roveyayinevi.com.tr\/index.php\/urun\/mintika\/","title":{"rendered":"M\u0131nt\u0131ka"},"content":{"rendered":"<p>H\u0131rvat as\u0131ll\u0131 Frans\u0131z ajan Francis Servain Mirkovi\u00b4c, Frans\u0131z \u0130stihbarat Servisi\u2019ne ba\u011fl\u0131 g\u00f6rev yapt\u0131\u011f\u0131, kendi deyimiyle \u201cM\u0131nt\u0131ka\u201ds\u0131 olan Akdeniz havzas\u0131nda deh\u015fet ve \u015fiddet dolu ili\u015fki a\u011flar\u0131 i\u00e7inde ge\u00e7irilen y\u0131llar\u0131n ard\u0131ndan depresyona ve alkolizme e\u011filimli orta ya\u015fl\u0131 bir adamd\u0131r art\u0131k. Son be\u015f y\u0131ld\u0131r da kendisini, resm\u00ee g\u00f6revinin sa\u011flad\u0131\u011f\u0131 imk\u00e2nlardan yararlanarak M\u0131nt\u0131ka\u2019s\u0131ndaki siyasi ve asker\u00ee cinayetlere ve katliamlara dair gizli kalm\u0131\u015f belgeleri toplamaya kapt\u0131rm\u0131\u015ft\u0131r. Mirkovi\u00b4c, belgeleri Vatikan\u2019daki \u201cebediyet uzmanlar\u0131na\u201d teslim etmek ve sonra da yeni sahte kimli\u011fi ve ge\u00e7mi\u015fini bilmeyen sevgilisiyle yeni bir hayata ba\u015flamak niyetindedir. Ancak Milano-Roma aras\u0131nda, \u201cd\u00fcnyan\u0131n sonuna\u201d do\u011fru uzanan bu tren yolu boyunca, \u201c\u00f6l\u00fclerle dolu valizdeki\u201d hik\u00e2yeler, g\u00f6\u00e7ler ve sava\u015flarla sar\u0131lm\u0131\u015f aile tarihi, kendi sava\u015f travmas\u0131 ve karanl\u0131k ge\u00e7mi\u015fi zihnine musallat olur. Yazar, \u201cAkdeniz\u2019in en parlak, en g\u00fczel imparatorlu\u011fu\u201d dedi\u011fi Osmanl\u0131\u2019n\u0131n son d\u00f6nemine dair hik\u00e2yelerinden \u0130stanbul tasvirlerine, \u0130stanbul\u2019un fethinden \u00c7anakkale Sava\u015f\u0131\u2019na, Osmanl\u0131 Yahudilerinin kaderinden Akdeniz sahillerindeki tatil k\u00f6ylerine kadar anlat\u0131lar\u0131yla da T\u00fcrkiye tarihine ve co\u011frafyas\u0131na \u00f6zel bir \u00f6nem atfediyor. \u201c\u00c7a\u011fda\u015f bir destan yaratmaya \u00e7al\u0131\u015ft\u0131m,\u201d diyen Goncourt \u00f6d\u00fcll\u00fc yazar Mathias Enard\u2019\u0131n \u201cedeb\u00ee bir \u015fok\u201d olarak tan\u0131mlanan bu tek c\u00fcmlelik \u201cb\u00fcy\u00fck roman\u0131\u201d, t\u0131pk\u0131 s\u0131k s\u0131k and\u0131\u011f\u0131 \u0130lyada destan\u0131 gibi, ola\u011fan\u00fcst\u00fc ritmi, deh\u015fet dolu olan\u0131 inceltmeyi ve g\u00f6rkemli k\u0131lmay\u0131 ba\u015faran \u00f6zg\u00fcn \u00fcslubuyla \u00e7a\u011fda\u015f edebiyat\u0131n en yetkin ve ba\u015far\u0131l\u0131 \u00f6rneklerinden biri olarak zihinlerimizde ve raflar\u0131m\u0131zdaki yerini alacak. <\/p>\n","protected":false},"excerpt":{"rendered":"<p>H\u0131rvat as\u0131ll\u0131 Frans\u0131z ajan Francis Servain Mirkovi\u00b4c, Frans\u0131z \u0130stihbarat Servisi\u2019ne ba\u011fl\u0131 g\u00f6rev yapt\u0131\u011f\u0131, kendi deyimiyle \u201cM\u0131nt\u0131ka\u201ds\u0131 olan Akdeniz havzas\u0131nda deh\u015fet ve \u015fiddet dolu ili\u015fki a\u011flar\u0131 i\u00e7inde<span class=\"excerpt-hellip\"> [\u2026]<\/span><\/p>\n","protected":false},"featured_media":0,"template":"","meta":{"_monsterinsights_skip_tracking":false,"_monsterinsights_sitenote_active":false,"_monsterinsights_sitenote_note":"","_monsterinsights_sitenote_category":0},"product_brand":[],"product_cat":[12291,12711],"product_tag":[],"class_list":{"0":"post-711648","1":"product","2":"type-product","3":"status-publish","5":"product_cat-edebiyat","6":"product_cat-roman-oyku","7":"pa_cilt-ciltsiz","8":"pa_tur-kitap","9":"pa_yayinevi-can-yayinlari","10":"pa_yazar-mathias-enard","12":"first","13":"instock","14":"sale","15":"shipping-taxable","16":"purchasable","17":"product-type-simple"},"_links":{"self":[{"href":"https:\/\/roveyayinevi.com.tr\/index.php\/wp-json\/wp\/v2\/product\/711648","targetHints":{"allow":["GET"]}}],"collection":[{"href":"https:\/\/roveyayinevi.com.tr\/index.php\/wp-json\/wp\/v2\/product"}],"about":[{"href":"https:\/\/roveyayinevi.com.tr\/index.php\/wp-json\/wp\/v2\/types\/product"}],"wp:attachment":[{"href":"https:\/\/roveyayinevi.com.tr\/index.php\/wp-json\/wp\/v2\/media?parent=711648"}],"wp:term":[{"taxonomy":"product_brand","embeddable":true,"href":"https:\/\/roveyayinevi.com.tr\/index.php\/wp-json\/wp\/v2\/product_brand?post=711648"},{"taxonomy":"product_cat","embeddable":true,"href":"https:\/\/roveyayinevi.com.tr\/index.php\/wp-json\/wp\/v2\/product_cat?post=711648"},{"taxonomy":"product_tag","embeddable":true,"href":"https:\/\/roveyayinevi.com.tr\/index.php\/wp-json\/wp\/v2\/product_tag?post=711648"}],"curies":[{"name":"wp","href":"https:\/\/api.w.org\/{rel}","templated":true}]}}