{"id":711644,"date":"2025-08-27T16:48:03","date_gmt":"2025-08-27T13:48:03","guid":{"rendered":"https:\/\/roveyayinevi.com.tr\/index.php\/urun\/ekonomide-masallar-gercekler\/"},"modified":"2026-04-16T02:20:28","modified_gmt":"2026-04-15T23:20:28","slug":"ekonomide-masallar-gercekler","status":"publish","type":"product","link":"https:\/\/roveyayinevi.com.tr\/index.php\/urun\/ekonomide-masallar-gercekler\/","title":{"rendered":"Ekonomide Masallar Ger\u00e7ekler"},"content":{"rendered":"<p>T\u00fcrkiye\u2019de ekonomi kitaplar\u0131n\u0131n k\u0131sa s\u00fcrede t\u00fckenmesi ve yeni bask\u0131lar\u0131n\u0131n yap\u0131lmas\u0131 pek s\u0131k g\u00f6r\u00fclen bir \u015fey de\u011fildir. \u201cEkonomide Masallar Ger\u00e7ekler\u201din 1. bask\u0131s\u0131 daha 3. haftada t\u00fckendi. Kitaba g\u00f6sterilen bu ilgi ile de yeni bir bask\u0131 ihtiyac\u0131 do\u011fdu.  \u201cT\u00fcrkiye, di\u011fer geli\u015fmekte olan \u00fclkeler gibi egemen g\u00fc\u00e7lerce ve onlar\u0131n yerel i\u015fbirlik\u00e7ilerince uzun zaman masallarla oyaland\u0131; ancak, bu masal\u0131n da bir sonu olacakt\u0131. Nitekim geli\u015fmeler de bu y\u00f6nde oldu. Halk, bir\u00e7ok \u00fclkede ge\u00e7mi\u015fine ve ya\u015fama ili\u015fkin var olan haklar\u0131n\u0131 yitirmemek i\u00e7in \u201cBen de var\u0131m!\u201d dedi. Kazanmasalar da, g\u00fc\u00e7lendiler, umutlar\u0131n\u0131 gelece\u011fe ta\u015f\u0131d\u0131lar.    \u00dclkemizde yeni masallar \u00fcretilmeye devam ediliyor; mega kentler, mega projeler finanse etmek i\u00e7in \u00fclke bor\u00e7land\u0131r\u0131l\u0131yor. Art\u0131k ge\u00e7mi\u015f de\u011fil, gelecek elimizden kay\u0131yor. T\u00fcrkiye Yeni Osmanl\u0131lar taraf\u0131ndan, Osmanl\u0131\u2019n\u0131n i\u00e7ine d\u00fc\u015ft\u00fc\u011f\u00fc bor\u00e7 \u00e7ukuruna ve siyasi ve iktisadi alanlarda politika \u00fcretemez bir \u00fclke konumuna do\u011fru h\u0131zla ko\u015fturuluyor. Biz bu masal\u0131n ger\u00e7ek y\u00fcz\u00fcn\u00fc g\u00f6stermeye \u00e7al\u0131\u015ft\u0131k. Anlayan anlayacak, anlamayanlara anlatmaya devam edece\u011fiz.    Anlatt\u0131\u011f\u0131m\u0131z bu masalda; kahramanlar da, yalpalayanlar da olacak. \u015ea\u015f\u0131rmamal\u0131y\u0131z, \u00e7\u00fcnk\u00fc Mustafa Kemal ATAT\u00dcRK\u2019\u00fcn Nutuk kitab\u0131n\u0131 okudu\u011fumuzda buna benzer olgular\u0131 \u00e7ok da garipsememiz gerekti\u011fini anl\u0131yoruz.\u201d -Prof. Dr. \u00d6mer Faruk \u00c7olak <\/p>\n","protected":false},"excerpt":{"rendered":"<p>T\u00fcrkiye\u2019de ekonomi kitaplar\u0131n\u0131n k\u0131sa s\u00fcrede t\u00fckenmesi ve yeni bask\u0131lar\u0131n\u0131n yap\u0131lmas\u0131 pek s\u0131k g\u00f6r\u00fclen bir \u015fey de\u011fildir. \u201cEkonomide Masallar Ger\u00e7ekler\u201din 1. bask\u0131s\u0131 daha 3. haftada t\u00fckendi. Kitaba<span class=\"excerpt-hellip\"> [\u2026]<\/span><\/p>\n","protected":false},"featured_media":0,"template":"","meta":{"_monsterinsights_skip_tracking":false,"_monsterinsights_sitenote_active":false,"_monsterinsights_sitenote_note":"","_monsterinsights_sitenote_category":0},"product_brand":[],"product_cat":[14841,13043],"product_tag":[],"class_list":{"0":"post-711644","1":"product","2":"type-product","3":"status-publish","5":"product_cat-arastirma-inceleme-kuram","6":"product_cat-ekonomi","7":"pa_cilt-ciltsiz","8":"pa_tur-kitap","9":"pa_yayinevi-efil-yayinevi","10":"pa_yazar-omer-faruk-colak","12":"first","13":"instock","14":"sale","15":"shipping-taxable","16":"purchasable","17":"product-type-simple"},"_links":{"self":[{"href":"https:\/\/roveyayinevi.com.tr\/index.php\/wp-json\/wp\/v2\/product\/711644","targetHints":{"allow":["GET"]}}],"collection":[{"href":"https:\/\/roveyayinevi.com.tr\/index.php\/wp-json\/wp\/v2\/product"}],"about":[{"href":"https:\/\/roveyayinevi.com.tr\/index.php\/wp-json\/wp\/v2\/types\/product"}],"wp:attachment":[{"href":"https:\/\/roveyayinevi.com.tr\/index.php\/wp-json\/wp\/v2\/media?parent=711644"}],"wp:term":[{"taxonomy":"product_brand","embeddable":true,"href":"https:\/\/roveyayinevi.com.tr\/index.php\/wp-json\/wp\/v2\/product_brand?post=711644"},{"taxonomy":"product_cat","embeddable":true,"href":"https:\/\/roveyayinevi.com.tr\/index.php\/wp-json\/wp\/v2\/product_cat?post=711644"},{"taxonomy":"product_tag","embeddable":true,"href":"https:\/\/roveyayinevi.com.tr\/index.php\/wp-json\/wp\/v2\/product_tag?post=711644"}],"curies":[{"name":"wp","href":"https:\/\/api.w.org\/{rel}","templated":true}]}}