{"id":711636,"date":"2025-08-27T16:47:52","date_gmt":"2025-08-27T13:47:52","guid":{"rendered":"https:\/\/roveyayinevi.com.tr\/index.php\/urun\/mevt-tek-hecelik-uyku\/"},"modified":"2026-04-16T02:20:28","modified_gmt":"2026-04-15T23:20:28","slug":"mevt-tek-hecelik-uyku","status":"publish","type":"product","link":"https:\/\/roveyayinevi.com.tr\/index.php\/urun\/mevt-tek-hecelik-uyku\/","title":{"rendered":"Mevt Tek Hecelik Uyku"},"content":{"rendered":"<p>Feryal Tilma\u00e7 Mevt Tek Hecelik Uyku\u2019da sakin ama yak\u0131c\u0131, derin ama yal\u0131n bir dille insanl\u0131k hallerine ayna tutuyor. On dokuz \u00f6yk\u00fcde sokaklar, apartman giri\u015fleri, arka bah\u00e7eler, i\u015f \u00e7\u0131k\u0131\u015flar\u0131, vapurlar, a\u011fa\u00e7lar, banklar, kafeler bir dekor olmaktan \u00e7\u0131k\u0131p \u00f6yk\u00fclerin karakteri haline geliyor. \u015eehrin kalabal\u0131\u011f\u0131nda eriyen, t\u00fckenen insan\u0131n hisleri, varolu\u015f m\u00fccadelesi yank\u0131lan\u0131rken her yerin bir sava\u015f alan\u0131 oldu\u011fu g\u00f6r\u00fcl\u00fcyor. \u0130nsan\u0131n kendiyle, ailesiyle, sevdi\u011fiyle, duygular\u0131yla, ge\u00e7mi\u015fiyle verdi\u011fi sava\u015flar\u0131n ne kadar y\u0131k\u0131c\u0131 ve ayn\u0131 zamanda ne kadar gerekli oldu\u011fu g\u00f6zler \u00f6n\u00fcne seriliyor. Feryal Tilma\u00e7\u2019\u0131n yay\u0131mland\u0131\u011f\u0131nda ses getiren ilk \u00f6yk\u00fc kitab\u0131 Mevt Tek Hecelik Uyku on sene sonra okurla bulu\u015fuyor. 2009 Sait Faik Hik\u00e2ye Arma\u011fan\u0131\u2019na de\u011fer g\u00f6r\u00fclen Tilma\u00e7, insan\u0131 ve insana dair her \u015feyi ustal\u0131kla anlat\u0131yor.                     \u201cHer hayat bir yerinden k\u0131r\u0131l\u0131rm\u0131\u015f.\u201d <\/p>\n","protected":false},"excerpt":{"rendered":"<p>Feryal Tilma\u00e7 Mevt Tek Hecelik Uyku\u2019da sakin ama yak\u0131c\u0131, derin ama yal\u0131n bir dille insanl\u0131k hallerine ayna tutuyor. On dokuz \u00f6yk\u00fcde sokaklar, apartman giri\u015fleri, arka bah\u00e7eler,<span class=\"excerpt-hellip\"> [\u2026]<\/span><\/p>\n","protected":false},"featured_media":0,"template":"","meta":{"_monsterinsights_skip_tracking":false,"_monsterinsights_sitenote_active":false,"_monsterinsights_sitenote_note":"","_monsterinsights_sitenote_category":0},"product_brand":[],"product_cat":[12291,12711],"product_tag":[],"class_list":{"0":"post-711636","1":"product","2":"type-product","3":"status-publish","5":"product_cat-edebiyat","6":"product_cat-roman-oyku","7":"pa_cilt-ciltsiz","8":"pa_tur-kitap","9":"pa_yayinevi-ithaki-yayinlari","10":"pa_yazar-feryal-tilmac","12":"first","13":"instock","14":"sale","15":"shipping-taxable","16":"purchasable","17":"product-type-simple"},"_links":{"self":[{"href":"https:\/\/roveyayinevi.com.tr\/index.php\/wp-json\/wp\/v2\/product\/711636","targetHints":{"allow":["GET"]}}],"collection":[{"href":"https:\/\/roveyayinevi.com.tr\/index.php\/wp-json\/wp\/v2\/product"}],"about":[{"href":"https:\/\/roveyayinevi.com.tr\/index.php\/wp-json\/wp\/v2\/types\/product"}],"wp:attachment":[{"href":"https:\/\/roveyayinevi.com.tr\/index.php\/wp-json\/wp\/v2\/media?parent=711636"}],"wp:term":[{"taxonomy":"product_brand","embeddable":true,"href":"https:\/\/roveyayinevi.com.tr\/index.php\/wp-json\/wp\/v2\/product_brand?post=711636"},{"taxonomy":"product_cat","embeddable":true,"href":"https:\/\/roveyayinevi.com.tr\/index.php\/wp-json\/wp\/v2\/product_cat?post=711636"},{"taxonomy":"product_tag","embeddable":true,"href":"https:\/\/roveyayinevi.com.tr\/index.php\/wp-json\/wp\/v2\/product_tag?post=711636"}],"curies":[{"name":"wp","href":"https:\/\/api.w.org\/{rel}","templated":true}]}}