{"id":711622,"date":"2025-08-27T16:47:44","date_gmt":"2025-08-27T13:47:44","guid":{"rendered":"https:\/\/roveyayinevi.com.tr\/index.php\/urun\/babalar-da-aglar\/"},"modified":"2026-02-02T02:21:40","modified_gmt":"2026-02-01T23:21:40","slug":"babalar-da-aglar","status":"publish","type":"product","link":"https:\/\/roveyayinevi.com.tr\/index.php\/urun\/babalar-da-aglar\/","title":{"rendered":"Babalar da A\u011flar"},"content":{"rendered":"<p>Babalar buzdolab\u0131n\u0131n i\u00e7indeki lambaya benzer. Buzdolab\u0131n kap\u0131s\u0131n\u0131 a\u00e7madan lamban\u0131n varl\u0131\u011f\u0131n\u0131n fark\u0131nda olmazs\u0131n\u0131z. Peki, babalar\u0131n y\u00fcrek kap\u0131s\u0131 nas\u0131l aralan\u0131r? Kim bilir nice s\u00f6ylenmemi\u015f s\u00f6zler sakl\u0131d\u0131r t\u0131pk\u0131 k\u0131r\u0131\u015f\u0131k aln\u0131ndaki \u00e7izgilerde kuytuya yat\u0131r\u0131lm\u0131\u015f duygular gibi. Ya\u015farken ya\u015fad\u0131klar\u0131 g\u00f6r\u00fclmemi\u015f  silik g\u00f6lgelerimizdir babam\u0131z.   Hem kendisinden korktu\u011fumuz tedirgin bir   d\u00fc\u015f gibidirler, hem de korktu\u011fumuz, can\u0131m\u0131z yand\u0131\u011f\u0131nda imdad\u0131m\u0131za yeti\u015fmesini bekledi\u011fimiz usulca yana\u011f\u0131m\u0131za dokunmas\u0131n\u0131 istedi\u011fimiz   yitik dayana\u011f\u0131m\u0131zd\u0131r babam\u0131z. Bir babay\u0131 ancak babas\u0131n\u0131 yatt\u0131\u011f\u0131 topra\u011f\u0131n alt\u0131ndan \u00e7a\u011f\u0131ran bir k\u0131z\u0131n g\u00f6zlerindeki \u00e7aresizlikten anlayabilirsiniz.  En  \u00e7ok  k\u0131zlar  say\u0131klar babalar\u0131n\u0131n isimlerini.  Sesinden \u00f6nce  solu\u011fu yere  d\u00fc\u015fer de  yerden kald\u0131ran baba eli yoktur art\u0131k. <\/p>\n","protected":false},"excerpt":{"rendered":"<p>Babalar buzdolab\u0131n\u0131n i\u00e7indeki lambaya benzer. Buzdolab\u0131n kap\u0131s\u0131n\u0131 a\u00e7madan lamban\u0131n varl\u0131\u011f\u0131n\u0131n fark\u0131nda olmazs\u0131n\u0131z. Peki, babalar\u0131n y\u00fcrek kap\u0131s\u0131 nas\u0131l aralan\u0131r? Kim bilir nice s\u00f6ylenmemi\u015f s\u00f6zler sakl\u0131d\u0131r t\u0131pk\u0131 k\u0131r\u0131\u015f\u0131k<span class=\"excerpt-hellip\"> [\u2026]<\/span><\/p>\n","protected":false},"featured_media":0,"template":"","meta":{"_monsterinsights_skip_tracking":false,"_monsterinsights_sitenote_active":false,"_monsterinsights_sitenote_note":"","_monsterinsights_sitenote_category":0},"product_brand":[],"product_cat":[12291,12292],"product_tag":[],"class_list":{"0":"post-711622","1":"product","2":"type-product","3":"status-publish","5":"product_cat-edebiyat","6":"product_cat-turk-edebiyati","7":"pa_cilt-ciltsiz","8":"pa_tur-kitap","9":"pa_yayinevi-kapi-yayinlari","10":"pa_yazar-sinan-yagmur","12":"first","13":"instock","14":"sale","15":"shipping-taxable","16":"purchasable","17":"product-type-simple"},"_links":{"self":[{"href":"https:\/\/roveyayinevi.com.tr\/index.php\/wp-json\/wp\/v2\/product\/711622","targetHints":{"allow":["GET"]}}],"collection":[{"href":"https:\/\/roveyayinevi.com.tr\/index.php\/wp-json\/wp\/v2\/product"}],"about":[{"href":"https:\/\/roveyayinevi.com.tr\/index.php\/wp-json\/wp\/v2\/types\/product"}],"wp:attachment":[{"href":"https:\/\/roveyayinevi.com.tr\/index.php\/wp-json\/wp\/v2\/media?parent=711622"}],"wp:term":[{"taxonomy":"product_brand","embeddable":true,"href":"https:\/\/roveyayinevi.com.tr\/index.php\/wp-json\/wp\/v2\/product_brand?post=711622"},{"taxonomy":"product_cat","embeddable":true,"href":"https:\/\/roveyayinevi.com.tr\/index.php\/wp-json\/wp\/v2\/product_cat?post=711622"},{"taxonomy":"product_tag","embeddable":true,"href":"https:\/\/roveyayinevi.com.tr\/index.php\/wp-json\/wp\/v2\/product_tag?post=711622"}],"curies":[{"name":"wp","href":"https:\/\/api.w.org\/{rel}","templated":true}]}}