{"id":711612,"date":"2025-08-27T16:47:39","date_gmt":"2025-08-27T13:47:39","guid":{"rendered":"https:\/\/roveyayinevi.com.tr\/index.php\/urun\/bale-okulu-10-veda-adimi-gosterisi\/"},"modified":"2026-04-16T02:20:28","modified_gmt":"2026-04-15T23:20:28","slug":"bale-okulu-10-veda-adimi-gosterisi","status":"publish","type":"product","link":"https:\/\/roveyayinevi.com.tr\/index.php\/urun\/bale-okulu-10-veda-adimi-gosterisi\/","title":{"rendered":"Bale Okulu 10 &#8211; Veda Ad\u0131m\u0131 G\u00f6sterisi"},"content":{"rendered":"<p>Greta mezun olmak \u00fczere ve son s\u0131n\u0131f \u00f6\u011frencilerinin yeteneklerini sergiledikleri Veda Ad\u0131m\u0131 G\u00f6sterisi\u2019ne haz\u0131rlan\u0131yor. Uyuyan G\u00fczel balesinde Aurora rol\u00fcn\u00fc se\u00e7en Greta, Viola\u2019dan b\u00fcy\u00fck bir iyilik istiyor: Bale tarihinin en \u00fcnl\u00fc Aurora\u2019s\u0131 olan Viola\u2019n\u0131n b\u00fcy\u00fckannesi Mary Violet Duchamp\u2019\u0131n ona yard\u0131m etmesini\u2026Viola, b\u00fcy\u00fckannesini, Greta\u2019y\u0131 Veda Ad\u0131m\u0131 G\u00f6sterisi\u2019ne haz\u0131rlamas\u0131 konusunda ikna edebilecek mi? T\u00fcm zorluklara ra\u011fmen Greta, ba\u015far\u0131yla mezun olabilecek mi? <\/p>\n","protected":false},"excerpt":{"rendered":"<p>Greta mezun olmak \u00fczere ve son s\u0131n\u0131f \u00f6\u011frencilerinin yeteneklerini sergiledikleri Veda Ad\u0131m\u0131 G\u00f6sterisi\u2019ne haz\u0131rlan\u0131yor. Uyuyan G\u00fczel balesinde Aurora rol\u00fcn\u00fc se\u00e7en Greta, Viola\u2019dan b\u00fcy\u00fck bir iyilik istiyor:<span class=\"excerpt-hellip\"> [\u2026]<\/span><\/p>\n","protected":false},"featured_media":0,"template":"","meta":{"_monsterinsights_skip_tracking":false,"_monsterinsights_sitenote_active":false,"_monsterinsights_sitenote_note":"","_monsterinsights_sitenote_category":0},"product_brand":[],"product_cat":[12275,12274],"product_tag":[],"class_list":{"0":"post-711612","1":"product","2":"type-product","3":"status-publish","5":"product_cat-6-12-yas-kitaplari","6":"product_cat-cocuk-ve-genclik-kitaplari","7":"pa_cilt-ciltsiz","8":"pa_tur-kitap","9":"pa_yayinevi-beyaz-balina-yayinlari","10":"pa_yazar-aurora-marsotto","12":"first","13":"instock","14":"sale","15":"shipping-taxable","16":"purchasable","17":"product-type-simple"},"_links":{"self":[{"href":"https:\/\/roveyayinevi.com.tr\/index.php\/wp-json\/wp\/v2\/product\/711612","targetHints":{"allow":["GET"]}}],"collection":[{"href":"https:\/\/roveyayinevi.com.tr\/index.php\/wp-json\/wp\/v2\/product"}],"about":[{"href":"https:\/\/roveyayinevi.com.tr\/index.php\/wp-json\/wp\/v2\/types\/product"}],"wp:attachment":[{"href":"https:\/\/roveyayinevi.com.tr\/index.php\/wp-json\/wp\/v2\/media?parent=711612"}],"wp:term":[{"taxonomy":"product_brand","embeddable":true,"href":"https:\/\/roveyayinevi.com.tr\/index.php\/wp-json\/wp\/v2\/product_brand?post=711612"},{"taxonomy":"product_cat","embeddable":true,"href":"https:\/\/roveyayinevi.com.tr\/index.php\/wp-json\/wp\/v2\/product_cat?post=711612"},{"taxonomy":"product_tag","embeddable":true,"href":"https:\/\/roveyayinevi.com.tr\/index.php\/wp-json\/wp\/v2\/product_tag?post=711612"}],"curies":[{"name":"wp","href":"https:\/\/api.w.org\/{rel}","templated":true}]}}