{"id":711605,"date":"2025-08-27T16:47:36","date_gmt":"2025-08-27T13:47:36","guid":{"rendered":"https:\/\/roveyayinevi.com.tr\/index.php\/urun\/kaptan-kazimin-sag-yanagi\/"},"modified":"2026-04-16T02:20:27","modified_gmt":"2026-04-15T23:20:27","slug":"kaptan-kazimin-sag-yanagi","status":"publish","type":"product","link":"https:\/\/roveyayinevi.com.tr\/index.php\/urun\/kaptan-kazimin-sag-yanagi\/","title":{"rendered":"Kaptan Kaz\u0131m&#8217;\u0131n Sa\u011f Yana\u011f\u0131"},"content":{"rendered":"<p>Ya\u015fama acemisi bir h\u00e2kimi, usta bir sinirbilimciyi, Ege\u2019de bir adada ya\u015fayan matematik \u00f6\u011fretmenini, ayn\u0131 adadaki huysuz Remziye Nine\u2019yi, Istanbullu gen\u00e7lerden olu\u015fan Memnunlar G\u00fcvertesi m\u00fczik grubunu, Arjantinli bir muhasebeciyi, \u00c7inli bir \u00f6\u011frenciyi, Girit\u2019e giden iki Ispanyol yolcu gemisindeki elli sekiz k\u00f6pe\u011fi&#8230; kim bir araya getirebilir? Tabii ki Kaptan K\u00e2z\u0131m K\u0131nal\u0131! Her \u015fey, Kaptan\u2019\u0131n may\u0131s g\u00fcne\u015fini g\u00f6r\u00fcnce yanan sa\u011f yana\u011f\u0131yla ba\u015flar. \u00dcsk\u00fcdar-Emin\u00f6n\u00fc vapurunun kaptan\u0131 K\u00e2z\u0131m K\u0131nal\u0131, o sabah Emin\u00f6n\u00fc\u2019nden \u00dcsk\u00fcdar\u2019a d\u00f6nmeyecek, yolcularla birlikte Ege\u2019ye do\u011fru yol alacakt\u0131r. Bu seyahatin, b\u00fct\u00fcn d\u00fcnyay\u0131 saran bir harekete yol a\u00e7aca\u011f\u0131ndan ne Kaptan haberdard\u0131r, ne de yolcular&#8230;   \u201cMiryal\u0131 Sarp Sakin\u2019e G\u00f6re D\u00fcnya\u201d dizisiyle tan\u0131d\u0131\u011f\u0131m\u0131z Ay\u015fe G\u00fcren, bu kitab\u0131nda dostlu\u011fu, dayan\u0131\u015fmay\u0131, hayalleri, en \u00e7ok da ne\u015feyi, sohbeti, m\u00fczi\u011fi, dans\u0131, bahar g\u00fcne\u015finin alt\u0131nda bir araya g etiriyor. Bunca \u00f6dev, i\u015f g\u00fc\u00e7 aras\u0131nda unutulmas\u0131nlar diye\u2026 <\/p>\n","protected":false},"excerpt":{"rendered":"<p>Ya\u015fama acemisi bir h\u00e2kimi, usta bir sinirbilimciyi, Ege\u2019de bir adada ya\u015fayan matematik \u00f6\u011fretmenini, ayn\u0131 adadaki huysuz Remziye Nine\u2019yi, Istanbullu gen\u00e7lerden olu\u015fan Memnunlar G\u00fcvertesi m\u00fczik grubunu, Arjantinli<span class=\"excerpt-hellip\"> [\u2026]<\/span><\/p>\n","protected":false},"featured_media":0,"template":"","meta":{"_monsterinsights_skip_tracking":false,"_monsterinsights_sitenote_active":false,"_monsterinsights_sitenote_note":"","_monsterinsights_sitenote_category":0},"product_brand":[],"product_cat":[12275,12274],"product_tag":[],"class_list":{"0":"post-711605","1":"product","2":"type-product","3":"status-publish","5":"product_cat-6-12-yas-kitaplari","6":"product_cat-cocuk-ve-genclik-kitaplari","7":"pa_cilt-ciltsiz","8":"pa_tur-kitap","9":"pa_yayinevi-can-cocuk-yayinlari","10":"pa_yazar-ayse-guren","12":"first","13":"instock","14":"sale","15":"shipping-taxable","16":"purchasable","17":"product-type-simple"},"_links":{"self":[{"href":"https:\/\/roveyayinevi.com.tr\/index.php\/wp-json\/wp\/v2\/product\/711605","targetHints":{"allow":["GET"]}}],"collection":[{"href":"https:\/\/roveyayinevi.com.tr\/index.php\/wp-json\/wp\/v2\/product"}],"about":[{"href":"https:\/\/roveyayinevi.com.tr\/index.php\/wp-json\/wp\/v2\/types\/product"}],"wp:attachment":[{"href":"https:\/\/roveyayinevi.com.tr\/index.php\/wp-json\/wp\/v2\/media?parent=711605"}],"wp:term":[{"taxonomy":"product_brand","embeddable":true,"href":"https:\/\/roveyayinevi.com.tr\/index.php\/wp-json\/wp\/v2\/product_brand?post=711605"},{"taxonomy":"product_cat","embeddable":true,"href":"https:\/\/roveyayinevi.com.tr\/index.php\/wp-json\/wp\/v2\/product_cat?post=711605"},{"taxonomy":"product_tag","embeddable":true,"href":"https:\/\/roveyayinevi.com.tr\/index.php\/wp-json\/wp\/v2\/product_tag?post=711605"}],"curies":[{"name":"wp","href":"https:\/\/api.w.org\/{rel}","templated":true}]}}