{"id":711603,"date":"2025-08-27T16:47:35","date_gmt":"2025-08-27T13:47:35","guid":{"rendered":"https:\/\/roveyayinevi.com.tr\/index.php\/urun\/haram-saltanati\/"},"modified":"2026-04-08T02:26:29","modified_gmt":"2026-04-07T23:26:29","slug":"haram-saltanati","status":"publish","type":"product","link":"https:\/\/roveyayinevi.com.tr\/index.php\/urun\/haram-saltanati\/","title":{"rendered":"Haram Saltanat\u0131"},"content":{"rendered":"<p>2013 y\u0131l\u0131 Aral\u0131k ay\u0131n\u0131n ortalar\u0131yd\u0131&#8230; Bir sabah T\u00fcrkiye\u2019yi \u015fok eden operasyonlara uyand\u0131k.Bakan \u00e7ocuklar\u0131, \u201csayg\u0131n\u201d ve \u201chay\u0131rsever\u201d i\u015fadamlar\u0131, \u00fcst d\u00fczey b\u00fcrokratlar g\u00f6zalt\u0131na al\u0131n\u0131yor,ge\u00e7en her dakika \u201c\u015fok\u201d edici bilgiler b\u00fcy\u00fck bir ihtiyatla kamuoyuna duyuruluyordu.\u0130ddialar vahim bir o kadarda g\u00fc\u00e7l\u00fcyd\u00fc. Yeni yetme bir \u201ci\u015fadam\u0131\u201d devlette \u00f6n\u00fcne geleni\u201cyemlemi\u015f\u201d, bununla da yetinmemi\u015f, ak\u0131l almaz bir ticari \u201cbeceri\u201d ile \u201cT\u00fcrkiye\u2019nin cari a\u00e7\u0131\u011f\u0131n\u0131kapatm\u0131\u015f\u201dt\u0131.\u0130ddialar\u0131n ses-g\u00f6r\u00fcnt\u00fc kay\u0131tlar\u0131yla g\u00fc\u00e7lendirilmesiyle olay\u0131n \u201ckahraman\u0131\u201d halk\u0131n g\u00f6z\u00fcnde\u201cr\u00fc\u015fvet\u00e7i-sahtekar\u201d olmaya ba\u015flam\u0131\u015ft\u0131 ki, 1 Kas\u0131m 2013 tarihinde Emine Erdo\u011fan\u2019\u0131n elindenplaket ald\u0131\u011f\u0131 ortaya \u00e7\u0131kt\u0131. Zaten \u201cr\u00fc\u015fvet\u201d iddias\u0131yla tutuklanmas\u0131n\u0131n hemen ard\u0131ndan TayyipErdo\u011fan kendisinin \u201chay\u0131rsever bir i\u015fadam\u0131\u201d oldu\u011funu s\u00f6ylemi\u015fti. <\/p>\n","protected":false},"excerpt":{"rendered":"<p>2013 y\u0131l\u0131 Aral\u0131k ay\u0131n\u0131n ortalar\u0131yd\u0131&#8230; Bir sabah T\u00fcrkiye\u2019yi \u015fok eden operasyonlara uyand\u0131k.Bakan \u00e7ocuklar\u0131, \u201csayg\u0131n\u201d ve \u201chay\u0131rsever\u201d i\u015fadamlar\u0131, \u00fcst d\u00fczey b\u00fcrokratlar g\u00f6zalt\u0131na al\u0131n\u0131yor,ge\u00e7en her dakika \u201c\u015fok\u201d edici<span class=\"excerpt-hellip\"> [\u2026]<\/span><\/p>\n","protected":false},"featured_media":0,"template":"","meta":{"_monsterinsights_skip_tracking":false,"_monsterinsights_sitenote_active":false,"_monsterinsights_sitenote_note":"","_monsterinsights_sitenote_category":0},"product_brand":[],"product_cat":[12337,14543],"product_tag":[],"class_list":{"0":"post-711603","1":"product","2":"type-product","3":"status-publish","5":"product_cat-politika-siyaset","6":"product_cat-turkiye-siyaseti-ve-politikasi","7":"pa_cilt-ciltsiz","8":"pa_tur-kitap","9":"pa_yayinevi-altayli-yayinlari","10":"pa_yazar-bekir-ozturk","12":"first","13":"instock","14":"sale","15":"shipping-taxable","16":"purchasable","17":"product-type-simple"},"_links":{"self":[{"href":"https:\/\/roveyayinevi.com.tr\/index.php\/wp-json\/wp\/v2\/product\/711603","targetHints":{"allow":["GET"]}}],"collection":[{"href":"https:\/\/roveyayinevi.com.tr\/index.php\/wp-json\/wp\/v2\/product"}],"about":[{"href":"https:\/\/roveyayinevi.com.tr\/index.php\/wp-json\/wp\/v2\/types\/product"}],"wp:attachment":[{"href":"https:\/\/roveyayinevi.com.tr\/index.php\/wp-json\/wp\/v2\/media?parent=711603"}],"wp:term":[{"taxonomy":"product_brand","embeddable":true,"href":"https:\/\/roveyayinevi.com.tr\/index.php\/wp-json\/wp\/v2\/product_brand?post=711603"},{"taxonomy":"product_cat","embeddable":true,"href":"https:\/\/roveyayinevi.com.tr\/index.php\/wp-json\/wp\/v2\/product_cat?post=711603"},{"taxonomy":"product_tag","embeddable":true,"href":"https:\/\/roveyayinevi.com.tr\/index.php\/wp-json\/wp\/v2\/product_tag?post=711603"}],"curies":[{"name":"wp","href":"https:\/\/api.w.org\/{rel}","templated":true}]}}