{"id":711600,"date":"2025-08-27T16:47:33","date_gmt":"2025-08-27T13:47:33","guid":{"rendered":"https:\/\/roveyayinevi.com.tr\/index.php\/urun\/vaiz-1-teksas-yollari\/"},"modified":"2026-04-16T02:20:27","modified_gmt":"2026-04-15T23:20:27","slug":"vaiz-1-teksas-yollari","status":"publish","type":"product","link":"https:\/\/roveyayinevi.com.tr\/index.php\/urun\/vaiz-1-teksas-yollari\/","title":{"rendered":"Vaiz 1 &#8211; Teksas Yollar\u0131"},"content":{"rendered":"<p>\u201cVAI\u0307ZI\u0307N VAKTI\u0307 GELMI\u0307S\u0327TI\u0307&#8230;\u201d   Jesse Custer ku\u0308c\u0327u\u0308k bir kasaba rahibiydi ve yavas\u0327 yavas\u0327 inanc\u0131n\u0131 kaybediyordu&#8230; ta ki yar\u0131 melek, yar\u0131 s\u0327eytan bir yarat\u0131k olan Yarat\u0131l\u0131s\u0327 onunla birles\u0327ene dek. Eski sevgilisi Tulip ve I\u0307rlandal\u0131 alkolik bir vampir olan Cassidy ile birlikte Vaiz Jesse, Tanr\u0131\u2019y\u0131 bulmak ic\u0327in Teksas\u2019\u0131n yu\u0308reg\u0306inden New York\u2019un kasvetli ruhuna dog\u0306ru yolculug\u0306a c\u0327\u0131kacakt\u0131. C\u0327izgi roman tarihinin en o\u0308nemli serilerinden biri olan VAI\u0307Z\u2019in ilk cildi; h\u0131zl\u0131, sert ve kara mizahla birles\u0327mis\u0327: Teksas Yollar\u0131, Garth Ennis ve Steve Dillon birliktelig\u0306inin benzersiz bir u\u0308ru\u0308nu\u0308. \u201cGarth Ennis Vaiz\u2019le birlikte Alan Moore, Neil Gaiman gibi efsanelerin aras\u0131na kat\u0131l\u0131yor. Steve Dillon\u2019\u0131n c\u0327izimleri de bu maceray\u0131 bir u\u0308st seviyeye tas\u0327\u0131yor. Sinemaya gitmekten c\u0327ok daha keyifli.\u201d \u2013Kevin Smith \u201cC\u0327izgi romanlar kitap haline do\u0308nmeye bas\u0327lad\u0131g\u0306\u0131ndan beri yaz\u0131lm\u0131s\u0327 en iyi s\u0327ey.\u201d \u2013Washington Post   \u201cTu\u0308r ic\u0327erisinde yaz\u0131lm\u0131s\u0327 en iyi eser.\u201d \u2013Guardian   Joe R. Lansdale\u2019in sunumuyla <\/p>\n","protected":false},"excerpt":{"rendered":"<p>\u201cVAI\u0307ZI\u0307N VAKTI\u0307 GELMI\u0307S\u0327TI\u0307&#8230;\u201d Jesse Custer ku\u0308c\u0327u\u0308k bir kasaba rahibiydi ve yavas\u0327 yavas\u0327 inanc\u0131n\u0131 kaybediyordu&#8230; ta ki yar\u0131 melek, yar\u0131 s\u0327eytan bir yarat\u0131k olan Yarat\u0131l\u0131s\u0327 onunla birles\u0327ene<span class=\"excerpt-hellip\"> [\u2026]<\/span><\/p>\n","protected":false},"featured_media":0,"template":"","meta":{"_monsterinsights_skip_tracking":false,"_monsterinsights_sitenote_active":false,"_monsterinsights_sitenote_note":"","_monsterinsights_sitenote_category":0},"product_brand":[],"product_cat":[12689,12274],"product_tag":[],"class_list":{"0":"post-711600","1":"product","2":"type-product","3":"status-publish","5":"product_cat-cizgi-roman-cocuk-ve-genclik-kitaplari","6":"product_cat-cocuk-ve-genclik-kitaplari","7":"pa_cilt-ciltsiz","8":"pa_tur-kitap","9":"pa_yayinevi-ithaki-yayinlari","10":"pa_yazar-garth-ennis-steve-dillon","12":"first","13":"instock","14":"sale","15":"shipping-taxable","16":"purchasable","17":"product-type-simple"},"_links":{"self":[{"href":"https:\/\/roveyayinevi.com.tr\/index.php\/wp-json\/wp\/v2\/product\/711600","targetHints":{"allow":["GET"]}}],"collection":[{"href":"https:\/\/roveyayinevi.com.tr\/index.php\/wp-json\/wp\/v2\/product"}],"about":[{"href":"https:\/\/roveyayinevi.com.tr\/index.php\/wp-json\/wp\/v2\/types\/product"}],"wp:attachment":[{"href":"https:\/\/roveyayinevi.com.tr\/index.php\/wp-json\/wp\/v2\/media?parent=711600"}],"wp:term":[{"taxonomy":"product_brand","embeddable":true,"href":"https:\/\/roveyayinevi.com.tr\/index.php\/wp-json\/wp\/v2\/product_brand?post=711600"},{"taxonomy":"product_cat","embeddable":true,"href":"https:\/\/roveyayinevi.com.tr\/index.php\/wp-json\/wp\/v2\/product_cat?post=711600"},{"taxonomy":"product_tag","embeddable":true,"href":"https:\/\/roveyayinevi.com.tr\/index.php\/wp-json\/wp\/v2\/product_tag?post=711600"}],"curies":[{"name":"wp","href":"https:\/\/api.w.org\/{rel}","templated":true}]}}