{"id":711599,"date":"2025-08-27T16:47:33","date_gmt":"2025-08-27T13:47:33","guid":{"rendered":"https:\/\/roveyayinevi.com.tr\/index.php\/urun\/sandman-4-sisler-mevsimi\/"},"modified":"2026-04-08T02:26:29","modified_gmt":"2026-04-07T23:26:29","slug":"sandman-4-sisler-mevsimi","status":"publish","type":"product","link":"https:\/\/roveyayinevi.com.tr\/index.php\/urun\/sandman-4-sisler-mevsimi\/","title":{"rendered":"Sandman 4: Sisler Mevsimi"},"content":{"rendered":"<p>SANDMAN\u2019in zirve noktalar\u0131ndan biri olan do\u0308rdu\u0308ncu\u0308 cildinde s\u0327imdiye dek anlat\u0131lan tu\u0308m ku\u0308c\u0327u\u0308k hika\u0302yeler bir bu\u0308tu\u0308nu\u0308n etraf\u0131nda do\u0308nmeye bas\u0327l\u0131yor. Du\u0308s\u0327ler Kral\u0131 Morpheus o\u0308lu\u0308msu\u0308z ailesi Sonsuzlar ve Cehennem Lordu Lucifer Sabahy\u0131ld\u0131z\u0131\u2019n\u0131n yan\u0131 s\u0131ra perilerden iblislere, M\u0131s\u0131r ve I\u0307skandinav tanr\u0131lar\u0131ndan daha birc\u0327ok kutsal ve mitolojik figu\u0308re kadar say\u0131s\u0131z o\u0308nemli yarat\u0131kla yu\u0308zles\u0327mek zorunda kal\u0131yor. Ve bu\u0308tu\u0308n bunlar\u0131 yaparken tu\u0308m varolus\u0327u etkileyecek bir karar\u0131n anahtar\u0131n\u0131 elinde tutuyor.     \u201cC\u0327izgi roman tarihindeki en mu\u0308this\u0327 destan.\u201d \u2013The Los Angeles Times Magazine   \u201cNeil Gaiman hika\u0302yelerle dolu bir hazine sand\u0131g\u0306\u0131 ve elini hangi is\u0327e atsa biz ka\u0302rl\u0131 c\u0327\u0131k\u0131yoruz.\u201d \u2013Stephen King   \u201cC\u0327izgi roman okuyup okumaman\u0131z umurumda bile deg\u0306il ama bu seriyi kesinlikle okumal\u0131s\u0131n\u0131z.\u201d \u2013Patrick Rothfuss   \u201cGaiman, zengin bir hayal gu\u0308cu\u0308ne ve bu\u0308yu\u0308k konular\u0131 ustal\u0131kla anlatma yeteneg\u0306ine sahip.\u201d \u2013Philip Pullman   Harlan Ellison\u2019\u0131n sunumuyla <\/p>\n","protected":false},"excerpt":{"rendered":"<p>SANDMAN\u2019in zirve noktalar\u0131ndan biri olan do\u0308rdu\u0308ncu\u0308 cildinde s\u0327imdiye dek anlat\u0131lan tu\u0308m ku\u0308c\u0327u\u0308k hika\u0302yeler bir bu\u0308tu\u0308nu\u0308n etraf\u0131nda do\u0308nmeye bas\u0327l\u0131yor. Du\u0308s\u0327ler Kral\u0131 Morpheus o\u0308lu\u0308msu\u0308z ailesi Sonsuzlar ve Cehennem<span class=\"excerpt-hellip\"> [\u2026]<\/span><\/p>\n","protected":false},"featured_media":0,"template":"","meta":{"_monsterinsights_skip_tracking":false,"_monsterinsights_sitenote_active":false,"_monsterinsights_sitenote_note":"","_monsterinsights_sitenote_category":0},"product_brand":[],"product_cat":[12416,12291],"product_tag":[],"class_list":{"0":"post-711599","1":"product","2":"type-product","3":"status-publish","5":"product_cat-cizgi-roman","6":"product_cat-edebiyat","7":"pa_cilt-ciltsiz","8":"pa_tur-kitap","9":"pa_yayinevi-ithaki-yayinlari","10":"pa_yazar-neil-gaiman","12":"first","13":"instock","14":"sale","15":"shipping-taxable","16":"purchasable","17":"product-type-simple"},"_links":{"self":[{"href":"https:\/\/roveyayinevi.com.tr\/index.php\/wp-json\/wp\/v2\/product\/711599","targetHints":{"allow":["GET"]}}],"collection":[{"href":"https:\/\/roveyayinevi.com.tr\/index.php\/wp-json\/wp\/v2\/product"}],"about":[{"href":"https:\/\/roveyayinevi.com.tr\/index.php\/wp-json\/wp\/v2\/types\/product"}],"wp:attachment":[{"href":"https:\/\/roveyayinevi.com.tr\/index.php\/wp-json\/wp\/v2\/media?parent=711599"}],"wp:term":[{"taxonomy":"product_brand","embeddable":true,"href":"https:\/\/roveyayinevi.com.tr\/index.php\/wp-json\/wp\/v2\/product_brand?post=711599"},{"taxonomy":"product_cat","embeddable":true,"href":"https:\/\/roveyayinevi.com.tr\/index.php\/wp-json\/wp\/v2\/product_cat?post=711599"},{"taxonomy":"product_tag","embeddable":true,"href":"https:\/\/roveyayinevi.com.tr\/index.php\/wp-json\/wp\/v2\/product_tag?post=711599"}],"curies":[{"name":"wp","href":"https:\/\/api.w.org\/{rel}","templated":true}]}}