{"id":711589,"date":"2025-08-27T16:47:27","date_gmt":"2025-08-27T13:47:27","guid":{"rendered":"https:\/\/roveyayinevi.com.tr\/index.php\/urun\/zeynep-ve-canin-dinozor-maceralari-allosaurus-ve-arkadaslari\/"},"modified":"2026-04-16T02:20:27","modified_gmt":"2026-04-15T23:20:27","slug":"zeynep-ve-canin-dinozor-maceralari-allosaurus-ve-arkadaslari","status":"publish","type":"product","link":"https:\/\/roveyayinevi.com.tr\/index.php\/urun\/zeynep-ve-canin-dinozor-maceralari-allosaurus-ve-arkadaslari\/","title":{"rendered":"Zeynep ve Can&#8217;\u0131n Dinozor Maceralar\u0131: Allosaurus ve Arkada\u015flar\u0131"},"content":{"rendered":"<p>Zeynep, Can ve Efe\u2019nin, k\u00f6pekleri Korsan\u2019la birlikte dinozorlar\u0131 ke\u015ffetme maceras\u0131 devam ediyor. Bu ikinci kitapta, vah\u015fi et\u00e7il Allosaurus\u2019a, Utahraptor, Pteranodon, Tylosaurus, Corythosaurus ve Triceratops e\u015flik ediyor.Dinozorlar\u0131n fiziksel \u00f6zellikleri, d\u00fcnya \u00fczerinde ya\u015fad\u0131klar\u0131 yerler, fosillerinin bulundu\u011fu m\u00fczeler gibi pek \u00e7ok farkl\u0131 bilgiyi bulabilece\u011finiz bu kitap, harika resimleriyle sizi tarih \u00f6ncesi \u00e7a\u011flara g\u00f6t\u00fcrecek. <\/p>\n","protected":false},"excerpt":{"rendered":"<p>Zeynep, Can ve Efe\u2019nin, k\u00f6pekleri Korsan\u2019la birlikte dinozorlar\u0131 ke\u015ffetme maceras\u0131 devam ediyor. Bu ikinci kitapta, vah\u015fi et\u00e7il Allosaurus\u2019a, Utahraptor, Pteranodon, Tylosaurus, Corythosaurus ve Triceratops e\u015flik ediyor.Dinozorlar\u0131n<span class=\"excerpt-hellip\"> [\u2026]<\/span><\/p>\n","protected":false},"featured_media":0,"template":"","meta":{"_monsterinsights_skip_tracking":false,"_monsterinsights_sitenote_active":false,"_monsterinsights_sitenote_note":"","_monsterinsights_sitenote_category":0},"product_brand":[],"product_cat":[22249,13527],"product_tag":[],"class_list":{"0":"post-711589","1":"product","2":"type-product","3":"status-publish","5":"product_cat-bilim","6":"product_cat-sureli-yayinlar","7":"pa_cilt-ciltsiz","8":"pa_tur-kitap","9":"pa_yayinevi-potikare-yayincilik","10":"pa_yazar-edline","12":"first","13":"instock","14":"sale","15":"shipping-taxable","16":"purchasable","17":"product-type-simple"},"_links":{"self":[{"href":"https:\/\/roveyayinevi.com.tr\/index.php\/wp-json\/wp\/v2\/product\/711589","targetHints":{"allow":["GET"]}}],"collection":[{"href":"https:\/\/roveyayinevi.com.tr\/index.php\/wp-json\/wp\/v2\/product"}],"about":[{"href":"https:\/\/roveyayinevi.com.tr\/index.php\/wp-json\/wp\/v2\/types\/product"}],"wp:attachment":[{"href":"https:\/\/roveyayinevi.com.tr\/index.php\/wp-json\/wp\/v2\/media?parent=711589"}],"wp:term":[{"taxonomy":"product_brand","embeddable":true,"href":"https:\/\/roveyayinevi.com.tr\/index.php\/wp-json\/wp\/v2\/product_brand?post=711589"},{"taxonomy":"product_cat","embeddable":true,"href":"https:\/\/roveyayinevi.com.tr\/index.php\/wp-json\/wp\/v2\/product_cat?post=711589"},{"taxonomy":"product_tag","embeddable":true,"href":"https:\/\/roveyayinevi.com.tr\/index.php\/wp-json\/wp\/v2\/product_tag?post=711589"}],"curies":[{"name":"wp","href":"https:\/\/api.w.org\/{rel}","templated":true}]}}