{"id":711586,"date":"2025-08-27T16:47:25","date_gmt":"2025-08-27T13:47:25","guid":{"rendered":"https:\/\/roveyayinevi.com.tr\/index.php\/urun\/aleviligin-yazili-kaynaklari\/"},"modified":"2026-04-16T02:20:27","modified_gmt":"2026-04-15T23:20:27","slug":"aleviligin-yazili-kaynaklari","status":"publish","type":"product","link":"https:\/\/roveyayinevi.com.tr\/index.php\/urun\/aleviligin-yazili-kaynaklari\/","title":{"rendered":"Alevili\u011fin Yaz\u0131l\u0131 Kaynaklar\u0131"},"content":{"rendered":"<p>Bug\u00fcne kadar Alev\u00eeli\u011fin yaz\u0131l\u0131 kaynaklar\u0131n\u0131n olma-d\u0131\u011f\u0131 ileri s\u00fcr\u00fcld\u00fc. Alev\u00eelik, s\u00f6zl\u00fc k\u00fclt\u00fcr \u00fczerinden anla\u015f\u0131lmaya \u00e7al\u0131\u015f\u0131l-d\u0131. Bu nedenle Alev\u00eelik \u00e7al\u0131\u015fmalar\u0131, ne tam anlam\u0131yla teolojik ve ne de tam anlam\u0131yla halkbilimsel (folklorik) bir \u00e7er\u00e7eveye oturtulabildi. Kafalar kar\u0131\u015ft\u0131. S\u00fcnn\u00eelik \u00e7al\u0131\u015fmalar\u0131 ise, teolojik a\u00e7\u0131dan ve yaz\u0131l\u0131 kaynaklar \u00fczerinden yap\u0131ld\u0131. Farkl\u0131 metotlar ve kaynaklar \u00fczerinden yap\u0131lan Alev\u00eelik ve S\u00fcnn\u00eelik \u00e7al\u0131\u015fmalar\u0131, ayn\u0131 d\u00fczlemde kar\u015f\u0131-la\u015ft\u0131r\u0131ld\u0131. Bu b\u00fcy\u00fck bir yanl\u0131\u015ft\u0131. Sonu\u00e7ta ya\u015fanan kavram karga\u015fas\u0131 daha da b\u00fc-y\u00fcd\u00fc. Faylar daha da derinle\u015fti. *** Alev\u00eeli\u011fin yaz\u0131l\u0131 kaynaklar\u0131, san\u0131ld\u0131\u011f\u0131n\u0131n aksine yok de\u011fildir. Tarihte de yok de\u011fildi. D\u00fcn varlard\u0131, bug\u00fcn az da olsa varlar. \u015e\u00fcphesiz; yar\u0131n daha fazla olacaklar. Bu kaynaklar, ge\u00e7mi\u015fte Alev\u00ee toplumunun elinden zorla al\u0131nd\u0131. Yasakland\u0131. El konuldu. Yak\u0131ld\u0131. \u00dcstelik b\u00fct\u00fcn bunlar devlet eliyle ve sistematik ola-rak yap\u0131ld\u0131. Alev\u00eeler taraf\u0131ndan binbir g\u00fc\u00e7l\u00fckle saklanan ve el-den ele ula\u015ft\u0131r\u0131labilen az say\u0131da eser g\u00fcn\u00fcm\u00fcze kadar ula\u015fabildi. Alev\u00eeli\u011fin Yaz\u0131l\u0131 Kaynaklar\u0131 kitab\u0131; \u201cyok\u201d denilen Alev\u00eeli\u011fin yaz\u0131l\u0131 kaynaklar\u0131n\u0131 okura tan\u0131tmaktad\u0131r. <\/p>\n","protected":false},"excerpt":{"rendered":"<p>Bug\u00fcne kadar Alev\u00eeli\u011fin yaz\u0131l\u0131 kaynaklar\u0131n\u0131n olma-d\u0131\u011f\u0131 ileri s\u00fcr\u00fcld\u00fc. Alev\u00eelik, s\u00f6zl\u00fc k\u00fclt\u00fcr \u00fczerinden anla\u015f\u0131lmaya \u00e7al\u0131\u015f\u0131l-d\u0131. Bu nedenle Alev\u00eelik \u00e7al\u0131\u015fmalar\u0131, ne tam anlam\u0131yla teolojik ve ne de tam<span class=\"excerpt-hellip\"> [\u2026]<\/span><\/p>\n","protected":false},"featured_media":0,"template":"","meta":{"_monsterinsights_skip_tracking":false,"_monsterinsights_sitenote_active":false,"_monsterinsights_sitenote_note":"","_monsterinsights_sitenote_category":0},"product_brand":[],"product_cat":[13656,12337],"product_tag":[],"class_list":{"0":"post-711586","1":"product","2":"type-product","3":"status-publish","5":"product_cat-azinliklar-etnik-sorunlar","6":"product_cat-politika-siyaset","7":"pa_cilt-ciltsiz","8":"pa_tur-kitap","9":"pa_yayinevi-kripto-basim-yayin","10":"pa_yazar-ali-riza-ozdemir","12":"first","13":"instock","14":"sale","15":"shipping-taxable","16":"purchasable","17":"product-type-simple"},"_links":{"self":[{"href":"https:\/\/roveyayinevi.com.tr\/index.php\/wp-json\/wp\/v2\/product\/711586","targetHints":{"allow":["GET"]}}],"collection":[{"href":"https:\/\/roveyayinevi.com.tr\/index.php\/wp-json\/wp\/v2\/product"}],"about":[{"href":"https:\/\/roveyayinevi.com.tr\/index.php\/wp-json\/wp\/v2\/types\/product"}],"wp:attachment":[{"href":"https:\/\/roveyayinevi.com.tr\/index.php\/wp-json\/wp\/v2\/media?parent=711586"}],"wp:term":[{"taxonomy":"product_brand","embeddable":true,"href":"https:\/\/roveyayinevi.com.tr\/index.php\/wp-json\/wp\/v2\/product_brand?post=711586"},{"taxonomy":"product_cat","embeddable":true,"href":"https:\/\/roveyayinevi.com.tr\/index.php\/wp-json\/wp\/v2\/product_cat?post=711586"},{"taxonomy":"product_tag","embeddable":true,"href":"https:\/\/roveyayinevi.com.tr\/index.php\/wp-json\/wp\/v2\/product_tag?post=711586"}],"curies":[{"name":"wp","href":"https:\/\/api.w.org\/{rel}","templated":true}]}}