{"id":711553,"date":"2025-08-27T16:47:05","date_gmt":"2025-08-27T13:47:05","guid":{"rendered":"https:\/\/roveyayinevi.com.tr\/index.php\/urun\/hos-geldin-ataturk\/"},"modified":"2025-12-30T10:11:01","modified_gmt":"2025-12-30T07:11:01","slug":"hos-geldin-ataturk","status":"publish","type":"product","link":"https:\/\/roveyayinevi.com.tr\/index.php\/urun\/hos-geldin-ataturk\/","title":{"rendered":"Ho\u015f Geldin Atat\u00fcrk"},"content":{"rendered":"<p>Ho\u015f Geldin Atat\u00fcrk kitab\u0131; Cumhuriyetimizin kurucusu Mustafa Kemal Atat\u00fcrk\u2019\u00fcn hayat\u0131n\u0131n \u00f6nemli kesitlerine odaklan\u0131yor. \u00d6zellikle, belirli kesimlerce Atat\u00fcrk\u2019e y\u00f6neltilen iftiralara belgelerle cevap verilen eser, sahas\u0131nda tek olma vasf\u0131n\u0131 ta\u015f\u0131yor. Atat\u00fcrk ile ilgili d\u00fczenlenen sempozyumlarda yapt\u0131\u011f\u0131 iddial\u0131 konu\u015fmalar\u0131yla, yine Atat\u00fcrk hakk\u0131nda yazd\u0131\u011f\u0131 \u00e7arp\u0131c\u0131 makaleleri ve yapt\u0131\u011f\u0131 \u00f6nemli yorumlar\u0131yla kamuoyunda ses getiren, Ho\u015f Geldin Atat\u00fcrk eserinin yazar\u0131 Prof. Dr. Haydar Ba\u015f; bu kitapla, Atat\u00fcrk hakk\u0131nda yap\u0131lan b\u00fct\u00fcn tart\u0131\u015fmalara son noktay\u0131 koymay\u0131 hedefliyor. \ufffcTan\u0131t\u0131m Metni<\/p>\n","protected":false},"excerpt":{"rendered":"<p>Ho\u015f Geldin Atat\u00fcrk kitab\u0131; Cumhuriyetimizin kurucusu Mustafa Kemal Atat\u00fcrk\u2019\u00fcn hayat\u0131n\u0131n \u00f6nemli kesitlerine odaklan\u0131yor. \u00d6zellikle, belirli kesimlerce Atat\u00fcrk\u2019e y\u00f6neltilen iftiralara belgelerle cevap verilen eser, sahas\u0131nda tek olma<span class=\"excerpt-hellip\"> [\u2026]<\/span><\/p>\n","protected":false},"featured_media":0,"template":"","meta":{"_monsterinsights_skip_tracking":false,"_monsterinsights_sitenote_active":false,"_monsterinsights_sitenote_note":"","_monsterinsights_sitenote_category":0},"product_brand":[],"product_cat":[12530,12304],"product_tag":[],"class_list":{"0":"post-711553","1":"product","2":"type-product","3":"status-publish","5":"product_cat-mustafa-kemal-ataturk","6":"product_cat-tarih","7":"pa_cilt-ciltli","8":"pa_tur-kitap","9":"pa_yayinevi-icmal-yayinlari","10":"pa_yazar-haydar-bas","12":"first","13":"instock","14":"sale","15":"shipping-taxable","16":"purchasable","17":"product-type-simple"},"_links":{"self":[{"href":"https:\/\/roveyayinevi.com.tr\/index.php\/wp-json\/wp\/v2\/product\/711553","targetHints":{"allow":["GET"]}}],"collection":[{"href":"https:\/\/roveyayinevi.com.tr\/index.php\/wp-json\/wp\/v2\/product"}],"about":[{"href":"https:\/\/roveyayinevi.com.tr\/index.php\/wp-json\/wp\/v2\/types\/product"}],"wp:attachment":[{"href":"https:\/\/roveyayinevi.com.tr\/index.php\/wp-json\/wp\/v2\/media?parent=711553"}],"wp:term":[{"taxonomy":"product_brand","embeddable":true,"href":"https:\/\/roveyayinevi.com.tr\/index.php\/wp-json\/wp\/v2\/product_brand?post=711553"},{"taxonomy":"product_cat","embeddable":true,"href":"https:\/\/roveyayinevi.com.tr\/index.php\/wp-json\/wp\/v2\/product_cat?post=711553"},{"taxonomy":"product_tag","embeddable":true,"href":"https:\/\/roveyayinevi.com.tr\/index.php\/wp-json\/wp\/v2\/product_tag?post=711553"}],"curies":[{"name":"wp","href":"https:\/\/api.w.org\/{rel}","templated":true}]}}