{"id":711551,"date":"2025-08-27T16:47:04","date_gmt":"2025-08-27T13:47:04","guid":{"rendered":"https:\/\/roveyayinevi.com.tr\/index.php\/urun\/ormandaki-yabanci\/"},"modified":"2026-04-16T02:19:57","modified_gmt":"2026-04-15T23:19:57","slug":"ormandaki-yabanci","status":"publish","type":"product","link":"https:\/\/roveyayinevi.com.tr\/index.php\/urun\/ormandaki-yabanci\/","title":{"rendered":"Ormandaki Yabanc\u0131"},"content":{"rendered":"<p>Modern ya\u015famdan ka\u00e7mak bir\u00e7ok ki\u015finin hayalidir ancak \u00e7ok az ki\u015fi bu hayali ger\u00e7ekle\u015ftirir. Elinizdeki kitapta hik\u00e2yesi anlat\u0131lan Christopher Knight, bu hayali tam anlam\u0131yla s\u0131ra d\u0131\u015f\u0131 \u015fekilde ger\u00e7ekle\u015ftirenlerden. 1986 y\u0131l\u0131nda, 20 ya\u015f\u0131ndayken evinden ayr\u0131l\u0131p ormanda ya\u015famaya ba\u015flam\u0131\u015f Knight ve bu ya\u015fam tam 27 y\u0131l s\u00fcrm\u00fc\u015f. Bu s\u00fcre i\u00e7erisinde ba\u015fka hi\u00e7bir insanla sohbet etmemi\u015f \u2013sadece bir kez selam demi\u015f. Yemek, giyim, okumak i\u00e7in kitap ya da dergi gibi ihtiya\u00e7lar\u0131n\u0131 kul\u00fcbelerden \u00e7alarak kar\u015f\u0131lam\u0131\u015f ve sadece ihtiyac\u0131 olanlar\u0131 \u00e7alm\u0131\u015f -mesela 38 beden pantolon. Knight, ormanda ba\u015f\u0131na gelenleri, sahte bilgelik ve yan\u0131ts\u0131z bilmeceler korkusunu bir tarafa b\u0131rakarak anlat\u0131r: \u201c\u2018Karma\u015f\u0131k bir durum bu\u2019 dedi. \u2018Bir ba\u015f\u0131nal\u0131k bir \u015feyin k\u0131ymetini daha da art\u0131r\u0131r. Bu fikri \u00f6nemsemezlik edemem. Bir ba\u015f\u0131nal\u0131k alg\u0131m\u0131 y\u00fckseltti. Ama alengirli olan \u015fey \u015fu: Y\u00fckselen alg\u0131m\u0131 kendime y\u00f6neltti\u011fimde kimli\u011fimi yitirdim. \u0130zleyici yoktu, performans sergileyecek kimse yoktu. Kendimi tan\u0131mlamama gerek kalmam\u0131\u015ft\u0131. Konu d\u0131\u015f\u0131 hale gelmi\u015ftim.\u2019\u201d Finkel\u2019in ifadesiyle; \u201cKnight\u2019\u0131n yakalanmas\u0131 dev bir m\u00fcrekkep bal\u0131\u011f\u0131n\u0131n avlanmas\u0131n\u0131n insan kar\u015f\u0131l\u0131\u011f\u0131yd\u0131. \u0130nzivas\u0131 saf de\u011fildi; h\u0131rs\u0131zd\u0131 ama toplamda tek bir s\u00f6zc\u00fck s\u00f6yleyerek ve ba\u015fka hi\u00e7bir ki\u015fiye dokunmayarak sebatla yirmi yedi y\u0131l ge\u00e7irmi\u015fti.\u201d Ger\u00e7ek bir m\u00fcnzevinin, yaln\u0131zl\u0131k, toplum ve iyi ya\u015fama dair sorular sorman\u0131za neden olacak, okunmaya ve \u00fczerinde d\u00fc\u015f\u00fcnmeye de\u011fer s\u0131ra d\u0131\u015f\u0131 deneyimi. <\/p>\n","protected":false},"excerpt":{"rendered":"<p>Modern ya\u015famdan ka\u00e7mak bir\u00e7ok ki\u015finin hayalidir ancak \u00e7ok az ki\u015fi bu hayali ger\u00e7ekle\u015ftirir. Elinizdeki kitapta hik\u00e2yesi anlat\u0131lan Christopher Knight, bu hayali tam anlam\u0131yla s\u0131ra d\u0131\u015f\u0131 \u015fekilde<span class=\"excerpt-hellip\"> [\u2026]<\/span><\/p>\n","protected":false},"featured_media":0,"template":"","meta":{"_monsterinsights_skip_tracking":false,"_monsterinsights_sitenote_active":false,"_monsterinsights_sitenote_note":"","_monsterinsights_sitenote_category":0},"product_brand":[],"product_cat":[14009,12291],"product_tag":[],"class_list":{"0":"post-711551","1":"product","2":"type-product","3":"status-publish","5":"product_cat-biyografi-otobiyografi-edebiyat","6":"product_cat-edebiyat","7":"pa_cilt-ciltsiz","8":"pa_tur-kitap","9":"pa_yayinevi-heretik-yayincilik","10":"pa_yazar-michael-finkel","12":"first","13":"instock","14":"sale","15":"shipping-taxable","16":"purchasable","17":"product-type-simple"},"_links":{"self":[{"href":"https:\/\/roveyayinevi.com.tr\/index.php\/wp-json\/wp\/v2\/product\/711551","targetHints":{"allow":["GET"]}}],"collection":[{"href":"https:\/\/roveyayinevi.com.tr\/index.php\/wp-json\/wp\/v2\/product"}],"about":[{"href":"https:\/\/roveyayinevi.com.tr\/index.php\/wp-json\/wp\/v2\/types\/product"}],"wp:attachment":[{"href":"https:\/\/roveyayinevi.com.tr\/index.php\/wp-json\/wp\/v2\/media?parent=711551"}],"wp:term":[{"taxonomy":"product_brand","embeddable":true,"href":"https:\/\/roveyayinevi.com.tr\/index.php\/wp-json\/wp\/v2\/product_brand?post=711551"},{"taxonomy":"product_cat","embeddable":true,"href":"https:\/\/roveyayinevi.com.tr\/index.php\/wp-json\/wp\/v2\/product_cat?post=711551"},{"taxonomy":"product_tag","embeddable":true,"href":"https:\/\/roveyayinevi.com.tr\/index.php\/wp-json\/wp\/v2\/product_tag?post=711551"}],"curies":[{"name":"wp","href":"https:\/\/api.w.org\/{rel}","templated":true}]}}