{"id":711539,"date":"2025-08-27T16:46:58","date_gmt":"2025-08-27T13:46:58","guid":{"rendered":"https:\/\/roveyayinevi.com.tr\/index.php\/urun\/boncuk-kedim\/"},"modified":"2026-04-16T02:19:57","modified_gmt":"2026-04-15T23:19:57","slug":"boncuk-kedim","status":"publish","type":"product","link":"https:\/\/roveyayinevi.com.tr\/index.php\/urun\/boncuk-kedim\/","title":{"rendered":"Boncuk Kedim"},"content":{"rendered":"<p>Edebiyat\u0131m\u0131z\u0131n \u201cKoca \u00c7\u0131nar\u201d\u0131 R\u0131fat Ilgaz\u2019\u0131n \u00e7ocuk ve gen\u00e7ler i\u00e7in yazd\u0131\u011f\u0131 \u015fiirler Zeynep \u00d6zatalay\u2019\u0131n \u00e7izgileriyle bulu\u015farak yeniden yay\u0131mland\u0131.Boncuk boncuk g\u00f6zleri varOk\u015fasam oynat\u0131r kulaklar\u0131n\u0131Kuyru\u011funa bir dokunsamHemen ge\u00e7irir t\u0131rnaklar\u0131n\u0131Bir oraya ko\u015far bir burayaKuyru\u011fu kendisinden de yaramazCi\u011ferin kokusunu ald\u0131 m\u0131Ba\u015flar inceden miyavlamaya <\/p>\n","protected":false},"excerpt":{"rendered":"<p>Edebiyat\u0131m\u0131z\u0131n \u201cKoca \u00c7\u0131nar\u201d\u0131 R\u0131fat Ilgaz\u2019\u0131n \u00e7ocuk ve gen\u00e7ler i\u00e7in yazd\u0131\u011f\u0131 \u015fiirler Zeynep \u00d6zatalay\u2019\u0131n \u00e7izgileriyle bulu\u015farak yeniden yay\u0131mland\u0131.Boncuk boncuk g\u00f6zleri varOk\u015fasam oynat\u0131r kulaklar\u0131n\u0131Kuyru\u011funa bir dokunsamHemen ge\u00e7irir t\u0131rnaklar\u0131n\u0131Bir<span class=\"excerpt-hellip\"> [\u2026]<\/span><\/p>\n","protected":false},"featured_media":0,"template":"","meta":{"_monsterinsights_skip_tracking":false,"_monsterinsights_sitenote_active":false,"_monsterinsights_sitenote_note":"","_monsterinsights_sitenote_category":0},"product_brand":[],"product_cat":[12274,12631],"product_tag":[],"class_list":{"0":"post-711539","1":"product","2":"type-product","3":"status-publish","5":"product_cat-cocuk-ve-genclik-kitaplari","6":"product_cat-diger-cocuk-ve-genclik-kitaplari","7":"pa_cilt-ciltsiz","8":"pa_tur-kitap","9":"pa_yayinevi-cinar-yayinlari","10":"pa_yazar-rifat-ilgaz","12":"first","13":"instock","14":"sale","15":"shipping-taxable","16":"purchasable","17":"product-type-simple"},"_links":{"self":[{"href":"https:\/\/roveyayinevi.com.tr\/index.php\/wp-json\/wp\/v2\/product\/711539","targetHints":{"allow":["GET"]}}],"collection":[{"href":"https:\/\/roveyayinevi.com.tr\/index.php\/wp-json\/wp\/v2\/product"}],"about":[{"href":"https:\/\/roveyayinevi.com.tr\/index.php\/wp-json\/wp\/v2\/types\/product"}],"wp:attachment":[{"href":"https:\/\/roveyayinevi.com.tr\/index.php\/wp-json\/wp\/v2\/media?parent=711539"}],"wp:term":[{"taxonomy":"product_brand","embeddable":true,"href":"https:\/\/roveyayinevi.com.tr\/index.php\/wp-json\/wp\/v2\/product_brand?post=711539"},{"taxonomy":"product_cat","embeddable":true,"href":"https:\/\/roveyayinevi.com.tr\/index.php\/wp-json\/wp\/v2\/product_cat?post=711539"},{"taxonomy":"product_tag","embeddable":true,"href":"https:\/\/roveyayinevi.com.tr\/index.php\/wp-json\/wp\/v2\/product_tag?post=711539"}],"curies":[{"name":"wp","href":"https:\/\/api.w.org\/{rel}","templated":true}]}}