{"id":711529,"date":"2025-08-27T16:46:52","date_gmt":"2025-08-27T13:46:52","guid":{"rendered":"https:\/\/roveyayinevi.com.tr\/index.php\/urun\/guzelin-ve-cirkinin-otesinde-estetigin-halleri\/"},"modified":"2026-04-16T02:19:56","modified_gmt":"2026-04-15T23:19:56","slug":"guzelin-ve-cirkinin-otesinde-estetigin-halleri","status":"publish","type":"product","link":"https:\/\/roveyayinevi.com.tr\/index.php\/urun\/guzelin-ve-cirkinin-otesinde-estetigin-halleri\/","title":{"rendered":"G\u00fczelin ve \u00c7irkinin \u00d6tesinde &#8211; Esteti\u011fin Halleri"},"content":{"rendered":"<p>\u201cEstetik nesne (sanat yap\u0131t\u0131) yoktur, sadece nesnelerin estetik yorumu vard\u0131r.\u201d Alexander Gottlieb Baumgarten\u2019in 1750\u2019de \u201chissiyat ve duyumsall\u0131k bilimi olarak\u201d \u201cicat etti\u011fi\u201d estetik kavram\u0131, Ayd\u0131nlanma d\u00f6nemiyle birlikte pek \u00e7ok durak ve konaktan ge\u00e7erek modernizme b\u00fcy\u00fck bir d\u00fc\u015f\u00fcnce k\u00fclliyat\u0131yla geldi. Modern d\u00f6nemin felsefesi, felsefecileri estetik \u00fczerine d\u00fc\u015f\u00fcn\u00fcp d\u00fc\u015f\u00fcnce \u00fcretirken k\u00fclt\u00fcr, pop\u00fcler k\u00fclt\u00fcr gibi akt\u00fcel mesele ve kavramlara da temas etti. S\u00fcreyya Su, ser\u00fcveni heyecanl\u0131 ve mazisi uzun estetik tart\u0131\u015fmalar\u0131n\u0131, bir k\u0131sm\u0131 daha \u00f6nce \u00e7e\u015fitli dergilerde yay\u0131mlanan, ancak bu kitap i\u00e7in g\u00f6zden ge\u00e7irilen, bir k\u0131sm\u0131 da bu kitab\u0131n kapsam\u0131 ve i\u00e7eri\u011fi do\u011frultusunda \u201cyeni\u201d yaz\u0131lan yaz\u0131lar\u0131yla hem d\u00fc\u015f\u00fcnsel, teorik yanlar\u0131n\u0131 vurgulayarak hem tarihsel devaml\u0131l\u0131k g\u00fczerg\u00e2hlar\u0131na u\u011frayarak hem de politik ve ekonomik (ekonomi-politik) yanlar\u0131n\u0131 da ihmal etmeden ortaya koyuyor. <\/p>\n","protected":false},"excerpt":{"rendered":"<p>\u201cEstetik nesne (sanat yap\u0131t\u0131) yoktur, sadece nesnelerin estetik yorumu vard\u0131r.\u201d Alexander Gottlieb Baumgarten\u2019in 1750\u2019de \u201chissiyat ve duyumsall\u0131k bilimi olarak\u201d \u201cicat etti\u011fi\u201d estetik kavram\u0131, Ayd\u0131nlanma d\u00f6nemiyle birlikte<span class=\"excerpt-hellip\"> [\u2026]<\/span><\/p>\n","protected":false},"featured_media":0,"template":"","meta":{"_monsterinsights_skip_tracking":false,"_monsterinsights_sitenote_active":false,"_monsterinsights_sitenote_note":"","_monsterinsights_sitenote_category":0},"product_brand":[],"product_cat":[12408,14197],"product_tag":[],"class_list":{"0":"post-711529","1":"product","2":"type-product","3":"status-publish","5":"product_cat-sanat","6":"product_cat-sanat-tarihi","7":"pa_cilt-ciltsiz","8":"pa_tur-kitap","9":"pa_yayinevi-can-yayinlari","10":"pa_yazar-sureyya-su","12":"first","13":"instock","14":"sale","15":"shipping-taxable","16":"purchasable","17":"product-type-simple"},"_links":{"self":[{"href":"https:\/\/roveyayinevi.com.tr\/index.php\/wp-json\/wp\/v2\/product\/711529","targetHints":{"allow":["GET"]}}],"collection":[{"href":"https:\/\/roveyayinevi.com.tr\/index.php\/wp-json\/wp\/v2\/product"}],"about":[{"href":"https:\/\/roveyayinevi.com.tr\/index.php\/wp-json\/wp\/v2\/types\/product"}],"wp:attachment":[{"href":"https:\/\/roveyayinevi.com.tr\/index.php\/wp-json\/wp\/v2\/media?parent=711529"}],"wp:term":[{"taxonomy":"product_brand","embeddable":true,"href":"https:\/\/roveyayinevi.com.tr\/index.php\/wp-json\/wp\/v2\/product_brand?post=711529"},{"taxonomy":"product_cat","embeddable":true,"href":"https:\/\/roveyayinevi.com.tr\/index.php\/wp-json\/wp\/v2\/product_cat?post=711529"},{"taxonomy":"product_tag","embeddable":true,"href":"https:\/\/roveyayinevi.com.tr\/index.php\/wp-json\/wp\/v2\/product_tag?post=711529"}],"curies":[{"name":"wp","href":"https:\/\/api.w.org\/{rel}","templated":true}]}}