{"id":711526,"date":"2025-08-27T16:46:50","date_gmt":"2025-08-27T13:46:50","guid":{"rendered":"https:\/\/roveyayinevi.com.tr\/index.php\/urun\/ikigai-japonlarin-uzun-ve-mutlu-yasam-sirri\/"},"modified":"2026-04-08T02:26:10","modified_gmt":"2026-04-07T23:26:10","slug":"ikigai-japonlarin-uzun-ve-mutlu-yasam-sirri","status":"publish","type":"product","link":"https:\/\/roveyayinevi.com.tr\/index.php\/urun\/ikigai-japonlarin-uzun-ve-mutlu-yasam-sirri\/","title":{"rendered":"Ikigai &#8211; Japonlar\u0131n Uzun ve Mutlu Ya\u015fam S\u0131rr\u0131"},"content":{"rendered":"<p>Japonlar\u0131n Uzun ve Mutlu Ya\u015fam S\u0131rr\u0131     Uluslararas\u0131 \u00e7oksatan bir rehber olan Ikigai\u2019yle her g\u00fcn\u00fcn\u00fcz bir anlam kazans\u0131n.   Japonlar herkesin bir ikigaisi oldu\u011funa inan\u0131r, her sabah yataktan kalkmalar\u0131 i\u00e7in bir sebepleri vard\u0131r.   \u0130lham verici ve rahatlat\u0131c\u0131 bu kitap sizlere kendi ikigainizi ke\u015ffetmeniz i\u00e7in gerekli t\u00fcm bilgileri veriyor. Aceleci davranmaman\u0131z\u0131, hayat gayenizi ke\u015ffetmenizi, ili\u015fkilerinizi canland\u0131rman\u0131z\u0131 ve kendinizi tutkular\u0131n\u0131za adaman\u0131z\u0131 sa\u011fl\u0131yor.   \u00d6yle ya, kim her g\u00fcn\u00fcn\u00fc mutlu ya\u015famak istemez ki? <\/p>\n","protected":false},"excerpt":{"rendered":"<p>Japonlar\u0131n Uzun ve Mutlu Ya\u015fam S\u0131rr\u0131 Uluslararas\u0131 \u00e7oksatan bir rehber olan Ikigai\u2019yle her g\u00fcn\u00fcn\u00fcz bir anlam kazans\u0131n. Japonlar herkesin bir ikigaisi oldu\u011funa inan\u0131r, her sabah yataktan<span class=\"excerpt-hellip\"> [\u2026]<\/span><\/p>\n","protected":false},"featured_media":0,"template":"","meta":{"_monsterinsights_skip_tracking":false,"_monsterinsights_sitenote_active":false,"_monsterinsights_sitenote_note":"","_monsterinsights_sitenote_category":0},"product_brand":[],"product_cat":[12364,12376],"product_tag":[],"class_list":{"0":"post-711526","1":"product","2":"type-product","3":"status-publish","5":"product_cat-genel-konular","6":"product_cat-kisisel-gelisim","7":"pa_cilt-ciltsiz","8":"pa_tur-kitap","9":"pa_yayinevi-indigo-kitap","10":"pa_yazar-hector-garcia-francesc-miralles","12":"first","13":"instock","14":"sale","15":"shipping-taxable","16":"purchasable","17":"product-type-simple"},"_links":{"self":[{"href":"https:\/\/roveyayinevi.com.tr\/index.php\/wp-json\/wp\/v2\/product\/711526","targetHints":{"allow":["GET"]}}],"collection":[{"href":"https:\/\/roveyayinevi.com.tr\/index.php\/wp-json\/wp\/v2\/product"}],"about":[{"href":"https:\/\/roveyayinevi.com.tr\/index.php\/wp-json\/wp\/v2\/types\/product"}],"wp:attachment":[{"href":"https:\/\/roveyayinevi.com.tr\/index.php\/wp-json\/wp\/v2\/media?parent=711526"}],"wp:term":[{"taxonomy":"product_brand","embeddable":true,"href":"https:\/\/roveyayinevi.com.tr\/index.php\/wp-json\/wp\/v2\/product_brand?post=711526"},{"taxonomy":"product_cat","embeddable":true,"href":"https:\/\/roveyayinevi.com.tr\/index.php\/wp-json\/wp\/v2\/product_cat?post=711526"},{"taxonomy":"product_tag","embeddable":true,"href":"https:\/\/roveyayinevi.com.tr\/index.php\/wp-json\/wp\/v2\/product_tag?post=711526"}],"curies":[{"name":"wp","href":"https:\/\/api.w.org\/{rel}","templated":true}]}}