{"id":711513,"date":"2025-08-27T16:46:43","date_gmt":"2025-08-27T13:46:43","guid":{"rendered":"https:\/\/roveyayinevi.com.tr\/index.php\/urun\/ben-sabahattin-ali\/"},"modified":"2026-04-12T02:23:28","modified_gmt":"2026-04-11T23:23:28","slug":"ben-sabahattin-ali","status":"publish","type":"product","link":"https:\/\/roveyayinevi.com.tr\/index.php\/urun\/ben-sabahattin-ali\/","title":{"rendered":"Ben Sabahattin Ali"},"content":{"rendered":"<p>K\u00dcRK MANTOLU MADONNA, \u0130\u00c7\u0130M\u0130ZDEK\u0130 \u015eEYTAN ve KUYUCAKLI YUSUF romanlar\u0131n\u0131n yazar\u0131 Sabahattin Ali\u2019nin casusluk hik\u00e2yelerini aratmayan ya\u015fam\u00f6yk\u00fcs\u00fcn\u00fc BEN SABAHATT\u0130N AL\u0130 adl\u0131 kitab\u0131nda e\u015fsiz bir roman kurgusu i\u00e7inde kaleme alan Osman Balc\u0131gil, Sabahattin Ali\u2019yi bu kez gen\u00e7ler i\u00e7in yazd\u0131. ELA G\u00d6ZL\u00dc PARS CEL\u0130LE, YE\u015e\u0130L M\u00dcREKKEP ve \u0130PEK SABAHLIK gibi \u00e7ok satan biyografi romanlar\u0131n\u0131n usta yazar\u0131 Osman Balc\u0131gil\u2019in gen\u00e7ler i\u00e7in uyarlad\u0131\u011f\u0131 BEN SABAHATT\u0130N AL\u0130, Sabahattin Ali\u2019nin \u00f6\u011frencilik y\u0131llar\u0131, Almanya\u2019ya gidi\u015fi, siyasi g\u00f6r\u00fc\u015f\u00fc, \u00f6zel ya\u015fam\u0131, askerlik d\u00f6nemi, hapishane s\u00fcreci ve istihbarat ajanlar\u0131 taraf\u0131ndan izlendi\u011fi g\u00fcnleri t\u00fcm a\u00e7\u0131kl\u0131\u011f\u0131yla ve lezzetli bir \u00fcslupla anlat\u0131yor&#8230; <\/p>\n","protected":false},"excerpt":{"rendered":"<p>K\u00dcRK MANTOLU MADONNA, \u0130\u00c7\u0130M\u0130ZDEK\u0130 \u015eEYTAN ve KUYUCAKLI YUSUF romanlar\u0131n\u0131n yazar\u0131 Sabahattin Ali\u2019nin casusluk hik\u00e2yelerini aratmayan ya\u015fam\u00f6yk\u00fcs\u00fcn\u00fc BEN SABAHATT\u0130N AL\u0130 adl\u0131 kitab\u0131nda e\u015fsiz bir roman kurgusu i\u00e7inde<span class=\"excerpt-hellip\"> [\u2026]<\/span><\/p>\n","protected":false},"featured_media":0,"template":"","meta":{"_monsterinsights_skip_tracking":false,"_monsterinsights_sitenote_active":false,"_monsterinsights_sitenote_note":"","_monsterinsights_sitenote_category":0},"product_brand":[],"product_cat":[12291],"product_tag":[],"class_list":{"0":"post-711513","1":"product","2":"type-product","3":"status-publish","5":"product_cat-edebiyat","6":"pa_cilt-ciltsiz","7":"pa_tur-kitap","8":"pa_yayinevi-destek-yayinlari","9":"pa_yazar-osman-balcigil","11":"first","12":"instock","13":"sale","14":"shipping-taxable","15":"purchasable","16":"product-type-simple"},"_links":{"self":[{"href":"https:\/\/roveyayinevi.com.tr\/index.php\/wp-json\/wp\/v2\/product\/711513","targetHints":{"allow":["GET"]}}],"collection":[{"href":"https:\/\/roveyayinevi.com.tr\/index.php\/wp-json\/wp\/v2\/product"}],"about":[{"href":"https:\/\/roveyayinevi.com.tr\/index.php\/wp-json\/wp\/v2\/types\/product"}],"wp:attachment":[{"href":"https:\/\/roveyayinevi.com.tr\/index.php\/wp-json\/wp\/v2\/media?parent=711513"}],"wp:term":[{"taxonomy":"product_brand","embeddable":true,"href":"https:\/\/roveyayinevi.com.tr\/index.php\/wp-json\/wp\/v2\/product_brand?post=711513"},{"taxonomy":"product_cat","embeddable":true,"href":"https:\/\/roveyayinevi.com.tr\/index.php\/wp-json\/wp\/v2\/product_cat?post=711513"},{"taxonomy":"product_tag","embeddable":true,"href":"https:\/\/roveyayinevi.com.tr\/index.php\/wp-json\/wp\/v2\/product_tag?post=711513"}],"curies":[{"name":"wp","href":"https:\/\/api.w.org\/{rel}","templated":true}]}}