{"id":711499,"date":"2025-08-27T16:46:34","date_gmt":"2025-08-27T13:46:34","guid":{"rendered":"https:\/\/roveyayinevi.com.tr\/index.php\/urun\/cagdas-alman-sosyolojisi\/"},"modified":"2026-04-16T02:19:56","modified_gmt":"2026-04-15T23:19:56","slug":"cagdas-alman-sosyolojisi","status":"publish","type":"product","link":"https:\/\/roveyayinevi.com.tr\/index.php\/urun\/cagdas-alman-sosyolojisi\/","title":{"rendered":"\u00c7a\u011fda\u015f Alman Sosyolojisi"},"content":{"rendered":"<p>\u00dcnl\u00fc siyaset bilimci RaymondAron, bu \u00e7al\u0131\u015fmas\u0131nda sosyolojinin ana ak\u0131mlar\u0131ndan biri olan Alman sosyoloji okulunun bir resmini \u00e7iziyor. Kavramsal ve tarihsel d\u00fczeyde derin bir perspektif i\u00e7inde ele al\u0131nan eserde Weber, Simmel, T\u00f6nnies, Oppenheimer gibi isimlerin \u00e7al\u0131\u015fmalar\u0131 de\u011ferlendiriliyor. Raymond Aron bu incelemesinde \u00fcnl\u00fc sosyologlar\u0131n yap\u0131tlar\u0131na do\u011frudan birincil kaynaklardan n\u00fcfuz ediyor. Alman sosyolojisinin di\u011fer sosyolojilerden ay\u0131rt edici vas\u0131flar\u0131, bu okul i\u00e7inde tarihsel sosyolojinin \u015fekillenmesi, paradigmatik k\u0131r\u0131lmalar, y\u00f6ntem kayg\u0131lar\u0131, \u201canlam\u201da dayal\u0131 sosyolojik bir yakla\u015f\u0131m\u0131n felsefi zenginli\u011fi, fenomenolojik sosyoloji, bireycilik ve evrenselcilik aras\u0131nda ara bir konumda yer alan Vierkandt, \u00f6zellikle Weber\u2019in bir\u00e7ok a\u00e7\u0131dan yorumu ve Simmel\u2019in \u00e7eli\u015fkileri kitapta temas edilen belli ba\u015fl\u0131 konular aras\u0131nda yer almaktad\u0131r. Aron, en ileri d\u00fczeyde soyutlamalara ba\u015fvururken sosyolojinin kurucu ilkelerinden ayr\u0131lm\u0131yor: \u201cSosyoloji k\u00fclt\u00fcr\u00fcn temel ko\u015fullar\u0131n\u0131, i\u00e7inde do\u011fdu\u011fu ortam\u0131 inceler; tabiri caizse, bireylerin kendi aralar\u0131ndaki ili\u015fkiler i\u00e7inde bi\u00e7imlendi\u011fi ve \u00f6rg\u00fctlendi\u011fi \u015fekliyle toplumun bizzat kendisini inceler. Ku\u015fkusuz ger\u00e7ek, fiil\u00ee bir bi\u00e7imde de soyutlanm\u0131\u015f bu toplumsal alan\u0131 hi\u00e7bir zaman temsil etmez; kendinde \u00f6zel bir opti\u011fi geli\u015ftirmek, her zaman hatt\u00e2 en istikrarl\u0131, en karma\u015f\u0131k toplumsal olu\u015fumlar i\u00e7inde bile birbirlerine yakla\u015fan, birbirlerinden uzakla\u015fan, kar\u015f\u0131l\u0131kl\u0131 olarak birbirlerini etkileyen insanlar\u0131n kesintisiz, temel hareketlerini anlamak sosyologun g\u00f6revidir. B\u00f6ylece her zaman mevcut ama her zaman iyi bilinmeyen toplumsal\u0131n do\u011fas\u0131n\u0131n bilincine varabilecektir.\u201d <\/p>\n","protected":false},"excerpt":{"rendered":"<p>\u00dcnl\u00fc siyaset bilimci RaymondAron, bu \u00e7al\u0131\u015fmas\u0131nda sosyolojinin ana ak\u0131mlar\u0131ndan biri olan Alman sosyoloji okulunun bir resmini \u00e7iziyor. Kavramsal ve tarihsel d\u00fczeyde derin bir perspektif i\u00e7inde ele<span class=\"excerpt-hellip\"> [\u2026]<\/span><\/p>\n","protected":false},"featured_media":0,"template":"","meta":{"_monsterinsights_skip_tracking":false,"_monsterinsights_sitenote_active":false,"_monsterinsights_sitenote_note":"","_monsterinsights_sitenote_category":0},"product_brand":[],"product_cat":[12835,12324],"product_tag":[],"class_list":{"0":"post-711499","1":"product","2":"type-product","3":"status-publish","5":"product_cat-genel-sosyoloji","6":"product_cat-sosyoloji","7":"pa_cilt-ciltsiz","8":"pa_tur-kitap","9":"pa_yayinevi-dogu-bati-yayinlari","10":"pa_yazar-raymond-aron","12":"first","13":"instock","14":"sale","15":"shipping-taxable","16":"purchasable","17":"product-type-simple"},"_links":{"self":[{"href":"https:\/\/roveyayinevi.com.tr\/index.php\/wp-json\/wp\/v2\/product\/711499","targetHints":{"allow":["GET"]}}],"collection":[{"href":"https:\/\/roveyayinevi.com.tr\/index.php\/wp-json\/wp\/v2\/product"}],"about":[{"href":"https:\/\/roveyayinevi.com.tr\/index.php\/wp-json\/wp\/v2\/types\/product"}],"wp:attachment":[{"href":"https:\/\/roveyayinevi.com.tr\/index.php\/wp-json\/wp\/v2\/media?parent=711499"}],"wp:term":[{"taxonomy":"product_brand","embeddable":true,"href":"https:\/\/roveyayinevi.com.tr\/index.php\/wp-json\/wp\/v2\/product_brand?post=711499"},{"taxonomy":"product_cat","embeddable":true,"href":"https:\/\/roveyayinevi.com.tr\/index.php\/wp-json\/wp\/v2\/product_cat?post=711499"},{"taxonomy":"product_tag","embeddable":true,"href":"https:\/\/roveyayinevi.com.tr\/index.php\/wp-json\/wp\/v2\/product_tag?post=711499"}],"curies":[{"name":"wp","href":"https:\/\/api.w.org\/{rel}","templated":true}]}}