{"id":711463,"date":"2025-08-27T16:46:14","date_gmt":"2025-08-27T13:46:14","guid":{"rendered":"https:\/\/roveyayinevi.com.tr\/index.php\/urun\/babil-hemeroloji-serisi-ugurlu-ve-ugursuz-gunler-takvimi\/"},"modified":"2026-04-16T02:19:55","modified_gmt":"2026-04-15T23:19:55","slug":"babil-hemeroloji-serisi-ugurlu-ve-ugursuz-gunler-takvimi","status":"publish","type":"product","link":"https:\/\/roveyayinevi.com.tr\/index.php\/urun\/babil-hemeroloji-serisi-ugurlu-ve-ugursuz-gunler-takvimi\/","title":{"rendered":"Babil Hemeroloji Serisi &#8211; U\u011furlu ve U\u011fursuz G\u00fcnler Takvimi"},"content":{"rendered":"<p>G\u00fcndelik hayata dair bir k\u0131lavuz g\u00f6revi g\u00f6ren ve kehanetler, haberler, tanr\u0131lara dair bilgiler ile mitolojik unsurlar i\u00e7eren B\u00e2bil Hemeroloji Serisi, Mezopotamya edebiyat\u0131n\u0131n ve k\u00fclt\u00fcr\u00fcn\u00fcn en \u00f6nemli duraklar\u0131ndan biridir. D\u00fcnya edebiyat\u0131n\u0131 ve medeniyetimizi derinden etkilemi\u015f, Hesiodos\u2019un \u0130\u015fler ve G\u00fcnler isimli takvimine de ilham vermi\u015ftir. Ba\u015fta B\u00e2bil U\u011furlu ve U\u011fursuz G\u00fcnler Takvimi olmak \u00fczere; Ay tutulmas\u0131, sunu, ibadet takvimlerini, U\u011furlu ve U\u011fursuz G\u00fcn Listeleri\u2019ni kapsar. Elinizdeki bu kitap, b\u00fcy\u00fck B\u00e2bil takvimlerinin \u00f6nc\u00fcl\u00fc niteli\u011findeki k\u00fc\u00e7\u00fck takvimleri, Kral NaziMarutta\u0161 Se\u00e7kisi\u2019ni, Pers ve Helenistik d\u00f6nem se\u00e7kilerini de i\u00e7ermektedir. Orijinal dillerinden (B\u00e2bilce-S\u00fcmerce) ilk kez T\u00fcrk\u00e7eye \u00e7evrilen bu muazzam kaynak Hasan \u00c2li Y\u00fccel Klasikler Dizisi\u2019nde okurlarla bulu\u015fuyor. \ufffcTan\u0131t\u0131m Metni<\/p>\n","protected":false},"excerpt":{"rendered":"<p>G\u00fcndelik hayata dair bir k\u0131lavuz g\u00f6revi g\u00f6ren ve kehanetler, haberler, tanr\u0131lara dair bilgiler ile mitolojik unsurlar i\u00e7eren B\u00e2bil Hemeroloji Serisi, Mezopotamya edebiyat\u0131n\u0131n ve k\u00fclt\u00fcr\u00fcn\u00fcn en \u00f6nemli<span class=\"excerpt-hellip\"> [\u2026]<\/span><\/p>\n","protected":false},"featured_media":0,"template":"","meta":{"_monsterinsights_skip_tracking":false,"_monsterinsights_sitenote_active":false,"_monsterinsights_sitenote_note":"","_monsterinsights_sitenote_category":0},"product_brand":[],"product_cat":[12291,13872],"product_tag":[],"class_list":{"0":"post-711463","1":"product","2":"type-product","3":"status-publish","5":"product_cat-edebiyat","6":"product_cat-klasikler","7":"pa_cilt-ciltsiz","8":"pa_tur-kitap","9":"pa_yayinevi-is-bankasi-kultur-yayinlari","10":"pa_yazar-kollektif","12":"first","13":"instock","14":"sale","15":"shipping-taxable","16":"purchasable","17":"product-type-simple"},"_links":{"self":[{"href":"https:\/\/roveyayinevi.com.tr\/index.php\/wp-json\/wp\/v2\/product\/711463","targetHints":{"allow":["GET"]}}],"collection":[{"href":"https:\/\/roveyayinevi.com.tr\/index.php\/wp-json\/wp\/v2\/product"}],"about":[{"href":"https:\/\/roveyayinevi.com.tr\/index.php\/wp-json\/wp\/v2\/types\/product"}],"wp:attachment":[{"href":"https:\/\/roveyayinevi.com.tr\/index.php\/wp-json\/wp\/v2\/media?parent=711463"}],"wp:term":[{"taxonomy":"product_brand","embeddable":true,"href":"https:\/\/roveyayinevi.com.tr\/index.php\/wp-json\/wp\/v2\/product_brand?post=711463"},{"taxonomy":"product_cat","embeddable":true,"href":"https:\/\/roveyayinevi.com.tr\/index.php\/wp-json\/wp\/v2\/product_cat?post=711463"},{"taxonomy":"product_tag","embeddable":true,"href":"https:\/\/roveyayinevi.com.tr\/index.php\/wp-json\/wp\/v2\/product_tag?post=711463"}],"curies":[{"name":"wp","href":"https:\/\/api.w.org\/{rel}","templated":true}]}}