{"id":711459,"date":"2025-08-27T16:46:11","date_gmt":"2025-08-27T13:46:11","guid":{"rendered":"https:\/\/roveyayinevi.com.tr\/index.php\/urun\/buyuk-kedi-katliami-aydinlanma-fransasinda-dusunceler-inanislar\/"},"modified":"2026-04-16T02:19:55","modified_gmt":"2026-04-15T23:19:55","slug":"buyuk-kedi-katliami-aydinlanma-fransasinda-dusunceler-inanislar","status":"publish","type":"product","link":"https:\/\/roveyayinevi.com.tr\/index.php\/urun\/buyuk-kedi-katliami-aydinlanma-fransasinda-dusunceler-inanislar\/","title":{"rendered":"B\u00fcy\u00fck Kedi Katliam\u0131 Ayd\u0131nlanma Fransa&#8217;s\u0131nda D\u00fc\u015f\u00fcnceler, \u0130nan\u0131\u015flar"},"content":{"rendered":"<p>1730&#8217;lar\u0131n Paris&#8217;inde bir matbaan\u0131n \u00e7\u0131raklar\u0131 kendi kurduklar\u0131 mahkemelerde yarg\u0131lad\u0131klar\u0131 kedileri \u00f6l\u00fcmle cezaland\u0131r\u0131rlar. Bu hik\u00e2yeyi tekrar tekrar anlatan \u00e7\u0131raklar her seferinde kat\u0131larak g\u00fclerler. Kedilerin katledilmesinde \u00e7\u0131raklar\u0131 e\u011flendiren ne olmu\u015ftu? Nas\u0131l olmu\u015ftu da &#8220;K\u0131rm\u0131z\u0131 Ba\u015fl\u0131kl\u0131 K\u0131z&#8221; masal\u0131n\u0131n 18. y\u00fczy\u0131l versiyonunda \u00e7ocuk kurda yem olmu\u015ftu? Montpellierli biri, ya\u015fad\u0131\u011f\u0131 kentin t\u00fcm etkinliklerini detayl\u0131 bir \u015fekilde yazarken akl\u0131ndan neler ge\u00e7iyordu? Bunlar Robert Darnton&#8217;un, Ayd\u0131nlanma \u00e7a\u011f\u0131ndaki Avrupa&#8217;n\u0131n tarihine dair cevaplad\u0131\u011f\u0131 sorulardan baz\u0131lar\u0131. \u0130lk olarak 1984&#8217;te yay\u0131mlanan B\u00fcy\u00fck Kedi Katliam\u0131, toplumsal tarihyaz\u0131m\u0131n\u0131n ba\u015fucu eserlerinden biri haline geldi; art\u0131k k\u00fclt\u00fcrel tarih alan\u0131nda yaz\u0131lm\u0131\u015f bir klasik olarak an\u0131l\u0131yor. Darnton, 18. y\u00fczy\u0131l\u0131n s\u0131radan insanlar\u0131n\u0131n ya\u015famlar\u0131ndan \u00e7e\u015fitli sahneleri inceleyerek bu d\u00f6nemdeki insanl\u0131k durumunu, insanlar\u0131n olaylar\u0131 nas\u0131l g\u00f6rd\u00fc\u011f\u00fcn\u00fc ve kurgulad\u0131\u011f\u0131n\u0131 ele al\u0131yor. Robert Darnton, Harvard \u00dcniversitesi Tarih B\u00f6l\u00fcm\u00fc profes\u00f6r\u00fc ve Harvard \u00dcniversitesi K\u00fct\u00fcphanesi&#8217;nin direkt\u00f6r\u00fc. <\/p>\n","protected":false},"excerpt":{"rendered":"<p>1730&#8217;lar\u0131n Paris&#8217;inde bir matbaan\u0131n \u00e7\u0131raklar\u0131 kendi kurduklar\u0131 mahkemelerde yarg\u0131lad\u0131klar\u0131 kedileri \u00f6l\u00fcmle cezaland\u0131r\u0131rlar. Bu hik\u00e2yeyi tekrar tekrar anlatan \u00e7\u0131raklar her seferinde kat\u0131larak g\u00fclerler. Kedilerin katledilmesinde \u00e7\u0131raklar\u0131 e\u011flendiren<span class=\"excerpt-hellip\"> [\u2026]<\/span><\/p>\n","protected":false},"featured_media":0,"template":"","meta":{"_monsterinsights_skip_tracking":false,"_monsterinsights_sitenote_active":false,"_monsterinsights_sitenote_note":"","_monsterinsights_sitenote_category":0},"product_brand":[],"product_cat":[12305,12304],"product_tag":[],"class_list":{"0":"post-711459","1":"product","2":"type-product","3":"status-publish","5":"product_cat-dunya-tarihi","6":"product_cat-tarih","7":"pa_cilt-ciltsiz","8":"pa_tur-kitap","9":"pa_yayinevi-koc-universitesi-yayinlari","10":"pa_yazar-robert-darnton","12":"first","13":"instock","14":"sale","15":"shipping-taxable","16":"purchasable","17":"product-type-simple"},"_links":{"self":[{"href":"https:\/\/roveyayinevi.com.tr\/index.php\/wp-json\/wp\/v2\/product\/711459","targetHints":{"allow":["GET"]}}],"collection":[{"href":"https:\/\/roveyayinevi.com.tr\/index.php\/wp-json\/wp\/v2\/product"}],"about":[{"href":"https:\/\/roveyayinevi.com.tr\/index.php\/wp-json\/wp\/v2\/types\/product"}],"wp:attachment":[{"href":"https:\/\/roveyayinevi.com.tr\/index.php\/wp-json\/wp\/v2\/media?parent=711459"}],"wp:term":[{"taxonomy":"product_brand","embeddable":true,"href":"https:\/\/roveyayinevi.com.tr\/index.php\/wp-json\/wp\/v2\/product_brand?post=711459"},{"taxonomy":"product_cat","embeddable":true,"href":"https:\/\/roveyayinevi.com.tr\/index.php\/wp-json\/wp\/v2\/product_cat?post=711459"},{"taxonomy":"product_tag","embeddable":true,"href":"https:\/\/roveyayinevi.com.tr\/index.php\/wp-json\/wp\/v2\/product_tag?post=711459"}],"curies":[{"name":"wp","href":"https:\/\/api.w.org\/{rel}","templated":true}]}}