{"id":711444,"date":"2025-08-27T16:46:03","date_gmt":"2025-08-27T13:46:03","guid":{"rendered":"https:\/\/roveyayinevi.com.tr\/index.php\/urun\/saskin-ellie-belly-kaplumbaga-pesinde\/"},"modified":"2026-04-16T02:19:55","modified_gmt":"2026-04-15T23:19:55","slug":"saskin-ellie-belly-kaplumbaga-pesinde","status":"publish","type":"product","link":"https:\/\/roveyayinevi.com.tr\/index.php\/urun\/saskin-ellie-belly-kaplumbaga-pesinde\/","title":{"rendered":"\u015ea\u015fk\u0131n Ellie Belly &#8211; Kaplumba\u011fa Pe\u015finde"},"content":{"rendered":"<p>&#8220;Merhaba, Ben Ellie Belly. Bu kez zorlu bir maceran\u0131n ortas\u0131nday\u0131m.Canl\u0131 kaplumba\u011fa ve kaplumba\u011fa m\u00fczesindeki kaplumba\u011falar evlerini kaybedecek! Nereden mi biliyorum? \u00c7\u00fcnk\u00fc k\u00fc\u00e7\u00fck bir kaplumba\u011fa bana s\u00f6yledi. Ger\u00e7ekten! Ben hayvanlar\u0131n dilinden anl\u0131yorum, onlarla konu\u015fabiliyorum&#8230;Kaplumba\u011falara yard\u0131m etmem gerekiyor. Ama en iyi arkada\u015f\u0131m Cammy benimle konu\u015fmuyor. Ve ablam Gabby pe\u015fini b\u0131rakmam\u0131 istiyor. Ben \u015fimdi ne yapaca\u011f\u0131m?&#8221; <\/p>\n","protected":false},"excerpt":{"rendered":"<p>&#8220;Merhaba, Ben Ellie Belly. Bu kez zorlu bir maceran\u0131n ortas\u0131nday\u0131m.Canl\u0131 kaplumba\u011fa ve kaplumba\u011fa m\u00fczesindeki kaplumba\u011falar evlerini kaybedecek! Nereden mi biliyorum? \u00c7\u00fcnk\u00fc k\u00fc\u00e7\u00fck bir kaplumba\u011fa bana s\u00f6yledi.<span class=\"excerpt-hellip\"> [\u2026]<\/span><\/p>\n","protected":false},"featured_media":0,"template":"","meta":{"_monsterinsights_skip_tracking":false,"_monsterinsights_sitenote_active":false,"_monsterinsights_sitenote_note":"","_monsterinsights_sitenote_category":0},"product_brand":[],"product_cat":[12275,12274],"product_tag":[],"class_list":{"0":"post-711444","1":"product","2":"type-product","3":"status-publish","5":"product_cat-6-12-yas-kitaplari","6":"product_cat-cocuk-ve-genclik-kitaplari","7":"pa_cilt-ciltsiz","8":"pa_tur-kitap","9":"pa_yayinevi-mavi-kirpi-yayinlari","10":"pa_yazar-eliza-teoh","12":"first","13":"instock","14":"sale","15":"shipping-taxable","16":"purchasable","17":"product-type-simple"},"_links":{"self":[{"href":"https:\/\/roveyayinevi.com.tr\/index.php\/wp-json\/wp\/v2\/product\/711444","targetHints":{"allow":["GET"]}}],"collection":[{"href":"https:\/\/roveyayinevi.com.tr\/index.php\/wp-json\/wp\/v2\/product"}],"about":[{"href":"https:\/\/roveyayinevi.com.tr\/index.php\/wp-json\/wp\/v2\/types\/product"}],"wp:attachment":[{"href":"https:\/\/roveyayinevi.com.tr\/index.php\/wp-json\/wp\/v2\/media?parent=711444"}],"wp:term":[{"taxonomy":"product_brand","embeddable":true,"href":"https:\/\/roveyayinevi.com.tr\/index.php\/wp-json\/wp\/v2\/product_brand?post=711444"},{"taxonomy":"product_cat","embeddable":true,"href":"https:\/\/roveyayinevi.com.tr\/index.php\/wp-json\/wp\/v2\/product_cat?post=711444"},{"taxonomy":"product_tag","embeddable":true,"href":"https:\/\/roveyayinevi.com.tr\/index.php\/wp-json\/wp\/v2\/product_tag?post=711444"}],"curies":[{"name":"wp","href":"https:\/\/api.w.org\/{rel}","templated":true}]}}