{"id":711443,"date":"2025-08-27T16:46:03","date_gmt":"2025-08-27T13:46:03","guid":{"rendered":"https:\/\/roveyayinevi.com.tr\/index.php\/urun\/askin-gulen-yuzu-askin-oteki-yuzu\/"},"modified":"2026-04-16T02:19:55","modified_gmt":"2026-04-15T23:19:55","slug":"askin-gulen-yuzu-askin-oteki-yuzu","status":"publish","type":"product","link":"https:\/\/roveyayinevi.com.tr\/index.php\/urun\/askin-gulen-yuzu-askin-oteki-yuzu\/","title":{"rendered":"A\u015fk\u0131n G\u00fclen Y\u00fcz\u00fc &#8211; A\u015fk\u0131n \u00d6teki Y\u00fcz\u00fc"},"content":{"rendered":"<p>A\u015fka dair ne varsa bu kitapta! Unutulmaz a\u015fklar&#8230; \u00dcnl\u00fclerin a\u015fk mektuplar\u0131&#8230; A\u015fk mesajlar\u0131&#8230; Eski zaman sevdalar\u0131&#8230; A\u015fk s\u00f6zl\u00fc\u011f\u00fc&#8230; A\u015fk \u00fczerine s\u00f6ylenenler&#8230; A\u015fk\u0131n belirtileri&#8230; Renklerin diliyle a\u015fk&#8230; G\u00f6n\u00fcl postas\u0131&#8230; Rumuz k\u00f6\u015fesi&#8230; Ah minel a\u015fk&#8230; A\u015fk masallar\u0131&#8230; A\u015fk \u00d6yk\u00fcleri&#8230; Bitti mi? A\u015fk hi\u00e7 biter mi? <\/p>\n","protected":false},"excerpt":{"rendered":"<p>A\u015fka dair ne varsa bu kitapta! Unutulmaz a\u015fklar&#8230; \u00dcnl\u00fclerin a\u015fk mektuplar\u0131&#8230; A\u015fk mesajlar\u0131&#8230; Eski zaman sevdalar\u0131&#8230; A\u015fk s\u00f6zl\u00fc\u011f\u00fc&#8230; A\u015fk \u00fczerine s\u00f6ylenenler&#8230; A\u015fk\u0131n belirtileri&#8230; Renklerin diliyle a\u015fk&#8230;<span class=\"excerpt-hellip\"> [\u2026]<\/span><\/p>\n","protected":false},"featured_media":0,"template":"","meta":{"_monsterinsights_skip_tracking":false,"_monsterinsights_sitenote_active":false,"_monsterinsights_sitenote_note":"","_monsterinsights_sitenote_category":0},"product_brand":[],"product_cat":[12291,15117],"product_tag":[],"class_list":{"0":"post-711443","1":"product","2":"type-product","3":"status-publish","5":"product_cat-edebiyat","6":"product_cat-genclik-edebiyati","7":"pa_cilt-ciltsiz","8":"pa_tur-kitap","9":"pa_yayinevi-carpe-diem-kitaplari","10":"pa_yazar-bilge-goksu","12":"first","13":"instock","14":"sale","15":"shipping-taxable","16":"purchasable","17":"product-type-simple"},"_links":{"self":[{"href":"https:\/\/roveyayinevi.com.tr\/index.php\/wp-json\/wp\/v2\/product\/711443","targetHints":{"allow":["GET"]}}],"collection":[{"href":"https:\/\/roveyayinevi.com.tr\/index.php\/wp-json\/wp\/v2\/product"}],"about":[{"href":"https:\/\/roveyayinevi.com.tr\/index.php\/wp-json\/wp\/v2\/types\/product"}],"wp:attachment":[{"href":"https:\/\/roveyayinevi.com.tr\/index.php\/wp-json\/wp\/v2\/media?parent=711443"}],"wp:term":[{"taxonomy":"product_brand","embeddable":true,"href":"https:\/\/roveyayinevi.com.tr\/index.php\/wp-json\/wp\/v2\/product_brand?post=711443"},{"taxonomy":"product_cat","embeddable":true,"href":"https:\/\/roveyayinevi.com.tr\/index.php\/wp-json\/wp\/v2\/product_cat?post=711443"},{"taxonomy":"product_tag","embeddable":true,"href":"https:\/\/roveyayinevi.com.tr\/index.php\/wp-json\/wp\/v2\/product_tag?post=711443"}],"curies":[{"name":"wp","href":"https:\/\/api.w.org\/{rel}","templated":true}]}}