{"id":711439,"date":"2025-08-27T16:46:00","date_gmt":"2025-08-27T13:46:00","guid":{"rendered":"https:\/\/roveyayinevi.com.tr\/index.php\/urun\/insan-ne-ile-yasar-11\/"},"modified":"2026-04-16T02:19:54","modified_gmt":"2026-04-15T23:19:54","slug":"insan-ne-ile-yasar-11","status":"publish","type":"product","link":"https:\/\/roveyayinevi.com.tr\/index.php\/urun\/insan-ne-ile-yasar-11\/","title":{"rendered":"\u0130nsan Ne ile Ya\u015far?"},"content":{"rendered":"<p>\u201c\u00d6nemli olan tek bir an vard\u0131r, o da &#8216;\u015fimdi&#8217;dir. \u00c7\u00fcnk\u00fc sadece i\u00e7inde bulundu\u011fumuz zamana s\u00f6z\u00fcm\u00fcz ge\u00e7er.\u201d\u0130nsan\u0131 \u00e7ok iyi tan\u0131d\u0131\u011f\u0131 gibi onu eserlerine olduk\u00e7a ba\u015far\u0131l\u0131 bir bi\u00e7imde yans\u0131tan d\u00fcnya edebiyat\u0131n\u0131n \u00f6nemli ismi Tolstoy, bu k\u0131sa ama etkileyici kitapta insanlar\u0131n y\u00fczy\u0131llar boyu kendilerine sorup cevaplar\u0131n\u0131 arad\u0131klar\u0131, hatta bazen b\u00fct\u00fcn bir \u00f6m\u00fcr boyunca cevap bulamad\u0131klar\u0131 sorular \u00fczerine d\u00fc\u015f\u00fcnm\u00fc\u015f ve bir filozof yakla\u015f\u0131m\u0131yla onlar\u0131 hik\u00e2yele\u015ftirmi\u015ftir. Birka\u00e7 \u00f6yk\u00fcn\u00fcn olu\u015fturdu\u011fu kitapta insan\u0131n iyili\u011fi, k\u00f6t\u00fcl\u00fc\u011f\u00fc, m\u00fctevaz\u0131l\u0131k ve a\u00e7g\u00f6zl\u00fcl\u00fck \u00fczerine her d\u00f6nem rehber olacak nitelikte bir yaz\u0131nsal ba\u015far\u0131 sergilemi\u015ftir.\u0130nsan\u0131n ya\u015famda ihtiya\u00e7 duydu\u011fu, u\u011fruna ya\u015fad\u0131\u011f\u0131 \u015fey neydi? \u0130nsana verilmemi\u015f olan ve insan\u0131n \u00fczerine d\u00fc\u015f\u00fcnmedi\u011fi, ya\u015fam ak\u0131p giderken bulamad\u0131\u011f\u0131, hep eksikli\u011fini hissetti\u011fi \u015feyler nelerdi? \u0130nsan ne ile ya\u015fard\u0131? \u0130nsan zihnini kurcalayan bu sorular \u00fczerine d\u00fc\u015f\u00fcnmek isteyenleri doyuma ula\u015ft\u0131racak bir eser \u0130nsan Ne ile Ya\u015far?<\/p>\n","protected":false},"excerpt":{"rendered":"<p>\u201c\u00d6nemli olan tek bir an vard\u0131r, o da &#8216;\u015fimdi&#8217;dir. \u00c7\u00fcnk\u00fc sadece i\u00e7inde bulundu\u011fumuz zamana s\u00f6z\u00fcm\u00fcz ge\u00e7er.\u201d\u0130nsan\u0131 \u00e7ok iyi tan\u0131d\u0131\u011f\u0131 gibi onu eserlerine olduk\u00e7a ba\u015far\u0131l\u0131 bir bi\u00e7imde<span class=\"excerpt-hellip\"> [\u2026]<\/span><\/p>\n","protected":false},"featured_media":0,"template":"","meta":{"_monsterinsights_skip_tracking":false,"_monsterinsights_sitenote_active":false,"_monsterinsights_sitenote_note":"","_monsterinsights_sitenote_category":0},"product_brand":[],"product_cat":[12291,12711],"product_tag":[],"class_list":{"0":"post-711439","1":"product","2":"type-product","3":"status-publish","5":"product_cat-edebiyat","6":"product_cat-roman-oyku","7":"pa_cilt-ciltsiz","8":"pa_tur-kitap","9":"pa_yayinevi-ren-kitap","10":"pa_yazar-lev-nikolayevic-tolstoy","12":"first","13":"instock","14":"sale","15":"shipping-taxable","16":"purchasable","17":"product-type-simple"},"_links":{"self":[{"href":"https:\/\/roveyayinevi.com.tr\/index.php\/wp-json\/wp\/v2\/product\/711439","targetHints":{"allow":["GET"]}}],"collection":[{"href":"https:\/\/roveyayinevi.com.tr\/index.php\/wp-json\/wp\/v2\/product"}],"about":[{"href":"https:\/\/roveyayinevi.com.tr\/index.php\/wp-json\/wp\/v2\/types\/product"}],"wp:attachment":[{"href":"https:\/\/roveyayinevi.com.tr\/index.php\/wp-json\/wp\/v2\/media?parent=711439"}],"wp:term":[{"taxonomy":"product_brand","embeddable":true,"href":"https:\/\/roveyayinevi.com.tr\/index.php\/wp-json\/wp\/v2\/product_brand?post=711439"},{"taxonomy":"product_cat","embeddable":true,"href":"https:\/\/roveyayinevi.com.tr\/index.php\/wp-json\/wp\/v2\/product_cat?post=711439"},{"taxonomy":"product_tag","embeddable":true,"href":"https:\/\/roveyayinevi.com.tr\/index.php\/wp-json\/wp\/v2\/product_tag?post=711439"}],"curies":[{"name":"wp","href":"https:\/\/api.w.org\/{rel}","templated":true}]}}