{"id":711430,"date":"2025-08-27T16:45:19","date_gmt":"2025-08-27T13:45:19","guid":{"rendered":"https:\/\/roveyayinevi.com.tr\/index.php\/urun\/sosyal-bilimler-icin-temel-istatistik-spss-uygulamali\/"},"modified":"2026-04-16T02:19:54","modified_gmt":"2026-04-15T23:19:54","slug":"sosyal-bilimler-icin-temel-istatistik-spss-uygulamali","status":"publish","type":"product","link":"https:\/\/roveyayinevi.com.tr\/index.php\/urun\/sosyal-bilimler-icin-temel-istatistik-spss-uygulamali\/","title":{"rendered":"Sosyal Bilimler \u0130\u00e7in Temel \u0130statistik SPSS Uygulamal\u0131"},"content":{"rendered":"<p>G\u00fcn\u00fcm\u00fcz d\u00fcnyas\u0131ndaki h\u0131zl\u0131 de\u011fi\u015fmeler ve geli\u015fmeler, ger\u00e7ek ve do\u011fru verilere duyulan ihtiyac\u0131 g\u00f6z ard\u0131 edilemeyecek bir boyuta ta\u015f\u0131m\u0131\u015ft\u0131r. Bu ba\u011flamda istatistik, \u00fclkelerin ve toplumlar\u0131n ge\u00e7irdi\u011fi de\u011fi\u015fimlere paralel olarak, g\u00fcvenilir veriler \u0131\u015f\u0131\u011f\u0131nda evrensel bir dil olma yolunda h\u0131zl\u0131 ad\u0131mlarla ilerlemektedir. Ya\u015fam\u0131n her alan\u0131nda var olan istatistik, insan hayat\u0131n\u0131n bir par\u00e7as\u0131 haline gelmi\u015ftir. \u0130statistik sayesinde elde edilen verilerden yola \u00e7\u0131k\u0131larak, yap\u0131lanlar de\u011ferlendirilir, yap\u0131lacaklar planlan\u0131r ve uygulan\u0131r. Ara\u015ft\u0131rmac\u0131lar\u0131n, ki\u015fisel geli\u015fim yolculuklar\u0131nda, okuduklar\u0131 bilimsel kitaplarda ve makalelerde var olan sonu\u00e7lar\u0131n b\u00fcy\u00fck bir k\u0131sm\u0131, istatistiksel analizler yap\u0131larak elde edilmi\u015ftir. \u0130statistik bilgisine sahip olmayan bireyler, okumu\u015f olduklar\u0131 \u00e7al\u0131\u015fmalardaki istatistiksel analiz i\u00e7eren ara\u015ft\u0131rma sonu\u00e7lar\u0131n\u0131 anlayamayabilirler. Bu durum, ara\u015ft\u0131rmac\u0131lar\u0131n, belirli oranlarda istatistik bilgisine ihtiyac\u0131 oldu\u011funun bir g\u00f6stergesidir. Bu sebeple Y\u00d6K bir\u00e7ok lisans program\u0131na istatistik dersi konulmas\u0131n\u0131 zorunlu hale getirmi\u015ftir. <\/p>\n","protected":false},"excerpt":{"rendered":"<p>G\u00fcn\u00fcm\u00fcz d\u00fcnyas\u0131ndaki h\u0131zl\u0131 de\u011fi\u015fmeler ve geli\u015fmeler, ger\u00e7ek ve do\u011fru verilere duyulan ihtiyac\u0131 g\u00f6z ard\u0131 edilemeyecek bir boyuta ta\u015f\u0131m\u0131\u015ft\u0131r. Bu ba\u011flamda istatistik, \u00fclkelerin ve toplumlar\u0131n ge\u00e7irdi\u011fi de\u011fi\u015fimlere<span class=\"excerpt-hellip\"> [\u2026]<\/span><\/p>\n","protected":false},"featured_media":0,"template":"","meta":{"_monsterinsights_skip_tracking":false,"_monsterinsights_sitenote_active":false,"_monsterinsights_sitenote_note":"","_monsterinsights_sitenote_category":0},"product_brand":[],"product_cat":[15351,15350],"product_tag":[],"class_list":{"0":"post-711430","1":"product","2":"type-product","3":"status-publish","5":"product_cat-ders-kitaplari","6":"product_cat-hukuk","7":"pa_cilt-ciltsiz","8":"pa_tur-kitap","9":"pa_yayinevi-ani-yayincilik","10":"pa_yazar-huseyin-yaratan","12":"first","13":"instock","14":"sale","15":"shipping-taxable","16":"purchasable","17":"product-type-simple"},"_links":{"self":[{"href":"https:\/\/roveyayinevi.com.tr\/index.php\/wp-json\/wp\/v2\/product\/711430","targetHints":{"allow":["GET"]}}],"collection":[{"href":"https:\/\/roveyayinevi.com.tr\/index.php\/wp-json\/wp\/v2\/product"}],"about":[{"href":"https:\/\/roveyayinevi.com.tr\/index.php\/wp-json\/wp\/v2\/types\/product"}],"wp:attachment":[{"href":"https:\/\/roveyayinevi.com.tr\/index.php\/wp-json\/wp\/v2\/media?parent=711430"}],"wp:term":[{"taxonomy":"product_brand","embeddable":true,"href":"https:\/\/roveyayinevi.com.tr\/index.php\/wp-json\/wp\/v2\/product_brand?post=711430"},{"taxonomy":"product_cat","embeddable":true,"href":"https:\/\/roveyayinevi.com.tr\/index.php\/wp-json\/wp\/v2\/product_cat?post=711430"},{"taxonomy":"product_tag","embeddable":true,"href":"https:\/\/roveyayinevi.com.tr\/index.php\/wp-json\/wp\/v2\/product_tag?post=711430"}],"curies":[{"name":"wp","href":"https:\/\/api.w.org\/{rel}","templated":true}]}}