{"id":711425,"date":"2025-08-27T16:45:16","date_gmt":"2025-08-27T13:45:16","guid":{"rendered":"https:\/\/roveyayinevi.com.tr\/index.php\/urun\/ben-anadoluyum-6-kitap\/"},"modified":"2026-04-16T02:19:54","modified_gmt":"2026-04-15T23:19:54","slug":"ben-anadoluyum-6-kitap","status":"publish","type":"product","link":"https:\/\/roveyayinevi.com.tr\/index.php\/urun\/ben-anadoluyum-6-kitap\/","title":{"rendered":"Ben Anadoluyum (6 Kitap)"},"content":{"rendered":"<p>Tarih \u00d6ncesi Zamanlar\u0131mAnadolu&#8217;da Tarih \u00c7a\u011flar\u0131Yunan, Roma ve Bizans\u0130lk T\u00fcrklerim ve Sel\u00e7uklularOsmanl\u0131lar<\/p>\n","protected":false},"excerpt":{"rendered":"<p>Tarih \u00d6ncesi Zamanlar\u0131mAnadolu&#8217;da Tarih \u00c7a\u011flar\u0131Yunan, Roma ve Bizans\u0130lk T\u00fcrklerim ve Sel\u00e7uklularOsmanl\u0131lar<\/p>\n","protected":false},"featured_media":0,"template":"","meta":{"_monsterinsights_skip_tracking":false,"_monsterinsights_sitenote_active":false,"_monsterinsights_sitenote_note":"","_monsterinsights_sitenote_category":0},"product_brand":[],"product_cat":[12275,12274],"product_tag":[],"class_list":{"0":"post-711425","1":"product","2":"type-product","3":"status-publish","5":"product_cat-6-12-yas-kitaplari","6":"product_cat-cocuk-ve-genclik-kitaplari","7":"pa_cilt-set","8":"pa_tur-kitap","9":"pa_yayinevi-somut-yayinlari","10":"pa_yazar-aynur-karabulut","12":"first","13":"instock","14":"sale","15":"shipping-taxable","16":"purchasable","17":"product-type-simple"},"_links":{"self":[{"href":"https:\/\/roveyayinevi.com.tr\/index.php\/wp-json\/wp\/v2\/product\/711425","targetHints":{"allow":["GET"]}}],"collection":[{"href":"https:\/\/roveyayinevi.com.tr\/index.php\/wp-json\/wp\/v2\/product"}],"about":[{"href":"https:\/\/roveyayinevi.com.tr\/index.php\/wp-json\/wp\/v2\/types\/product"}],"wp:attachment":[{"href":"https:\/\/roveyayinevi.com.tr\/index.php\/wp-json\/wp\/v2\/media?parent=711425"}],"wp:term":[{"taxonomy":"product_brand","embeddable":true,"href":"https:\/\/roveyayinevi.com.tr\/index.php\/wp-json\/wp\/v2\/product_brand?post=711425"},{"taxonomy":"product_cat","embeddable":true,"href":"https:\/\/roveyayinevi.com.tr\/index.php\/wp-json\/wp\/v2\/product_cat?post=711425"},{"taxonomy":"product_tag","embeddable":true,"href":"https:\/\/roveyayinevi.com.tr\/index.php\/wp-json\/wp\/v2\/product_tag?post=711425"}],"curies":[{"name":"wp","href":"https:\/\/api.w.org\/{rel}","templated":true}]}}