{"id":711424,"date":"2025-08-27T16:45:15","date_gmt":"2025-08-27T13:45:15","guid":{"rendered":"https:\/\/roveyayinevi.com.tr\/index.php\/urun\/kafamin-icinden-masallar\/"},"modified":"2026-04-16T02:19:54","modified_gmt":"2026-04-15T23:19:54","slug":"kafamin-icinden-masallar","status":"publish","type":"product","link":"https:\/\/roveyayinevi.com.tr\/index.php\/urun\/kafamin-icinden-masallar\/","title":{"rendered":"Kafam\u0131n \u0130\u00e7inden Masallar"},"content":{"rendered":"<p>\u00c7ok sevgili okur! Kafam\u0131n \u0130\u00e7inden Masallar kitab\u0131, tam da masallara yak\u0131\u015f\u0131r \u015fekilde fantastik \u00f6gelerle zenginle\u015fiyor, okura leziz bir okuma deneyimi sunuyor. Mevl\u00e2na \u0130dris\u2019in usta kalemiyle aktard\u0131\u011f\u0131 masallar\u0131n d\u00fcnyas\u0131nda, Eren Dedelero\u011flu\u2019nun s\u0131cac\u0131k \u00e7izimleriyle masallar\u0131n i\u00e7ine girmi\u015f, yazar\u0131n zihninde dola\u015f\u0131yor gibi olacaks\u0131n! Kim bilir, belki senin zihninde de leziz masallar olu\u015fur ve bir g\u00fcn hayallerle bulu\u015fur! \ufffcTan\u0131t\u0131m Metni<\/p>\n","protected":false},"excerpt":{"rendered":"<p>\u00c7ok sevgili okur! Kafam\u0131n \u0130\u00e7inden Masallar kitab\u0131, tam da masallara yak\u0131\u015f\u0131r \u015fekilde fantastik \u00f6gelerle zenginle\u015fiyor, okura leziz bir okuma deneyimi sunuyor. Mevl\u00e2na \u0130dris\u2019in usta kalemiyle aktard\u0131\u011f\u0131<span class=\"excerpt-hellip\"> [\u2026]<\/span><\/p>\n","protected":false},"featured_media":0,"template":"","meta":{"_monsterinsights_skip_tracking":false,"_monsterinsights_sitenote_active":false,"_monsterinsights_sitenote_note":"","_monsterinsights_sitenote_category":0},"product_brand":[],"product_cat":[12275,12274],"product_tag":[],"class_list":{"0":"post-711424","1":"product","2":"type-product","3":"status-publish","5":"product_cat-6-12-yas-kitaplari","6":"product_cat-cocuk-ve-genclik-kitaplari","7":"pa_cilt-ciltsiz","8":"pa_tur-kitap","9":"pa_yayinevi-ucan-at","10":"pa_yazar-mevlana-idris","12":"first","13":"instock","14":"sale","15":"shipping-taxable","16":"purchasable","17":"product-type-simple"},"_links":{"self":[{"href":"https:\/\/roveyayinevi.com.tr\/index.php\/wp-json\/wp\/v2\/product\/711424","targetHints":{"allow":["GET"]}}],"collection":[{"href":"https:\/\/roveyayinevi.com.tr\/index.php\/wp-json\/wp\/v2\/product"}],"about":[{"href":"https:\/\/roveyayinevi.com.tr\/index.php\/wp-json\/wp\/v2\/types\/product"}],"wp:attachment":[{"href":"https:\/\/roveyayinevi.com.tr\/index.php\/wp-json\/wp\/v2\/media?parent=711424"}],"wp:term":[{"taxonomy":"product_brand","embeddable":true,"href":"https:\/\/roveyayinevi.com.tr\/index.php\/wp-json\/wp\/v2\/product_brand?post=711424"},{"taxonomy":"product_cat","embeddable":true,"href":"https:\/\/roveyayinevi.com.tr\/index.php\/wp-json\/wp\/v2\/product_cat?post=711424"},{"taxonomy":"product_tag","embeddable":true,"href":"https:\/\/roveyayinevi.com.tr\/index.php\/wp-json\/wp\/v2\/product_tag?post=711424"}],"curies":[{"name":"wp","href":"https:\/\/api.w.org\/{rel}","templated":true}]}}