{"id":711420,"date":"2025-08-27T16:45:13","date_gmt":"2025-08-27T13:45:13","guid":{"rendered":"https:\/\/roveyayinevi.com.tr\/index.php\/urun\/karamelin-gunlugu\/"},"modified":"2026-04-16T02:19:54","modified_gmt":"2026-04-15T23:19:54","slug":"karamelin-gunlugu","status":"publish","type":"product","link":"https:\/\/roveyayinevi.com.tr\/index.php\/urun\/karamelin-gunlugu\/","title":{"rendered":"Karamel\u2019in G\u00fcnl\u00fc\u011f\u00fc"},"content":{"rendered":"<p>\u00c7ok sevgili okur! S\u00f6z\u00fc Karamel\u2019in G\u00fcnl\u00fc\u011f\u00fc\u2019n\u00fcn kahraman\u0131na verelim: Sokaklarda biraz gezelim tozal\u0131m, parkta biraz temiz hava alal\u0131m, oynayal\u0131m diye odas\u0131na gitti\u011fimde, babay\u0131 bazen de g\u00fcnl\u00fc\u011f\u00fcn\u00fc tutarken bulurum. Hemencecik ne istedi\u011fimi anlar, \u201cPeki Karamelci\u011fim, az\u0131c\u0131k kald\u0131, bitireyim de gidelim\u201d der. Ne yalan yere hev hev edeyim, g\u00fcnl\u00fck tutma hevesini bu arada duyar oldum. Ama nas\u0131l olacakt\u0131? \u00d6zellikle sa\u011f patimle, tez elden yorulunca (yani tembelli\u011fim tutunca) babadan rica ederek! Tam bir y\u0131l -elbet aral\u0131klarla- yazd\u0131k durduk bunlar\u0131. Bakal\u0131m nas\u0131l bulacaks\u0131n\u0131z? Ayr\u0131ca sizlerde de bir heves uyand\u0131racak m\u0131? Do\u011frusu merak ediyorum! Cici Havhav Karamel \ufffcTan\u0131t\u0131m Metni<\/p>\n","protected":false},"excerpt":{"rendered":"<p>\u00c7ok sevgili okur! S\u00f6z\u00fc Karamel\u2019in G\u00fcnl\u00fc\u011f\u00fc\u2019n\u00fcn kahraman\u0131na verelim: Sokaklarda biraz gezelim tozal\u0131m, parkta biraz temiz hava alal\u0131m, oynayal\u0131m diye odas\u0131na gitti\u011fimde, babay\u0131 bazen de g\u00fcnl\u00fc\u011f\u00fcn\u00fc tutarken<span class=\"excerpt-hellip\"> [\u2026]<\/span><\/p>\n","protected":false},"featured_media":0,"template":"","meta":{"_monsterinsights_skip_tracking":false,"_monsterinsights_sitenote_active":false,"_monsterinsights_sitenote_note":"","_monsterinsights_sitenote_category":0},"product_brand":[],"product_cat":[12275,12274],"product_tag":[],"class_list":{"0":"post-711420","1":"product","2":"type-product","3":"status-publish","5":"product_cat-6-12-yas-kitaplari","6":"product_cat-cocuk-ve-genclik-kitaplari","7":"pa_cilt-ciltsiz","8":"pa_tur-kitap","9":"pa_yayinevi-ucan-at","10":"pa_yazar-adil-izci","12":"first","13":"instock","14":"sale","15":"shipping-taxable","16":"purchasable","17":"product-type-simple"},"_links":{"self":[{"href":"https:\/\/roveyayinevi.com.tr\/index.php\/wp-json\/wp\/v2\/product\/711420","targetHints":{"allow":["GET"]}}],"collection":[{"href":"https:\/\/roveyayinevi.com.tr\/index.php\/wp-json\/wp\/v2\/product"}],"about":[{"href":"https:\/\/roveyayinevi.com.tr\/index.php\/wp-json\/wp\/v2\/types\/product"}],"wp:attachment":[{"href":"https:\/\/roveyayinevi.com.tr\/index.php\/wp-json\/wp\/v2\/media?parent=711420"}],"wp:term":[{"taxonomy":"product_brand","embeddable":true,"href":"https:\/\/roveyayinevi.com.tr\/index.php\/wp-json\/wp\/v2\/product_brand?post=711420"},{"taxonomy":"product_cat","embeddable":true,"href":"https:\/\/roveyayinevi.com.tr\/index.php\/wp-json\/wp\/v2\/product_cat?post=711420"},{"taxonomy":"product_tag","embeddable":true,"href":"https:\/\/roveyayinevi.com.tr\/index.php\/wp-json\/wp\/v2\/product_tag?post=711420"}],"curies":[{"name":"wp","href":"https:\/\/api.w.org\/{rel}","templated":true}]}}