{"id":711418,"date":"2025-08-27T16:45:12","date_gmt":"2025-08-27T13:45:12","guid":{"rendered":"https:\/\/roveyayinevi.com.tr\/index.php\/urun\/babamin-sevdikleri\/"},"modified":"2026-04-16T02:19:54","modified_gmt":"2026-04-15T23:19:54","slug":"babamin-sevdikleri","status":"publish","type":"product","link":"https:\/\/roveyayinevi.com.tr\/index.php\/urun\/babamin-sevdikleri\/","title":{"rendered":"Babam\u0131n Sevdikleri"},"content":{"rendered":"<p>\u00c7ok sevgili okur! Abd\u00fclkadir Budak, \u015eiir Okulu\u2019nun \u00f6nemli \u015fairlerinden biridir. Kitaptaki \u015fiirleri y\u00fcksek sesle okuman\u0131za gerek yoktur. Aile duygusu, karde\u015flik, sorumluluk, e\u015fitlik ve \u00f6zg\u00fcrl\u00fck duygusunun kozas\u0131n\u0131 s\u00f6zc\u00fcklerle \u00f6ren \u015fiirleri okurken \u015fair g\u00fcl\u00fcmseyerek aram\u0131zda dola\u015ft\u0131\u011f\u0131n\u0131 sezdirir bize. \u00c7\u00fcnk\u00fc \u015fair bu \u015fiirleri \u00e7ocuklara e\u011filerek yazm\u0131\u015ft\u0131r. Babam\u0131n Sevdikleri, Abd\u00fclkadir Budak\u2019\u0131n s\u0131cac\u0131k \u015fiirleri, Saadet Ceylan\u2019\u0131n \u015fiirlere uygun \u00e7izimleriyle \u00f6zg\u00fcrl\u00fck \u015fark\u0131s\u0131na d\u00f6n\u00fc\u015f\u00fcyor. \ufffcTan\u0131t\u0131m Metni<\/p>\n","protected":false},"excerpt":{"rendered":"<p>\u00c7ok sevgili okur! Abd\u00fclkadir Budak, \u015eiir Okulu\u2019nun \u00f6nemli \u015fairlerinden biridir. Kitaptaki \u015fiirleri y\u00fcksek sesle okuman\u0131za gerek yoktur. Aile duygusu, karde\u015flik, sorumluluk, e\u015fitlik ve \u00f6zg\u00fcrl\u00fck duygusunun kozas\u0131n\u0131<span class=\"excerpt-hellip\"> [\u2026]<\/span><\/p>\n","protected":false},"featured_media":0,"template":"","meta":{"_monsterinsights_skip_tracking":false,"_monsterinsights_sitenote_active":false,"_monsterinsights_sitenote_note":"","_monsterinsights_sitenote_category":0},"product_brand":[],"product_cat":[12275,12274],"product_tag":[],"class_list":{"0":"post-711418","1":"product","2":"type-product","3":"status-publish","5":"product_cat-6-12-yas-kitaplari","6":"product_cat-cocuk-ve-genclik-kitaplari","7":"pa_cilt-ciltsiz","8":"pa_tur-kitap","9":"pa_yayinevi-ucan-at","10":"pa_yazar-abdulkadir-budak","12":"first","13":"instock","14":"sale","15":"shipping-taxable","16":"purchasable","17":"product-type-simple"},"_links":{"self":[{"href":"https:\/\/roveyayinevi.com.tr\/index.php\/wp-json\/wp\/v2\/product\/711418","targetHints":{"allow":["GET"]}}],"collection":[{"href":"https:\/\/roveyayinevi.com.tr\/index.php\/wp-json\/wp\/v2\/product"}],"about":[{"href":"https:\/\/roveyayinevi.com.tr\/index.php\/wp-json\/wp\/v2\/types\/product"}],"wp:attachment":[{"href":"https:\/\/roveyayinevi.com.tr\/index.php\/wp-json\/wp\/v2\/media?parent=711418"}],"wp:term":[{"taxonomy":"product_brand","embeddable":true,"href":"https:\/\/roveyayinevi.com.tr\/index.php\/wp-json\/wp\/v2\/product_brand?post=711418"},{"taxonomy":"product_cat","embeddable":true,"href":"https:\/\/roveyayinevi.com.tr\/index.php\/wp-json\/wp\/v2\/product_cat?post=711418"},{"taxonomy":"product_tag","embeddable":true,"href":"https:\/\/roveyayinevi.com.tr\/index.php\/wp-json\/wp\/v2\/product_tag?post=711418"}],"curies":[{"name":"wp","href":"https:\/\/api.w.org\/{rel}","templated":true}]}}