{"id":711407,"date":"2025-08-27T16:45:06","date_gmt":"2025-08-27T13:45:06","guid":{"rendered":"https:\/\/roveyayinevi.com.tr\/index.php\/urun\/hilalin-iki-muhafizi-2-abdulhamid-r-tayyip-erdogan\/"},"modified":"2026-04-16T02:19:54","modified_gmt":"2026-04-15T23:19:54","slug":"hilalin-iki-muhafizi-2-abdulhamid-r-tayyip-erdogan","status":"publish","type":"product","link":"https:\/\/roveyayinevi.com.tr\/index.php\/urun\/hilalin-iki-muhafizi-2-abdulhamid-r-tayyip-erdogan\/","title":{"rendered":"Hilal&#8217;in \u0130ki Muhaf\u0131z\u0131: 2. Abd\u00fclhamid &#8211; R. Tayyip Erdo\u011fan"},"content":{"rendered":"<p>\u0130ki memleket sevdal\u0131s\u0131, iki Islam m\u00fccahidi, iki g\u00fc\u00e7l\u00fc lider ve ya\u015fad\u0131klar\u0131&#8230;Ha\u00e7l\u0131lar\u0131n d\u00fcn sald\u0131rd\u0131klar\u0131 Sultan II. Abd\u00fclhamid ve bug\u00fcn sald\u0131r\u0131lar\u0131n\u0131 s\u00fcrd\u00fcrd\u00fckleri Cumhurba\u015fkan\u0131 Recep Tayyip Erdo\u011fan&#8230; Ikisinin de ba\u015f\u0131na gelen ilgin\u00e7 ama bir o kadar benzer olaylar\u0131n bu kadar \u00e7ok olmas\u0131 olduk\u00e7a manidar.Bu kitap, tarihe \u00f6nemli bir not d\u00fc\u015fmek i\u00e7in, &#8220;G\u00fcnl\u00fck politikan\u0131n oyunca\u011f\u0131 olmadan, ger\u00e7ek tarihimizin say\u0131s\u0131z kaynaklar\u0131n\u0131 inceleyip bir haf\u0131za tazelenmesi yapt\u0131\u011f\u0131m\u0131z i\u00e7in resm\u00ee tarih\u00e7iler bana dar\u0131lmas\u0131n!&#8221; diyen tarih\u00e7i yazar \u015e\u00fckr\u00fc Alt\u0131n taraf\u0131ndan bir hesapla\u015fma amac\u0131yla kaleme al\u0131nd\u0131.\u00d6nyarg\u0131lar\u0131 mahk\u00fbm edip s\u0131ra d\u0131\u015f\u0131 tarihimizin g\u00f6r\u00fcnmeyenlerini okuyarak bu topraklar\u0131n, bu Hilal&#8217;in, bu milletin bekas\u0131 i\u00e7in ge\u00e7mi\u015ften bug\u00fcne kendilerini siper eden iki b\u00fcy\u00fck liderin; Sultan II. Abd\u00fclhamid&#8217;in ve Cumhurba\u015fkan\u0131 Recep Tayyip Erdo\u011fan&#8217;\u0131n hakk\u0131n\u0131 teslim etmenin art\u0131k zaman\u0131 geldi! <\/p>\n","protected":false},"excerpt":{"rendered":"<p>\u0130ki memleket sevdal\u0131s\u0131, iki Islam m\u00fccahidi, iki g\u00fc\u00e7l\u00fc lider ve ya\u015fad\u0131klar\u0131&#8230;Ha\u00e7l\u0131lar\u0131n d\u00fcn sald\u0131rd\u0131klar\u0131 Sultan II. Abd\u00fclhamid ve bug\u00fcn sald\u0131r\u0131lar\u0131n\u0131 s\u00fcrd\u00fcrd\u00fckleri Cumhurba\u015fkan\u0131 Recep Tayyip Erdo\u011fan&#8230; Ikisinin de<span class=\"excerpt-hellip\"> [\u2026]<\/span><\/p>\n","protected":false},"featured_media":0,"template":"","meta":{"_monsterinsights_skip_tracking":false,"_monsterinsights_sitenote_active":false,"_monsterinsights_sitenote_note":"","_monsterinsights_sitenote_category":0},"product_brand":[],"product_cat":[31194,12337],"product_tag":[],"class_list":{"0":"post-711407","1":"product","2":"type-product","3":"status-publish","5":"product_cat-guncel-siyaset","6":"product_cat-politika-siyaset","7":"pa_cilt-ciltsiz","8":"pa_tur-kitap","9":"pa_yayinevi-hayat-yayinlari","10":"pa_yazar-sukru-altin","12":"first","13":"instock","14":"sale","15":"shipping-taxable","16":"purchasable","17":"product-type-simple"},"_links":{"self":[{"href":"https:\/\/roveyayinevi.com.tr\/index.php\/wp-json\/wp\/v2\/product\/711407","targetHints":{"allow":["GET"]}}],"collection":[{"href":"https:\/\/roveyayinevi.com.tr\/index.php\/wp-json\/wp\/v2\/product"}],"about":[{"href":"https:\/\/roveyayinevi.com.tr\/index.php\/wp-json\/wp\/v2\/types\/product"}],"wp:attachment":[{"href":"https:\/\/roveyayinevi.com.tr\/index.php\/wp-json\/wp\/v2\/media?parent=711407"}],"wp:term":[{"taxonomy":"product_brand","embeddable":true,"href":"https:\/\/roveyayinevi.com.tr\/index.php\/wp-json\/wp\/v2\/product_brand?post=711407"},{"taxonomy":"product_cat","embeddable":true,"href":"https:\/\/roveyayinevi.com.tr\/index.php\/wp-json\/wp\/v2\/product_cat?post=711407"},{"taxonomy":"product_tag","embeddable":true,"href":"https:\/\/roveyayinevi.com.tr\/index.php\/wp-json\/wp\/v2\/product_tag?post=711407"}],"curies":[{"name":"wp","href":"https:\/\/api.w.org\/{rel}","templated":true}]}}

Hilal&#8217;in İki Muhafızı: 2. Abdülhamid &#8211; R. Tayyip Erdoğan

<p>İki memleket sevdalısı, iki Islam mücahidi, iki güçlü lider ve yaşadıkları&#8230;Haçlıların dün saldırdıkları Sultan II. Abdülhamid ve bugün saldırılarını sürdürdükleri Cumhurbaşkanı Recep Tayyip Erdoğan&#8230; Ikisinin de başına gelen ilginç ama bir o kadar benzer olayların bu kadar çok olması oldukça manidar.Bu kitap, tarihe önemli bir not düşmek için, &#8220;Günlük politikanın oyuncağı olmadan, gerçek tarihimizin sayısız kaynaklarını inceleyip bir hafıza tazelenmesi yaptığımız için resmî tarihçiler bana darılmasın!&#8221; diyen tarihçi yazar Şükrü Altın tarafından bir hesaplaşma amacıyla kaleme alındı.Önyargıları mahkûm edip sıra dışı tarihimizin görünmeyenlerini okuyarak bu toprakların, bu Hilal&#8217;in, bu milletin bekası için geçmişten bugüne kendilerini siper eden iki büyük liderin; Sultan II. Abdülhamid&#8217;in ve Cumhurbaşkanı Recep Tayyip Erdoğan&#8217;ın hakkını teslim etmenin artık zamanı geldi! </p>

<p>İki memleket sevdalısı, iki Islam mücahidi, iki güçlü lider ve yaşadıkları&#8230;Haçlıların dün saldırdıkları Sultan II. Abdülhamid ve bugün saldırılarını sürdürdükleri Cumhurbaşkanı Recep Tayyip Erdoğan&#8230; Ikisinin de<span class="excerpt-hellip"> […]</span></p>
