{"id":711401,"date":"2025-08-27T16:45:03","date_gmt":"2025-08-27T13:45:03","guid":{"rendered":"https:\/\/roveyayinevi.com.tr\/index.php\/urun\/aziz-nesin-saliha-scheinhardt-mektuplasmalari-bozkir-firtinasi\/"},"modified":"2026-04-16T02:19:54","modified_gmt":"2026-04-15T23:19:54","slug":"aziz-nesin-saliha-scheinhardt-mektuplasmalari-bozkir-firtinasi","status":"publish","type":"product","link":"https:\/\/roveyayinevi.com.tr\/index.php\/urun\/aziz-nesin-saliha-scheinhardt-mektuplasmalari-bozkir-firtinasi\/","title":{"rendered":"Aziz Nesin &#8211; Saliha Scheinhardt Mektupla\u015fmalar\u0131 &#8211; Bozk\u0131r F\u0131rt\u0131nas\u0131"},"content":{"rendered":"<p>15 y\u0131ll\u0131k bir zamana yay\u0131lan bu mektuplar olduk\u00e7a co\u015fkun, epeyce duygusal. Kendini bulmaya, hayata tutunmaya \u00e7al\u0131\u015fan Saliha Scheinhardt ve ona okuyarak, yazarak sa\u011falmay\u0131, sevgiyle direnmeyi \u00f6\u011f\u00fctleyen Aziz Nesin. Almanya`da ayr\u0131mc\u0131l\u0131k ve \u0131rk\u00e7\u0131l\u0131\u011f\u0131n, T\u00fcrkiye`de askeri tahakk\u00fcm\u00fcn yeniden y\u00fckseldi\u011fi zor zamanlarda, birbirlerinin sat\u0131rlar\u0131ndan g\u00fc\u00e7 alan iki insan. Bu kitapta bir araya getirilen mektuplar Scheinhardt`\u0131n yazar olma, Nesin`in \u00f6l\u00fcme kar\u015f\u0131 koyma maceras\u0131na tan\u0131kl\u0131k ediyor. &#8220;Hep yazd\u0131m, \u00e7ok yazd\u0131m, her zaman yazd\u0131m, binlerce sat\u0131r yazd\u0131m size; ac\u0131lardan kavrulurken, mide komas\u0131nda k\u0131vran\u0131rken, kat\u0131la kat\u0131la a\u011flarken, yelpaze yelpaze kahkahalarla, bazen ve ard\u0131 ard\u0131na yazd\u0131m. Maya piramitlerinden yazd\u0131m, Himalayalar`da salt on saniye g\u00fcne\u015fin do\u011fu\u015funu g\u00f6rmek i\u00e7in 7.200 metreye, zifiri karanl\u0131kta belime kadar \u00e7amur i\u00e7inde Annapurna`ya t\u0131rman\u0131rken yazd\u0131m. Yeni bir kitab\u0131m \u00e7\u0131kt\u0131\u011f\u0131nda \u00f6yk\u00fcs\u00fcn\u00fc ilk size anlatt\u0131m; \u00e7aresiz, umutsuz kald\u0131k\u00e7a hep yapt\u0131\u011f\u0131m gibi size hayk\u0131rd\u0131m. Biliyordum, benim koca \u00e7\u0131nar\u0131m sol omzumun \u00fcst\u00fcnden zaten hep beni izliyordu; izliyordunuz, k\u0131z\u0131yor, takdir ediyordunuz. Bana h\u00e2l\u00e2, bu ya\u015f\u0131mda, \u00f6mr\u00fcm boyunca hi\u00e7 ama hi\u00e7 kimseden alamad\u0131\u011f\u0131m g\u00fcc\u00fc veriyordunuz.&#8221; \ufffcTan\u0131t\u0131m Metni<\/p>\n","protected":false},"excerpt":{"rendered":"<p>15 y\u0131ll\u0131k bir zamana yay\u0131lan bu mektuplar olduk\u00e7a co\u015fkun, epeyce duygusal. Kendini bulmaya, hayata tutunmaya \u00e7al\u0131\u015fan Saliha Scheinhardt ve ona okuyarak, yazarak sa\u011falmay\u0131, sevgiyle direnmeyi \u00f6\u011f\u00fctleyen<span class=\"excerpt-hellip\"> [\u2026]<\/span><\/p>\n","protected":false},"featured_media":0,"template":"","meta":{"_monsterinsights_skip_tracking":false,"_monsterinsights_sitenote_active":false,"_monsterinsights_sitenote_note":"","_monsterinsights_sitenote_category":0},"product_brand":[],"product_cat":[13701,12291],"product_tag":[],"class_list":{"0":"post-711401","1":"product","2":"type-product","3":"status-publish","5":"product_cat-ani-mektup-gunluk","6":"product_cat-edebiyat","7":"pa_cilt-ciltli","8":"pa_tur-kitap","9":"pa_yayinevi-nesin-yayinlari","10":"pa_yazar-aziz-nesin-saliha-scheinhardt","12":"first","13":"instock","14":"sale","15":"shipping-taxable","16":"purchasable","17":"product-type-simple"},"_links":{"self":[{"href":"https:\/\/roveyayinevi.com.tr\/index.php\/wp-json\/wp\/v2\/product\/711401","targetHints":{"allow":["GET"]}}],"collection":[{"href":"https:\/\/roveyayinevi.com.tr\/index.php\/wp-json\/wp\/v2\/product"}],"about":[{"href":"https:\/\/roveyayinevi.com.tr\/index.php\/wp-json\/wp\/v2\/types\/product"}],"wp:attachment":[{"href":"https:\/\/roveyayinevi.com.tr\/index.php\/wp-json\/wp\/v2\/media?parent=711401"}],"wp:term":[{"taxonomy":"product_brand","embeddable":true,"href":"https:\/\/roveyayinevi.com.tr\/index.php\/wp-json\/wp\/v2\/product_brand?post=711401"},{"taxonomy":"product_cat","embeddable":true,"href":"https:\/\/roveyayinevi.com.tr\/index.php\/wp-json\/wp\/v2\/product_cat?post=711401"},{"taxonomy":"product_tag","embeddable":true,"href":"https:\/\/roveyayinevi.com.tr\/index.php\/wp-json\/wp\/v2\/product_tag?post=711401"}],"curies":[{"name":"wp","href":"https:\/\/api.w.org\/{rel}","templated":true}]}}