{"id":711392,"date":"2025-08-27T16:44:58","date_gmt":"2025-08-27T13:44:58","guid":{"rendered":"https:\/\/roveyayinevi.com.tr\/index.php\/urun\/etkinliklerle-hafta-hafta-konusma-egitimi\/"},"modified":"2026-04-16T02:19:53","modified_gmt":"2026-04-15T23:19:53","slug":"etkinliklerle-hafta-hafta-konusma-egitimi","status":"publish","type":"product","link":"https:\/\/roveyayinevi.com.tr\/index.php\/urun\/etkinliklerle-hafta-hafta-konusma-egitimi\/","title":{"rendered":"Etkinliklerle Hafta Hafta Konu\u015fma E\u011fitimi"},"content":{"rendered":"<p>D\u00f6rt temel dil becerisinden biri olan konu\u015fma, hi\u00e7 \u015f\u00fcphesiz ileti\u015fimin en \u00f6nemli ve yayg\u0131n arac\u0131d\u0131r.Konu\u015fma becerisinin g\u00fc\u00e7l\u00fc olu\u015fu, ki\u015finin kendini daha iyi ifade edebilmesinin, do\u011fal olarak da ileti\u015fimindaha kaliteli ve isten-dik boyutta ger\u00e7ekle\u015fmesinin temel anahtarlar\u0131ndand\u0131r. Bu anahtar\u0131n i\u015flemesi ise aile,sosyal \u00e7evre, medya vs. ile ba\u015flayan s\u00fcrecin okullarda planl\u0131 bir bi-\u00e7imde geli\u015ftirilmesine ba\u011fl\u0131d\u0131r. Bu y\u00fczdenkonu\u015fma becerileri geli\u015fmi\u015f ve \u00f6\u011f-rencilerinin bu dil becerilerini geli\u015ftirmeyi bilen \u00f6\u011fretmenlere ihtiya\u00e7duyul-maktad\u0131r. Bu \u00f6\u011fretmen ihtiyac\u0131n\u0131 fark eden ve \u00e7\u00f6z\u00fcm noktas\u0131nda inisiyatif almay\u0131 \u00f6nemseyen biliminsanlar\u0131n\u0131n bir araya gelerek olu\u015fturdu\u011fu bu eserde, konu\u015fma becerisinin kuramsal boyutuna ek olarakpratik uygulama-lar\u0131 eklemeyi, bu pratiklerin de nas\u0131l ger\u00e7ekle\u015fmesi gerekti\u011fini a\u00e7\u0131klamay\u0131 ye\u011flemi\u015ftir.Bu d\u00fc\u015f\u00fcnce, b\u00fcy\u00fck bir dikkat ve titizlikle haz\u0131rlanan, a\u015famal\u0131 bir e\u011fitimi \u00f6ng\u00f6ren \u201cEtkinliklerle Hafta HaftaKonu\u015fma E\u011fitimi\u201d kitab\u0131n\u0131 ortaya \u00e7\u0131karm\u0131\u015ft\u0131r. Y\u00d6K\u2019\u00fcn de e\u011fitim takvimi dikkate al\u0131narak bu kitap on d\u00f6rta\u015fa-madan\/b\u00f6l\u00fcmden olu\u015fturulmu\u015ftur. Birinci b\u00f6l\u00fcmde ileti\u015fim konusu ele al\u0131n-m\u0131\u015f, ileti\u015fimin tan\u0131m\u0131,s\u00fcreci ve \u00e7e\u015fitleri \u00fczerinde durulmu\u015ftur. \u0130kinci b\u00f6-l\u00fcmde konu\u015fma ile ilgili temel kavramlar yer almaktad\u0131r. <\/p>\n","protected":false},"excerpt":{"rendered":"<p>D\u00f6rt temel dil becerisinden biri olan konu\u015fma, hi\u00e7 \u015f\u00fcphesiz ileti\u015fimin en \u00f6nemli ve yayg\u0131n arac\u0131d\u0131r.Konu\u015fma becerisinin g\u00fc\u00e7l\u00fc olu\u015fu, ki\u015finin kendini daha iyi ifade edebilmesinin, do\u011fal olarak<span class=\"excerpt-hellip\"> [\u2026]<\/span><\/p>\n","protected":false},"featured_media":0,"template":"","meta":{"_monsterinsights_skip_tracking":false,"_monsterinsights_sitenote_active":false,"_monsterinsights_sitenote_note":"","_monsterinsights_sitenote_category":0},"product_brand":[],"product_cat":[15351,15350],"product_tag":[],"class_list":{"0":"post-711392","1":"product","2":"type-product","3":"status-publish","5":"product_cat-ders-kitaplari","6":"product_cat-hukuk","7":"pa_cilt-ciltsiz","8":"pa_tur-kitap","9":"pa_yayinevi-ani-yayincilik","10":"pa_yazar-ahmet-akcay-sami-baskin","12":"first","13":"instock","14":"sale","15":"shipping-taxable","16":"purchasable","17":"product-type-simple"},"_links":{"self":[{"href":"https:\/\/roveyayinevi.com.tr\/index.php\/wp-json\/wp\/v2\/product\/711392","targetHints":{"allow":["GET"]}}],"collection":[{"href":"https:\/\/roveyayinevi.com.tr\/index.php\/wp-json\/wp\/v2\/product"}],"about":[{"href":"https:\/\/roveyayinevi.com.tr\/index.php\/wp-json\/wp\/v2\/types\/product"}],"wp:attachment":[{"href":"https:\/\/roveyayinevi.com.tr\/index.php\/wp-json\/wp\/v2\/media?parent=711392"}],"wp:term":[{"taxonomy":"product_brand","embeddable":true,"href":"https:\/\/roveyayinevi.com.tr\/index.php\/wp-json\/wp\/v2\/product_brand?post=711392"},{"taxonomy":"product_cat","embeddable":true,"href":"https:\/\/roveyayinevi.com.tr\/index.php\/wp-json\/wp\/v2\/product_cat?post=711392"},{"taxonomy":"product_tag","embeddable":true,"href":"https:\/\/roveyayinevi.com.tr\/index.php\/wp-json\/wp\/v2\/product_tag?post=711392"}],"curies":[{"name":"wp","href":"https:\/\/api.w.org\/{rel}","templated":true}]}}