{"id":711384,"date":"2025-08-27T16:44:54","date_gmt":"2025-08-27T13:44:54","guid":{"rendered":"https:\/\/roveyayinevi.com.tr\/index.php\/urun\/mimar-sinan-ve-ciragi-medeniyet-mimarlarimiz-2\/"},"modified":"2026-04-16T02:19:53","modified_gmt":"2026-04-15T23:19:53","slug":"mimar-sinan-ve-ciragi-medeniyet-mimarlarimiz-2","status":"publish","type":"product","link":"https:\/\/roveyayinevi.com.tr\/index.php\/urun\/mimar-sinan-ve-ciragi-medeniyet-mimarlarimiz-2\/","title":{"rendered":"Mimar Sinan Ve \u00c7\u0131ra\u011f\u0131 \/ Medeniyet Mimarlar\u0131m\u0131z 2"},"content":{"rendered":"<p>Selim, heyecanla s\u0131ran\u0131n kendisine gelmesini bekliyordu. Sonunda \u00f6n\u00fcndeki onca \u00f6\u011frenciden sonra i\u00e7eri girdi. D\u0131\u015far\u0131da bahar havas\u0131 h\u00e2kimdi. T\u00fcm ailesinin kendisini avluda heyecanla bekledi\u011fini biliyordu. Dedesinin emeklerini, babas\u0131n\u0131n hayallerini d\u00fc\u015f\u00fcnd\u00fc. B\u00fcy\u00fck g\u00fcn gelip \u00e7atm\u0131\u015ft\u0131. Yetenek Avc\u0131s\u0131\u2019n\u0131n ekibi olarak ba\u015farmal\u0131yd\u0131lar. Selim ve arkada\u015flar\u0131 heyecanla ayr\u0131 ayr\u0131 j\u00fcrinin kar\u015f\u0131s\u0131na ge\u00e7mi\u015flerdi. Her biri de Mimar Sinan Akademisi\u2019nin \u00f6\u011frencisi olmak i\u00e7in ter d\u00f6k\u00fcyorlard\u0131. Selim, haz\u0131rlad\u0131\u011f\u0131 maketi j\u00fcrinin \u00f6n\u00fcne koyarak her birine tebess\u00fcm etti. Birazdan ta\u015flar\u0131 konu\u015fturan, mimar\u00ee yap\u0131lar\u0131n ustas\u0131 Sinan\u2019\u0131 ve eserlerini anlatacakt\u0131. Sinan\u2019\u0131n \u00e7\u0131ra\u011f\u0131 olarak o da maketini konu\u015fturacakt\u0131. Ancak bu \u015fekilde Mimar Sinan\u2019\u0131n \u00f6\u011frencisi olmay\u0131 ba\u015faracakt\u0131. <\/p>\n","protected":false},"excerpt":{"rendered":"<p>Selim, heyecanla s\u0131ran\u0131n kendisine gelmesini bekliyordu. Sonunda \u00f6n\u00fcndeki onca \u00f6\u011frenciden sonra i\u00e7eri girdi. D\u0131\u015far\u0131da bahar havas\u0131 h\u00e2kimdi. T\u00fcm ailesinin kendisini avluda heyecanla bekledi\u011fini biliyordu. Dedesinin emeklerini,<span class=\"excerpt-hellip\"> [\u2026]<\/span><\/p>\n","protected":false},"featured_media":0,"template":"","meta":{"_monsterinsights_skip_tracking":false,"_monsterinsights_sitenote_active":false,"_monsterinsights_sitenote_note":"","_monsterinsights_sitenote_category":0},"product_brand":[],"product_cat":[13946,12304],"product_tag":[],"class_list":{"0":"post-711384","1":"product","2":"type-product","3":"status-publish","5":"product_cat-biyografi-otobiyografi","6":"product_cat-tarih","7":"pa_cilt-ciltsiz","8":"pa_tur-kitap","9":"pa_yayinevi-genc-hayat","10":"pa_yazar-eda-bildek","12":"first","13":"instock","14":"sale","15":"shipping-taxable","16":"purchasable","17":"product-type-simple"},"_links":{"self":[{"href":"https:\/\/roveyayinevi.com.tr\/index.php\/wp-json\/wp\/v2\/product\/711384","targetHints":{"allow":["GET"]}}],"collection":[{"href":"https:\/\/roveyayinevi.com.tr\/index.php\/wp-json\/wp\/v2\/product"}],"about":[{"href":"https:\/\/roveyayinevi.com.tr\/index.php\/wp-json\/wp\/v2\/types\/product"}],"wp:attachment":[{"href":"https:\/\/roveyayinevi.com.tr\/index.php\/wp-json\/wp\/v2\/media?parent=711384"}],"wp:term":[{"taxonomy":"product_brand","embeddable":true,"href":"https:\/\/roveyayinevi.com.tr\/index.php\/wp-json\/wp\/v2\/product_brand?post=711384"},{"taxonomy":"product_cat","embeddable":true,"href":"https:\/\/roveyayinevi.com.tr\/index.php\/wp-json\/wp\/v2\/product_cat?post=711384"},{"taxonomy":"product_tag","embeddable":true,"href":"https:\/\/roveyayinevi.com.tr\/index.php\/wp-json\/wp\/v2\/product_tag?post=711384"}],"curies":[{"name":"wp","href":"https:\/\/api.w.org\/{rel}","templated":true}]}}