{"id":711369,"date":"2025-08-27T16:44:44","date_gmt":"2025-08-27T13:44:44","guid":{"rendered":"https:\/\/roveyayinevi.com.tr\/index.php\/urun\/kanli-corekler-ve-korkuluklar-sivridis-ailesi\/"},"modified":"2026-04-16T02:19:53","modified_gmt":"2026-04-15T23:19:53","slug":"kanli-corekler-ve-korkuluklar-sivridis-ailesi","status":"publish","type":"product","link":"https:\/\/roveyayinevi.com.tr\/index.php\/urun\/kanli-corekler-ve-korkuluklar-sivridis-ailesi\/","title":{"rendered":"Kanl\u0131 \u00c7\u00f6rekler ve Korkuluklar Sivridi\u015f Ailesi"},"content":{"rendered":"<p>Sivridi\u015f Ailesi\u2019yle tan\u0131\u015fmaya haz\u0131r m\u0131s\u0131n\u0131z? Baba Sivridi\u015f, Anne Sivridi\u015f, B\u00fcy\u00fckbaba Sivridi\u015f, K\u00fc\u00e7\u00fck Sivridi\u015f, Bebek Sivridi\u015f ve vampir k\u00f6pek Damarc\u0131k. T\u00fcm vampirler gibi, Sivridi\u015f Ailesi\u2019nin \u00fcyeleri de k\u0131rm\u0131z\u0131 g\u00f6zlere ve sivri di\u015flere sahiptir. I\u015f\u0131ktan nefret ederler. Kan\u0131n tad\u0131naysa bay\u0131l\u0131rlar. \u0130stedikleri zaman yarasaya d\u00f6n\u00fc\u015febilirler. K\u00fc\u00e7\u00fck Sivridi\u015f ile B\u00fcy\u00fckbaba Sivridi\u015f\u2019in kanl\u0131 \u00e7\u00f6rekler almak i\u00e7in \u00e7\u0131kt\u0131klar\u0131 gece al\u0131\u015fveri\u015finde B\u00fcy\u00fckbaba Sivridi\u015f, sivri di\u015flerini kaybeder. Peki ama di\u015flerini nas\u0131l kaybetmi\u015f olabilir ki? <\/p>\n","protected":false},"excerpt":{"rendered":"<p>Sivridi\u015f Ailesi\u2019yle tan\u0131\u015fmaya haz\u0131r m\u0131s\u0131n\u0131z? Baba Sivridi\u015f, Anne Sivridi\u015f, B\u00fcy\u00fckbaba Sivridi\u015f, K\u00fc\u00e7\u00fck Sivridi\u015f, Bebek Sivridi\u015f ve vampir k\u00f6pek Damarc\u0131k. T\u00fcm vampirler gibi, Sivridi\u015f Ailesi\u2019nin \u00fcyeleri de<span class=\"excerpt-hellip\"> [\u2026]<\/span><\/p>\n","protected":false},"featured_media":0,"template":"","meta":{"_monsterinsights_skip_tracking":false,"_monsterinsights_sitenote_active":false,"_monsterinsights_sitenote_note":"","_monsterinsights_sitenote_category":0},"product_brand":[],"product_cat":[12275,12274],"product_tag":[],"class_list":{"0":"post-711369","1":"product","2":"type-product","3":"status-publish","5":"product_cat-6-12-yas-kitaplari","6":"product_cat-cocuk-ve-genclik-kitaplari","7":"pa_cilt-ciltsiz","8":"pa_tur-kitap","9":"pa_yayinevi-beta-kids","10":"pa_yazar-sheryl-webster","12":"first","13":"instock","14":"sale","15":"shipping-taxable","16":"purchasable","17":"product-type-simple"},"_links":{"self":[{"href":"https:\/\/roveyayinevi.com.tr\/index.php\/wp-json\/wp\/v2\/product\/711369","targetHints":{"allow":["GET"]}}],"collection":[{"href":"https:\/\/roveyayinevi.com.tr\/index.php\/wp-json\/wp\/v2\/product"}],"about":[{"href":"https:\/\/roveyayinevi.com.tr\/index.php\/wp-json\/wp\/v2\/types\/product"}],"wp:attachment":[{"href":"https:\/\/roveyayinevi.com.tr\/index.php\/wp-json\/wp\/v2\/media?parent=711369"}],"wp:term":[{"taxonomy":"product_brand","embeddable":true,"href":"https:\/\/roveyayinevi.com.tr\/index.php\/wp-json\/wp\/v2\/product_brand?post=711369"},{"taxonomy":"product_cat","embeddable":true,"href":"https:\/\/roveyayinevi.com.tr\/index.php\/wp-json\/wp\/v2\/product_cat?post=711369"},{"taxonomy":"product_tag","embeddable":true,"href":"https:\/\/roveyayinevi.com.tr\/index.php\/wp-json\/wp\/v2\/product_tag?post=711369"}],"curies":[{"name":"wp","href":"https:\/\/api.w.org\/{rel}","templated":true}]}}