{"id":711366,"date":"2025-08-27T16:44:43","date_gmt":"2025-08-27T13:44:43","guid":{"rendered":"https:\/\/roveyayinevi.com.tr\/index.php\/urun\/istanbul-cozuldu\/"},"modified":"2026-04-16T02:19:53","modified_gmt":"2026-04-15T23:19:53","slug":"istanbul-cozuldu","status":"publish","type":"product","link":"https:\/\/roveyayinevi.com.tr\/index.php\/urun\/istanbul-cozuldu\/","title":{"rendered":"\u0130stanbul \u00c7\u00f6z\u00fcld\u00fc"},"content":{"rendered":"<p>bo\u011fazdan i\u00e7erlere dev kanallar istiyorumi\u00e7erlere koku, ses ve tuz&#8230;\u00d6zlem Bahad\u0131r Karao\u011flu&#8217;nun, duyular\u0131n\u0131 k\u00f6relten planlama hatalar\u0131na, ki\u015fiyi biralgoritman\u0131n i\u00e7ine s\u0131k\u0131\u015ft\u0131ran d\u00f6nemin ruhuna belli ki itiraz\u0131 var.Ele\u015ftirilerini, mimari izlenimlerini, kentsel taleplerini, metroda karalad\u0131klar\u0131n\u0131 g\u00f6rsel \u015fiiredair nitelikli denemelerle aktar\u0131yor.\u0130stanbul \u00e7\u00f6z\u00fcld\u00fc, g\u00f6z\u00fcpek bir \u015fiir giri\u015fimi olarak ve ayn\u0131 zamanda kent okumaal\u0131\u015fkanl\u0131klar\u0131n\u0131 sarsmaya, istanbul\u2019la aram\u0131zda \u00e7\u0131plak g\u00f6zle g\u00f6r\u00fclmesi zor ba\u011flar\u0131 g\u00fc\u00e7lendirmeye y\u00f6neliyor. <\/p>\n","protected":false},"excerpt":{"rendered":"<p>bo\u011fazdan i\u00e7erlere dev kanallar istiyorumi\u00e7erlere koku, ses ve tuz&#8230;\u00d6zlem Bahad\u0131r Karao\u011flu&#8217;nun, duyular\u0131n\u0131 k\u00f6relten planlama hatalar\u0131na, ki\u015fiyi biralgoritman\u0131n i\u00e7ine s\u0131k\u0131\u015ft\u0131ran d\u00f6nemin ruhuna belli ki itiraz\u0131 var.Ele\u015ftirilerini, mimari<span class=\"excerpt-hellip\"> [\u2026]<\/span><\/p>\n","protected":false},"featured_media":0,"template":"","meta":{"_monsterinsights_skip_tracking":false,"_monsterinsights_sitenote_active":false,"_monsterinsights_sitenote_note":"","_monsterinsights_sitenote_category":0},"product_brand":[],"product_cat":[12291,12509],"product_tag":[],"class_list":{"0":"post-711366","1":"product","2":"type-product","3":"status-publish","5":"product_cat-edebiyat","6":"product_cat-siir","7":"pa_cilt-ciltsiz","8":"pa_tur-kitap","9":"pa_yayinevi-ayrikotu-yayinlari","10":"pa_yazar-ozlem-bahadir-karaoglu","12":"first","13":"instock","14":"sale","15":"shipping-taxable","16":"purchasable","17":"product-type-simple"},"_links":{"self":[{"href":"https:\/\/roveyayinevi.com.tr\/index.php\/wp-json\/wp\/v2\/product\/711366","targetHints":{"allow":["GET"]}}],"collection":[{"href":"https:\/\/roveyayinevi.com.tr\/index.php\/wp-json\/wp\/v2\/product"}],"about":[{"href":"https:\/\/roveyayinevi.com.tr\/index.php\/wp-json\/wp\/v2\/types\/product"}],"wp:attachment":[{"href":"https:\/\/roveyayinevi.com.tr\/index.php\/wp-json\/wp\/v2\/media?parent=711366"}],"wp:term":[{"taxonomy":"product_brand","embeddable":true,"href":"https:\/\/roveyayinevi.com.tr\/index.php\/wp-json\/wp\/v2\/product_brand?post=711366"},{"taxonomy":"product_cat","embeddable":true,"href":"https:\/\/roveyayinevi.com.tr\/index.php\/wp-json\/wp\/v2\/product_cat?post=711366"},{"taxonomy":"product_tag","embeddable":true,"href":"https:\/\/roveyayinevi.com.tr\/index.php\/wp-json\/wp\/v2\/product_tag?post=711366"}],"curies":[{"name":"wp","href":"https:\/\/api.w.org\/{rel}","templated":true}]}}