{"id":711344,"date":"2025-08-27T16:44:30","date_gmt":"2025-08-27T13:44:30","guid":{"rendered":"https:\/\/roveyayinevi.com.tr\/index.php\/urun\/strateji-ve-taktik\/"},"modified":"2025-12-30T10:10:52","modified_gmt":"2025-12-30T07:10:52","slug":"strateji-ve-taktik","status":"publish","type":"product","link":"https:\/\/roveyayinevi.com.tr\/index.php\/urun\/strateji-ve-taktik\/","title":{"rendered":"Strateji ve Taktik"},"content":{"rendered":"<p>\u00c7a\u011f\u0131m\u0131zda s\u0131n\u0131f m\u00fccadelesi, emek ve sermaye aras\u0131ndaki \u00e7eli\u015fkinin kendisini g\u00f6sterdi\u011fi b\u00fct\u00fcn alanlarda, de\u011fi\u015fik bi\u00e7imler alt\u0131nda s\u00fcrmektedir. Bu \u00e7ok y\u00f6nl\u00fc ve karma\u015f\u0131k m\u00fccadelede, i\u015f\u00e7i s\u0131n\u0131f\u0131 ve burjuvazi, kar\u015f\u0131l\u0131kl\u0131 olarak, de\u011fi\u015fik ara\u00e7lar ve y\u00f6ntemler kullanmaktad\u0131r. Burjuvazi, say\u0131s\u0131z \u00f6rg\u00fcte, uzmanlara ve sistemlere sahiptir. Ya i\u015f\u00e7i s\u0131n\u0131f\u0131? Neredeyse iki y\u00fcz y\u0131ld\u0131r tarihin gidi\u015fini etkileyen i\u015f\u00e7i s\u0131n\u0131f\u0131, m\u00fccadele deney ve g\u00f6rg\u00fcs\u00fc bak\u0131m\u0131ndan burjuvaziden hi\u00e7 de geride de\u011fildir. Bu deney birikimi, grevden, siyasal iktidar hedefine kadar, i\u015f\u00e7i s\u0131n\u0131f\u0131n\u0131n her alandaki m\u00fccadelesine yol g\u00f6steren bir bilim halinde y\u00fckselmi\u015ftir. Proletaryan\u0131n s\u0131n\u0131f m\u00fccadelesinin ana konusu, strateji ve taktiktir. Strateji ve Taktik, s\u0131n\u0131f m\u00fccadelesinin b\u00fcy\u00fck ustalar\u0131ndan Stalin\u2019in, bu bilimin temel ilkelerini her emek\u00e7inin kolayca anlayabilece\u011fi bir yal\u0131nl\u0131kla anlatan yaz\u0131lar\u0131n\u0131 i\u00e7eriyor. <\/p>\n","protected":false},"excerpt":{"rendered":"<p>\u00c7a\u011f\u0131m\u0131zda s\u0131n\u0131f m\u00fccadelesi, emek ve sermaye aras\u0131ndaki \u00e7eli\u015fkinin kendisini g\u00f6sterdi\u011fi b\u00fct\u00fcn alanlarda, de\u011fi\u015fik bi\u00e7imler alt\u0131nda s\u00fcrmektedir. Bu \u00e7ok y\u00f6nl\u00fc ve karma\u015f\u0131k m\u00fccadelede, i\u015f\u00e7i s\u0131n\u0131f\u0131 ve burjuvazi,<span class=\"excerpt-hellip\"> [\u2026]<\/span><\/p>\n","protected":false},"featured_media":0,"template":"","meta":{"_monsterinsights_skip_tracking":false,"_monsterinsights_sitenote_active":false,"_monsterinsights_sitenote_note":"","_monsterinsights_sitenote_category":0},"product_brand":[],"product_cat":[12337],"product_tag":[],"class_list":{"0":"post-711344","1":"product","2":"type-product","3":"status-publish","5":"product_cat-politika-siyaset","6":"pa_cilt-ciltsiz","7":"pa_tur-kitap","8":"pa_yayinevi-kor-kitap","9":"pa_yazar-j-v-stalin","11":"first","12":"instock","13":"sale","14":"shipping-taxable","15":"purchasable","16":"product-type-simple"},"_links":{"self":[{"href":"https:\/\/roveyayinevi.com.tr\/index.php\/wp-json\/wp\/v2\/product\/711344","targetHints":{"allow":["GET"]}}],"collection":[{"href":"https:\/\/roveyayinevi.com.tr\/index.php\/wp-json\/wp\/v2\/product"}],"about":[{"href":"https:\/\/roveyayinevi.com.tr\/index.php\/wp-json\/wp\/v2\/types\/product"}],"wp:attachment":[{"href":"https:\/\/roveyayinevi.com.tr\/index.php\/wp-json\/wp\/v2\/media?parent=711344"}],"wp:term":[{"taxonomy":"product_brand","embeddable":true,"href":"https:\/\/roveyayinevi.com.tr\/index.php\/wp-json\/wp\/v2\/product_brand?post=711344"},{"taxonomy":"product_cat","embeddable":true,"href":"https:\/\/roveyayinevi.com.tr\/index.php\/wp-json\/wp\/v2\/product_cat?post=711344"},{"taxonomy":"product_tag","embeddable":true,"href":"https:\/\/roveyayinevi.com.tr\/index.php\/wp-json\/wp\/v2\/product_tag?post=711344"}],"curies":[{"name":"wp","href":"https:\/\/api.w.org\/{rel}","templated":true}]}}