{"id":711342,"date":"2025-08-27T16:44:29","date_gmt":"2025-08-27T13:44:29","guid":{"rendered":"https:\/\/roveyayinevi.com.tr\/index.php\/urun\/orfoz-ortadogudaki-istihbarat-savaslari-ve-bir-ajan\/"},"modified":"2026-04-16T02:19:52","modified_gmt":"2026-04-15T23:19:52","slug":"orfoz-ortadogudaki-istihbarat-savaslari-ve-bir-ajan","status":"publish","type":"product","link":"https:\/\/roveyayinevi.com.tr\/index.php\/urun\/orfoz-ortadogudaki-istihbarat-savaslari-ve-bir-ajan\/","title":{"rendered":"Orfoz &#8211; Ortado\u011fu\u2019daki \u0130stihbarat Sava\u015flar\u0131 ve Bir Ajan"},"content":{"rendered":"<p>Kod ad\u0131 Orfoz Derin sularda ya\u015fayan \u00e7ift cinsiyetli bal\u0131k&#8230; Sene 2017 Ortado\u011fu\u2019daki istihbarat sava\u015flar\u0131 ve T\u00fcrkiye&#8230; Bir istihbarat operasyonu kurgusu alt\u0131nda b\u00f6lge ger\u00e7ekleri&#8230;   Art\u0131k istihbarat alg\u0131lar ve alg\u0131 operasyonlar\u0131 \u00fczerinden y\u00fcr\u00fcyor. Temel kural\u0131 unutma: Ger\u00e7e\u011fe giden yol hayalle ba\u015flar. Ya\u015fam mucizelerle doludur, yeter ki hayal et. <\/p>\n","protected":false},"excerpt":{"rendered":"<p>Kod ad\u0131 Orfoz Derin sularda ya\u015fayan \u00e7ift cinsiyetli bal\u0131k&#8230; Sene 2017 Ortado\u011fu\u2019daki istihbarat sava\u015flar\u0131 ve T\u00fcrkiye&#8230; Bir istihbarat operasyonu kurgusu alt\u0131nda b\u00f6lge ger\u00e7ekleri&#8230; Art\u0131k istihbarat alg\u0131lar<span class=\"excerpt-hellip\"> [\u2026]<\/span><\/p>\n","protected":false},"featured_media":0,"template":"","meta":{"_monsterinsights_skip_tracking":false,"_monsterinsights_sitenote_active":false,"_monsterinsights_sitenote_note":"","_monsterinsights_sitenote_category":0},"product_brand":[],"product_cat":[12337],"product_tag":[],"class_list":{"0":"post-711342","1":"product","2":"type-product","3":"status-publish","5":"product_cat-politika-siyaset","6":"pa_cilt-ciltsiz","7":"pa_tur-kitap","8":"pa_yayinevi-bencekitap","9":"pa_yazar-ercan-ersoy","11":"first","12":"instock","13":"sale","14":"shipping-taxable","15":"purchasable","16":"product-type-simple"},"_links":{"self":[{"href":"https:\/\/roveyayinevi.com.tr\/index.php\/wp-json\/wp\/v2\/product\/711342","targetHints":{"allow":["GET"]}}],"collection":[{"href":"https:\/\/roveyayinevi.com.tr\/index.php\/wp-json\/wp\/v2\/product"}],"about":[{"href":"https:\/\/roveyayinevi.com.tr\/index.php\/wp-json\/wp\/v2\/types\/product"}],"wp:attachment":[{"href":"https:\/\/roveyayinevi.com.tr\/index.php\/wp-json\/wp\/v2\/media?parent=711342"}],"wp:term":[{"taxonomy":"product_brand","embeddable":true,"href":"https:\/\/roveyayinevi.com.tr\/index.php\/wp-json\/wp\/v2\/product_brand?post=711342"},{"taxonomy":"product_cat","embeddable":true,"href":"https:\/\/roveyayinevi.com.tr\/index.php\/wp-json\/wp\/v2\/product_cat?post=711342"},{"taxonomy":"product_tag","embeddable":true,"href":"https:\/\/roveyayinevi.com.tr\/index.php\/wp-json\/wp\/v2\/product_tag?post=711342"}],"curies":[{"name":"wp","href":"https:\/\/api.w.org\/{rel}","templated":true}]}}