{"id":711334,"date":"2025-08-27T16:44:25","date_gmt":"2025-08-27T13:44:25","guid":{"rendered":"https:\/\/roveyayinevi.com.tr\/index.php\/urun\/buyuk-macera\/"},"modified":"2026-04-16T02:19:52","modified_gmt":"2026-04-15T23:19:52","slug":"buyuk-macera","status":"publish","type":"product","link":"https:\/\/roveyayinevi.com.tr\/index.php\/urun\/buyuk-macera\/","title":{"rendered":"B\u00fcy\u00fck Macera"},"content":{"rendered":"<p>Ay\u0131, Tilki ve Kanada geyi\u011fi ger\u00e7ekten B\u00dcY\u00dcK bir macera ya\u015famak istiyorlar. Planlar yap\u0131yorlar \u2013 Afrika\u2019ya m\u0131 gitsek, yoksa Kuzey Kutbu\u2019na m\u0131? Yoo, Ay\u2019a gidelim! Ama b\u00fcy\u00fck maceralar b\u00fcy\u00fck haz\u0131rl\u0131klar\u0131 gerektirir ve bazen \u00fcrk\u00fct\u00fcc\u00fc olabilirler. Neyse ki Tavuk var yanlar\u0131nda! Onun akl\u0131ndan daha farkl\u0131 bir macera t\u00fcr\u00fc ge\u00e7iyor. <\/p>\n","protected":false},"excerpt":{"rendered":"<p>Ay\u0131, Tilki ve Kanada geyi\u011fi ger\u00e7ekten B\u00dcY\u00dcK bir macera ya\u015famak istiyorlar. Planlar yap\u0131yorlar \u2013 Afrika\u2019ya m\u0131 gitsek, yoksa Kuzey Kutbu\u2019na m\u0131? Yoo, Ay\u2019a gidelim! Ama b\u00fcy\u00fck<span class=\"excerpt-hellip\"> [\u2026]<\/span><\/p>\n","protected":false},"featured_media":0,"template":"","meta":{"_monsterinsights_skip_tracking":false,"_monsterinsights_sitenote_active":false,"_monsterinsights_sitenote_note":"","_monsterinsights_sitenote_category":0},"product_brand":[],"product_cat":[12913,12274],"product_tag":[],"class_list":{"0":"post-711334","1":"product","2":"type-product","3":"status-publish","5":"product_cat-3-6-yas-kitaplari","6":"product_cat-cocuk-ve-genclik-kitaplari","7":"pa_cilt-ciltsiz","8":"pa_tur-kitap","9":"pa_yayinevi-is-bankasi-kultur-yayinlari","10":"pa_yazar-elina-ellis","12":"first","13":"instock","14":"sale","15":"shipping-taxable","16":"purchasable","17":"product-type-simple"},"_links":{"self":[{"href":"https:\/\/roveyayinevi.com.tr\/index.php\/wp-json\/wp\/v2\/product\/711334","targetHints":{"allow":["GET"]}}],"collection":[{"href":"https:\/\/roveyayinevi.com.tr\/index.php\/wp-json\/wp\/v2\/product"}],"about":[{"href":"https:\/\/roveyayinevi.com.tr\/index.php\/wp-json\/wp\/v2\/types\/product"}],"wp:attachment":[{"href":"https:\/\/roveyayinevi.com.tr\/index.php\/wp-json\/wp\/v2\/media?parent=711334"}],"wp:term":[{"taxonomy":"product_brand","embeddable":true,"href":"https:\/\/roveyayinevi.com.tr\/index.php\/wp-json\/wp\/v2\/product_brand?post=711334"},{"taxonomy":"product_cat","embeddable":true,"href":"https:\/\/roveyayinevi.com.tr\/index.php\/wp-json\/wp\/v2\/product_cat?post=711334"},{"taxonomy":"product_tag","embeddable":true,"href":"https:\/\/roveyayinevi.com.tr\/index.php\/wp-json\/wp\/v2\/product_tag?post=711334"}],"curies":[{"name":"wp","href":"https:\/\/api.w.org\/{rel}","templated":true}]}}