{"id":711333,"date":"2025-08-27T16:44:25","date_gmt":"2025-08-27T13:44:25","guid":{"rendered":"https:\/\/roveyayinevi.com.tr\/index.php\/urun\/zirkoyden-mermertepeye-kibrista-direnis-ve-mucahitlik-yillari-1-nisan-1955-1968-bahari\/"},"modified":"2026-03-26T18:01:13","modified_gmt":"2026-03-26T15:01:13","slug":"zirkoyden-mermertepeye-kibrista-direnis-ve-mucahitlik-yillari-1-nisan-1955-1968-bahari","status":"publish","type":"product","link":"https:\/\/roveyayinevi.com.tr\/index.php\/urun\/zirkoyden-mermertepeye-kibrista-direnis-ve-mucahitlik-yillari-1-nisan-1955-1968-bahari\/","title":{"rendered":"Zirk\u00f6y\u2019den Mermertepe\u2019ye K\u0131br\u0131s\u2019ta Direni\u015f ve M\u00fccahitlik Y\u0131llar\u0131 (1 Nisan 1955 \u2013 1968 Bahar\u0131)"},"content":{"rendered":"<p>K\u0131br\u0131s\u2019ta do\u011fup b\u00fcy\u00fcyen yazar ve siyaset adam\u0131 \u0130smail Bozkurt, an\u0131lar\u0131n\u0131n bu cildinde \u201cdireni\u015f ve m\u00fccahitlik y\u0131llar\u0131\u201d olarak nitelendirdi\u011fi 1955-1968 aras\u0131 d\u00f6nemi anlat\u0131yor. Bozkurt, 20 Temmuz 1974\u2019te ger\u00e7ekle\u015fecek Bar\u0131\u015f Harek\u00e2t\u0131\u2019na giden yolun ta\u015flar\u0131n\u0131 \u00f6nceden d\u00f6\u015feyen ve kendi ya\u015fam\u0131n\u0131 da \u015fekillendiren T\u00fcrk Mukavemet Te\u015fkilat\u0131\u2019n\u0131 (TMT) merkeze alarak bu d\u00f6nemde ya\u015fad\u0131klar\u0131n\u0131 ve g\u00f6zlemlerini canl\u0131 bir dille aktar\u0131yor. Birbirinden kopuk k\u00fc\u00e7\u00fck direni\u015f gruplar\u0131n\u0131 tek \u00e7at\u0131 alt\u0131nda toplamak amac\u0131yla kurulan TMT\u2019nin i\u00e7 ve d\u0131\u015f i\u015fleyi\u015fini, \u00f6rg\u00fctlenme yap\u0131s\u0131n\u0131 ve ada halk\u0131yla ili\u015fkisini an\u0131lar\u0131ndan yola \u00e7\u0131karak ayr\u0131nt\u0131l\u0131 \u015fekilde ele alan Bozkurt, gerekli noktalarda ele\u015ftiri mekanizmas\u0131n\u0131 da i\u015fletmekten \u00e7ekinmeyerek nesnel bir yakla\u015f\u0131m sergiliyor. D\u00f6neme ait ki\u015fisel notlar\u0131n ve belge niteli\u011finde listelerin de yer ald\u0131\u011f\u0131 bu kitab\u0131n ard\u0131ndan, \u0130smail Bozkurt\u2019un K\u0131br\u0131s k\u00fclt\u00fcr\u00fcne dair de\u011ferli birikimlerini payla\u015ft\u0131\u011f\u0131 \u00e7ocukluk ve ilkgen\u00e7lik an\u0131lar\u0131 da ayn\u0131 dizide okuyucuyla bulu\u015facak. <\/p>\n","protected":false},"excerpt":{"rendered":"<p>K\u0131br\u0131s\u2019ta do\u011fup b\u00fcy\u00fcyen yazar ve siyaset adam\u0131 \u0130smail Bozkurt, an\u0131lar\u0131n\u0131n bu cildinde \u201cdireni\u015f ve m\u00fccahitlik y\u0131llar\u0131\u201d olarak nitelendirdi\u011fi 1955-1968 aras\u0131 d\u00f6nemi anlat\u0131yor. Bozkurt, 20 Temmuz 1974\u2019te<span class=\"excerpt-hellip\"> [\u2026]<\/span><\/p>\n","protected":false},"featured_media":0,"template":"","meta":{"_monsterinsights_skip_tracking":false,"_monsterinsights_sitenote_active":false,"_monsterinsights_sitenote_note":"","_monsterinsights_sitenote_category":0},"product_brand":[],"product_cat":[12337],"product_tag":[],"class_list":{"0":"post-711333","1":"product","2":"type-product","3":"status-publish","5":"product_cat-politika-siyaset","6":"pa_cilt-ciltsiz","7":"pa_tur-kitap","8":"pa_yayinevi-is-bankasi-kultur-yayinlari","9":"pa_yazar-ismail-bozkurt","11":"first","12":"instock","13":"sale","14":"shipping-taxable","15":"purchasable","16":"product-type-simple"},"_links":{"self":[{"href":"https:\/\/roveyayinevi.com.tr\/index.php\/wp-json\/wp\/v2\/product\/711333","targetHints":{"allow":["GET"]}}],"collection":[{"href":"https:\/\/roveyayinevi.com.tr\/index.php\/wp-json\/wp\/v2\/product"}],"about":[{"href":"https:\/\/roveyayinevi.com.tr\/index.php\/wp-json\/wp\/v2\/types\/product"}],"wp:attachment":[{"href":"https:\/\/roveyayinevi.com.tr\/index.php\/wp-json\/wp\/v2\/media?parent=711333"}],"wp:term":[{"taxonomy":"product_brand","embeddable":true,"href":"https:\/\/roveyayinevi.com.tr\/index.php\/wp-json\/wp\/v2\/product_brand?post=711333"},{"taxonomy":"product_cat","embeddable":true,"href":"https:\/\/roveyayinevi.com.tr\/index.php\/wp-json\/wp\/v2\/product_cat?post=711333"},{"taxonomy":"product_tag","embeddable":true,"href":"https:\/\/roveyayinevi.com.tr\/index.php\/wp-json\/wp\/v2\/product_tag?post=711333"}],"curies":[{"name":"wp","href":"https:\/\/api.w.org\/{rel}","templated":true}]}}