{"id":711313,"date":"2025-08-27T16:44:14","date_gmt":"2025-08-27T13:44:14","guid":{"rendered":"https:\/\/roveyayinevi.com.tr\/index.php\/urun\/ben-tezer-ozlu-masalinda-kotu-kalpli-cadilar-olmayan\/"},"modified":"2026-04-13T02:25:01","modified_gmt":"2026-04-12T23:25:01","slug":"ben-tezer-ozlu-masalinda-kotu-kalpli-cadilar-olmayan","status":"publish","type":"product","link":"https:\/\/roveyayinevi.com.tr\/index.php\/urun\/ben-tezer-ozlu-masalinda-kotu-kalpli-cadilar-olmayan\/","title":{"rendered":"Ben Tezer \u00d6zl\u00fc Masal\u0131nda K\u00f6t\u00fc Kalpli Cad\u0131lar Olmayan"},"content":{"rendered":"<p>O s\u0131radan bir hayat\u0131 s\u0131ra d\u0131\u015f\u0131 ya\u015fam\u0131\u015f bir kad\u0131n&#8230; Ad\u0131 Tezer&#8230; Tezer \u00d6zl\u00fc&#8230; \u0130kinci dilde bir kitap yazarak Marburg Edebiyat \u00d6d\u00fcl\u00fc\u2019n\u00fc alan ilk T\u00fcrk yazar&#8230; O bir \u201cLirik Prenses\u201d olsa da hi\u00e7bir zaman bir masal prensesi kadar masum olmayan, masallarda ya\u015famayan, masal kovalamayan bir kad\u0131nd\u0131. Hik\u00e2yesinde k\u00f6t\u00fc kalpli cad\u0131lar yok belki ama insan\u0131n ruhunu yaralayan \u00e7\u0131r\u0131l\u00e7\u0131plak ger\u00e7ekler var&#8230; O, sadece kaleminin ucuna kadar gelenleri yazan, m\u00fcthi\u015f bir \u00fcslupla okuyucuyu i\u00e7ine alan bir yazar. \u0130nand\u0131\u011f\u0131 gibi ya\u015fayan, s\u0131n\u0131r tan\u0131mayan, i\u00e7indeki \u201cben\u201di ararken kendini kaz\u0131maktan \u00e7ekinmeyen biri&#8230; Yalans\u0131z bir d\u00fcnyan\u0131n \u00f6zlemini \u00e7eken, kendi devrimini yapabilen ve engel tan\u0131mayan bu g\u00fc\u00e7l\u00fc kad\u0131n\u0131n hayat\u0131n\u0131, Selda Terek\u2019in e\u015fsiz kurgusuyla bir roman tad\u0131nda okumaya haz\u0131r m\u0131s\u0131n\u0131z? \u0130\u015fte, \u201cLirik Prenses Tezer&#8230;\u201d <\/p>\n","protected":false},"excerpt":{"rendered":"<p>O s\u0131radan bir hayat\u0131 s\u0131ra d\u0131\u015f\u0131 ya\u015fam\u0131\u015f bir kad\u0131n&#8230; Ad\u0131 Tezer&#8230; Tezer \u00d6zl\u00fc&#8230; \u0130kinci dilde bir kitap yazarak Marburg Edebiyat \u00d6d\u00fcl\u00fc\u2019n\u00fc alan ilk T\u00fcrk yazar&#8230; O<span class=\"excerpt-hellip\"> [\u2026]<\/span><\/p>\n","protected":false},"featured_media":0,"template":"","meta":{"_monsterinsights_skip_tracking":false,"_monsterinsights_sitenote_active":false,"_monsterinsights_sitenote_note":"","_monsterinsights_sitenote_category":0},"product_brand":[],"product_cat":[14009,12291],"product_tag":[],"class_list":{"0":"post-711313","1":"product","2":"type-product","3":"status-publish","5":"product_cat-biyografi-otobiyografi-edebiyat","6":"product_cat-edebiyat","7":"pa_cilt-ciltsiz","8":"pa_tur-kitap","9":"pa_yayinevi-destek-yayinlari","10":"pa_yazar-selda-terek-bilecen","12":"first","13":"instock","14":"sale","15":"shipping-taxable","16":"purchasable","17":"product-type-simple"},"_links":{"self":[{"href":"https:\/\/roveyayinevi.com.tr\/index.php\/wp-json\/wp\/v2\/product\/711313","targetHints":{"allow":["GET"]}}],"collection":[{"href":"https:\/\/roveyayinevi.com.tr\/index.php\/wp-json\/wp\/v2\/product"}],"about":[{"href":"https:\/\/roveyayinevi.com.tr\/index.php\/wp-json\/wp\/v2\/types\/product"}],"wp:attachment":[{"href":"https:\/\/roveyayinevi.com.tr\/index.php\/wp-json\/wp\/v2\/media?parent=711313"}],"wp:term":[{"taxonomy":"product_brand","embeddable":true,"href":"https:\/\/roveyayinevi.com.tr\/index.php\/wp-json\/wp\/v2\/product_brand?post=711313"},{"taxonomy":"product_cat","embeddable":true,"href":"https:\/\/roveyayinevi.com.tr\/index.php\/wp-json\/wp\/v2\/product_cat?post=711313"},{"taxonomy":"product_tag","embeddable":true,"href":"https:\/\/roveyayinevi.com.tr\/index.php\/wp-json\/wp\/v2\/product_tag?post=711313"}],"curies":[{"name":"wp","href":"https:\/\/api.w.org\/{rel}","templated":true}]}}