{"id":711305,"date":"2025-08-27T16:44:10","date_gmt":"2025-08-27T13:44:10","guid":{"rendered":"https:\/\/roveyayinevi.com.tr\/index.php\/urun\/modern-avrupa-halklari-tarihi\/"},"modified":"2026-04-16T02:19:52","modified_gmt":"2026-04-15T23:19:52","slug":"modern-avrupa-halklari-tarihi","status":"publish","type":"product","link":"https:\/\/roveyayinevi.com.tr\/index.php\/urun\/modern-avrupa-halklari-tarihi\/","title":{"rendered":"Modern Avrupa Halklar\u0131 Tarihi"},"content":{"rendered":"<p>Halklar\u0131n G\u00f6z\u00fcnden Avrupa\u2019n\u0131n Son 600 Y\u0131l\u0131n\u0131n ve Devrimlerinin \u00d6yk\u00fcs\u00fc   Tarihi kim yapar? K\u00fct\u00fcphaneleri dolduran ciltlerce kitaba g\u00f6re reformu din adamlar\u0131, co\u011frafi ke\u015fifleri seyyahlar, end\u00fcstri devrimini d\u00e2hiler, sava\u015flar\u0131 komutanlar yapm\u0131\u015ft\u0131r; hak ve \u00f6zg\u00fcrl\u00fckler ayd\u0131nlar\u0131n, monar\u015filerin y\u0131k\u0131lmas\u0131 burjuvazinin, \u00fclkelerin refah\u0131 y\u00f6neticilerin ba\u015far\u0131s\u0131d\u0131r. William A. Pelz Modern Avrupa Halklar\u0131 Tarihi\u2019nde bu geleneksel anlat\u0131n\u0131n kar\u015f\u0131s\u0131nda durarak halklar\u0131n tarihin nesnesi de\u011fil \u00f6znesi oldu\u011funu savunuyor.   \u201cPeki ya halk? Halk bu geli\u015fmeleri nas\u0131l ele al\u0131yordu? Halk ne d\u00fc\u015f\u00fcn\u00fcyordu? Halk nas\u0131l hissediyordu?\u201d sorular\u0131na cevap ararken orta\u00e7a\u011fdan g\u00fcn\u00fcm\u00fcze Avrupa\u2019n\u0131n ya\u015fad\u0131\u011f\u0131 radikal d\u00f6n\u00fc\u015f\u00fcm\u00fc s\u0131n\u0131fsal \u00e7at\u0131\u015fmalar ekseninde ele al\u0131p \u00fcreten, s\u00f6m\u00fcr\u00fclen, isyan eden kad\u0131n ve erkeklerin hik\u00e2yesini anlat\u0131yor. Derebeylerinin \u201cilk g\u00fcn hakk\u0131\u201dna kar\u015f\u0131 \u00e7\u0131kan k\u00f6yl\u00fclerden d\u00fcnya sava\u015f\u0131 cephelerinde vatanperverli\u011fi reddeden askerlere uzanan bir direni\u015f hatt\u0131 \u00e7izen Pelz, halklar\u0131n pasif ve itaatk\u00e2r oldu\u011fu \u00f6nyarg\u0131s\u0131na kar\u015f\u0131 koyuyor. K\u00f6yl\u00fc ayaklanmalar\u0131n\u0131, fabrika i\u015fgallerini, genel grevleri, kad\u0131n hareketlerini tarihin motoru olarak kabul ederken Brecht\u2019le ayn\u0131 soruyu soruyor:   \u201cKim in\u015fa etti Tebai\u2019nin yedi kap\u0131s\u0131n\u0131? Kitaplar krallar\u0131n isimleriyle dolu. Krallar m\u0131 ta\u015f\u0131d\u0131 sanki Yontulmam\u0131\u015f dev kayalar\u0131?\u201d <\/p>\n","protected":false},"excerpt":{"rendered":"<p>Halklar\u0131n G\u00f6z\u00fcnden Avrupa\u2019n\u0131n Son 600 Y\u0131l\u0131n\u0131n ve Devrimlerinin \u00d6yk\u00fcs\u00fc Tarihi kim yapar? K\u00fct\u00fcphaneleri dolduran ciltlerce kitaba g\u00f6re reformu din adamlar\u0131, co\u011frafi ke\u015fifleri seyyahlar, end\u00fcstri devrimini d\u00e2hiler,<span class=\"excerpt-hellip\"> [\u2026]<\/span><\/p>\n","protected":false},"featured_media":0,"template":"","meta":{"_monsterinsights_skip_tracking":false,"_monsterinsights_sitenote_active":false,"_monsterinsights_sitenote_note":"","_monsterinsights_sitenote_category":0},"product_brand":[],"product_cat":[12305,12304],"product_tag":[],"class_list":{"0":"post-711305","1":"product","2":"type-product","3":"status-publish","5":"product_cat-dunya-tarihi","6":"product_cat-tarih","7":"pa_cilt-ciltsiz","8":"pa_tur-kitap","9":"pa_yayinevi-kolektif-kitap","10":"pa_yazar-william-a-pelz","12":"first","13":"instock","14":"sale","15":"shipping-taxable","16":"purchasable","17":"product-type-simple"},"_links":{"self":[{"href":"https:\/\/roveyayinevi.com.tr\/index.php\/wp-json\/wp\/v2\/product\/711305","targetHints":{"allow":["GET"]}}],"collection":[{"href":"https:\/\/roveyayinevi.com.tr\/index.php\/wp-json\/wp\/v2\/product"}],"about":[{"href":"https:\/\/roveyayinevi.com.tr\/index.php\/wp-json\/wp\/v2\/types\/product"}],"wp:attachment":[{"href":"https:\/\/roveyayinevi.com.tr\/index.php\/wp-json\/wp\/v2\/media?parent=711305"}],"wp:term":[{"taxonomy":"product_brand","embeddable":true,"href":"https:\/\/roveyayinevi.com.tr\/index.php\/wp-json\/wp\/v2\/product_brand?post=711305"},{"taxonomy":"product_cat","embeddable":true,"href":"https:\/\/roveyayinevi.com.tr\/index.php\/wp-json\/wp\/v2\/product_cat?post=711305"},{"taxonomy":"product_tag","embeddable":true,"href":"https:\/\/roveyayinevi.com.tr\/index.php\/wp-json\/wp\/v2\/product_tag?post=711305"}],"curies":[{"name":"wp","href":"https:\/\/api.w.org\/{rel}","templated":true}]}}